{"id":12756,"date":"2022-11-14T16:27:42","date_gmt":"2022-11-14T15:27:42","guid":{"rendered":"https:\/\/projects.atxeit.ch\/sveb\/?post_type=event&#038;p=12756"},"modified":"2024-01-26T11:56:17","modified_gmt":"2024-01-26T10:56:17","slug":"gestaltung-der-weiterbildung-nach-der-corona-krise","status":"publish","type":"event","link":"https:\/\/alice.ch\/de\/event\/gestaltung-der-weiterbildung-nach-der-corona-krise\/","title":{"rendered":"Gestaltung der Weiterbildung nach der Corona-Krise"},"content":{"rendered":"\n<p>W\u00e4hrend der Corona-Krise haben viele Weiterbildungsinstitutionen ihre Angebote ver\u00e4ndert und teilweise neu positioniert. Wie tiefgreifend diese Ver\u00e4nderungen sind und wie sich die Nachfrage entwickeln wird, ist noch kaum absch\u00e4tzbar. Ziel der Tagung ist es, gemeinsam zukunftsgerichtete Strategien der Programm- und Angebotsentwicklung sowie der Profilierung mit und nach Corona zu er\u00f6rtern.<\/p>\n\n\n\n<p>Weitere Informationen finden sich auf der <a href=\"https:\/\/phzh.ch\/\">Website der PHZH<\/a>.<\/p>\n\n\n\n<p><strong><a href=\"https:\/\/alice.ch\/app\/uploads\/2022\/12\/2022-flyer-gestaltung-der-weiterbildung.pdf\">Tagungsprogramm<\/a><\/strong><\/p>\n","protected":false},"excerpt":{"rendered":"<p>W\u00e4hrend der Corona-Krise haben viele Weiterbildungsinstitutionen ihre Angebote ver\u00e4ndert und teilweise neu positioniert. Wie tiefgreifend diese Ver\u00e4nderungen sind und wie [&hellip;]<\/p>\n","protected":false},"author":11,"featured_media":20107,"template":"","meta":{"_acf_changed":false,"inline_featured_image":false,"footnotes":""},"event-category":[24],"event-tag":[],"event-status":[200],"event-language":[202],"global-category":[47],"class_list":["post-12756","event","type-event","status-publish","has-post-thumbnail","hentry","event-category-sveb-kooperation-events","event-status-archiv","event-language-deutsch","global-category-forschung"],"acf":[],"yoast_head":"<!-- This site is optimized with the Yoast SEO plugin v27.3 - https:\/\/yoast.com\/product\/yoast-seo-wordpress\/ -->\n<title>Gestaltung der Weiterbildung nach der Corona-Krise - SVEB<\/title>\n<meta name=\"robots\" content=\"index, follow, max-snippet:-1, max-image-preview:large, max-video-preview:-1\" \/>\n<link rel=\"canonical\" href=\"https:\/\/alice.ch\/de\/event\/gestaltung-der-weiterbildung-nach-der-corona-krise\/\" \/>\n<meta property=\"og:locale\" content=\"de_DE\" \/>\n<meta property=\"og:type\" content=\"article\" \/>\n<meta property=\"og:title\" content=\"Gestaltung der Weiterbildung nach der Corona-Krise - SVEB\" \/>\n<meta property=\"og:description\" content=\"W\u00e4hrend der Corona-Krise haben viele Weiterbildungsinstitutionen ihre Angebote ver\u00e4ndert und teilweise neu positioniert. Wie tiefgreifend diese Ver\u00e4nderungen sind und wie [&hellip;]\" \/>\n<meta property=\"og:url\" content=\"https:\/\/alice.ch\/de\/event\/gestaltung-der-weiterbildung-nach-der-corona-krise\/\" \/>\n<meta property=\"og:site_name\" content=\"SVEB\" \/>\n<meta property=\"article:modified_time\" content=\"2024-01-26T10:56:17+00:00\" \/>\n<meta property=\"og:image\" content=\"https:\/\/alice.ch\/app\/uploads\/2022\/11\/agenda-weiterbildung-nach-corona-jpg.jpeg\" \/>\n\t<meta property=\"og:image:width\" content=\"370\" \/>\n\t<meta property=\"og:image:height\" content=\"185\" \/>\n\t<meta property=\"og:image:type\" content=\"image\/jpeg\" \/>\n<meta name=\"twitter:card\" content=\"summary_large_image\" \/>\n<script type=\"application\/ld+json\" class=\"yoast-schema-graph\">{\"@context\":\"https:\\\/\\\/schema.org\",\"@graph\":[{\"@type\":\"WebPage\",\"@id\":\"https:\\\/\\\/alice.ch\\\/de\\\/event\\\/gestaltung-der-weiterbildung-nach-der-corona-krise\\\/\",\"url\":\"https:\\\/\\\/alice.ch\\\/de\\\/event\\\/gestaltung-der-weiterbildung-nach-der-corona-krise\\\/\",\"name\":\"Gestaltung der Weiterbildung nach der Corona-Krise - SVEB\",\"isPartOf\":{\"@id\":\"https:\\\/\\\/alice.ch\\\/de\\\/#website\"},\"primaryImageOfPage\":{\"@id\":\"https:\\\/\\\/alice.ch\\\/de\\\/event\\\/gestaltung-der-weiterbildung-nach-der-corona-krise\\\/#primaryimage\"},\"image\":{\"@id\":\"https:\\\/\\\/alice.ch\\\/de\\\/event\\\/gestaltung-der-weiterbildung-nach-der-corona-krise\\\/#primaryimage\"},\"thumbnailUrl\":\"https:\\\/\\\/alice.ch\\\/app\\\/uploads\\\/2022\\\/11\\\/agenda-weiterbildung-nach-corona-jpg.jpeg\",\"datePublished\":\"2022-11-14T15:27:42+00:00\",\"dateModified\":\"2024-01-26T10:56:17+00:00\",\"breadcrumb\":{\"@id\":\"https:\\\/\\\/alice.ch\\\/de\\\/event\\\/gestaltung-der-weiterbildung-nach-der-corona-krise\\\/#breadcrumb\"},\"inLanguage\":\"de\",\"potentialAction\":[{\"@type\":\"ReadAction\",\"target\":[\"https:\\\/\\\/alice.ch\\\/de\\\/event\\\/gestaltung-der-weiterbildung-nach-der-corona-krise\\\/\"]}]},{\"@type\":\"ImageObject\",\"inLanguage\":\"de\",\"@id\":\"https:\\\/\\\/alice.ch\\\/de\\\/event\\\/gestaltung-der-weiterbildung-nach-der-corona-krise\\\/#primaryimage\",\"url\":\"https:\\\/\\\/alice.ch\\\/app\\\/uploads\\\/2022\\\/11\\\/agenda-weiterbildung-nach-corona-jpg.jpeg\",\"contentUrl\":\"https:\\\/\\\/alice.ch\\\/app\\\/uploads\\\/2022\\\/11\\\/agenda-weiterbildung-nach-corona-jpg.jpeg\",\"width\":370,\"height\":185},{\"@type\":\"BreadcrumbList\",\"@id\":\"https:\\\/\\\/alice.ch\\\/de\\\/event\\\/gestaltung-der-weiterbildung-nach-der-corona-krise\\\/#breadcrumb\",\"itemListElement\":[{\"@type\":\"ListItem\",\"position\":1,\"name\":\"Startseite\",\"item\":\"https:\\\/\\\/alice.ch\\\/de\\\/\"},{\"@type\":\"ListItem\",\"position\":2,\"name\":\"Events\",\"item\":\"https:\\\/\\\/alice.ch\\\/de\\\/event\\\/\"},{\"@type\":\"ListItem\",\"position\":3,\"name\":\"Gestaltung der Weiterbildung nach der Corona-Krise\"}]},{\"@type\":\"WebSite\",\"@id\":\"https:\\\/\\\/alice.ch\\\/de\\\/#website\",\"url\":\"https:\\\/\\\/alice.ch\\\/de\\\/\",\"name\":\"alice.ch (Adult Learning Information Center) ist das Portal der Weiterbildung in der Schweiz.\",\"description\":\"Schweizerischer Verband f\u00fcr Weiterbildung\",\"publisher\":{\"@id\":\"https:\\\/\\\/alice.ch\\\/de\\\/#organization\"},\"potentialAction\":[{\"@type\":\"SearchAction\",\"target\":{\"@type\":\"EntryPoint\",\"urlTemplate\":\"https:\\\/\\\/alice.ch\\\/de\\\/?s={search_term_string}\"},\"query-input\":{\"@type\":\"PropertyValueSpecification\",\"valueRequired\":true,\"valueName\":\"search_term_string\"}}],\"inLanguage\":\"de\"},{\"@type\":\"Organization\",\"@id\":\"https:\\\/\\\/alice.ch\\\/de\\\/#organization\",\"name\":\"SVEB Schweizerischer Verband f\u00fcr Weiterbildung\",\"url\":\"https:\\\/\\\/alice.ch\\\/de\\\/\",\"logo\":{\"@type\":\"ImageObject\",\"inLanguage\":\"de\",\"@id\":\"https:\\\/\\\/alice.ch\\\/de\\\/#\\\/schema\\\/logo\\\/image\\\/\",\"url\":\"https:\\\/\\\/alice.ch\\\/app\\\/uploads\\\/2022\\\/07\\\/logo-sveb.png\",\"contentUrl\":\"https:\\\/\\\/alice.ch\\\/app\\\/uploads\\\/2022\\\/07\\\/logo-sveb.png\",\"width\":145,\"height\":64,\"caption\":\"SVEB Schweizerischer Verband f\u00fcr Weiterbildung\"},\"image\":{\"@id\":\"https:\\\/\\\/alice.ch\\\/de\\\/#\\\/schema\\\/logo\\\/image\\\/\"},\"sameAs\":[\"https:\\\/\\\/www.linkedin.com\\\/company\\\/schweizerischer-verband-fr-weiterbildung-sveb\\\/\"]}]}<\/script>\n<!-- \/ Yoast SEO plugin. -->","yoast_head_json":{"title":"Gestaltung der Weiterbildung nach der Corona-Krise - SVEB","robots":{"index":"index","follow":"follow","max-snippet":"max-snippet:-1","max-image-preview":"max-image-preview:large","max-video-preview":"max-video-preview:-1"},"canonical":"https:\/\/alice.ch\/de\/event\/gestaltung-der-weiterbildung-nach-der-corona-krise\/","og_locale":"de_DE","og_type":"article","og_title":"Gestaltung der Weiterbildung nach der Corona-Krise - SVEB","og_description":"W\u00e4hrend der Corona-Krise haben viele Weiterbildungsinstitutionen ihre Angebote ver\u00e4ndert und teilweise neu positioniert. Wie tiefgreifend diese Ver\u00e4nderungen sind und wie [&hellip;]","og_url":"https:\/\/alice.ch\/de\/event\/gestaltung-der-weiterbildung-nach-der-corona-krise\/","og_site_name":"SVEB","article_modified_time":"2024-01-26T10:56:17+00:00","og_image":[{"width":370,"height":185,"url":"https:\/\/alice.ch\/app\/uploads\/2022\/11\/agenda-weiterbildung-nach-corona-jpg.jpeg","type":"image\/jpeg"}],"twitter_card":"summary_large_image","schema":{"@context":"https:\/\/schema.org","@graph":[{"@type":"WebPage","@id":"https:\/\/alice.ch\/de\/event\/gestaltung-der-weiterbildung-nach-der-corona-krise\/","url":"https:\/\/alice.ch\/de\/event\/gestaltung-der-weiterbildung-nach-der-corona-krise\/","name":"Gestaltung der Weiterbildung nach der Corona-Krise - SVEB","isPartOf":{"@id":"https:\/\/alice.ch\/de\/#website"},"primaryImageOfPage":{"@id":"https:\/\/alice.ch\/de\/event\/gestaltung-der-weiterbildung-nach-der-corona-krise\/#primaryimage"},"image":{"@id":"https:\/\/alice.ch\/de\/event\/gestaltung-der-weiterbildung-nach-der-corona-krise\/#primaryimage"},"thumbnailUrl":"https:\/\/alice.ch\/app\/uploads\/2022\/11\/agenda-weiterbildung-nach-corona-jpg.jpeg","datePublished":"2022-11-14T15:27:42+00:00","dateModified":"2024-01-26T10:56:17+00:00","breadcrumb":{"@id":"https:\/\/alice.ch\/de\/event\/gestaltung-der-weiterbildung-nach-der-corona-krise\/#breadcrumb"},"inLanguage":"de","potentialAction":[{"@type":"ReadAction","target":["https:\/\/alice.ch\/de\/event\/gestaltung-der-weiterbildung-nach-der-corona-krise\/"]}]},{"@type":"ImageObject","inLanguage":"de","@id":"https:\/\/alice.ch\/de\/event\/gestaltung-der-weiterbildung-nach-der-corona-krise\/#primaryimage","url":"https:\/\/alice.ch\/app\/uploads\/2022\/11\/agenda-weiterbildung-nach-corona-jpg.jpeg","contentUrl":"https:\/\/alice.ch\/app\/uploads\/2022\/11\/agenda-weiterbildung-nach-corona-jpg.jpeg","width":370,"height":185},{"@type":"BreadcrumbList","@id":"https:\/\/alice.ch\/de\/event\/gestaltung-der-weiterbildung-nach-der-corona-krise\/#breadcrumb","itemListElement":[{"@type":"ListItem","position":1,"name":"Startseite","item":"https:\/\/alice.ch\/de\/"},{"@type":"ListItem","position":2,"name":"Events","item":"https:\/\/alice.ch\/de\/event\/"},{"@type":"ListItem","position":3,"name":"Gestaltung der Weiterbildung nach der Corona-Krise"}]},{"@type":"WebSite","@id":"https:\/\/alice.ch\/de\/#website","url":"https:\/\/alice.ch\/de\/","name":"alice.ch (Adult Learning Information Center) ist das Portal der Weiterbildung in der Schweiz.","description":"Schweizerischer Verband f\u00fcr Weiterbildung","publisher":{"@id":"https:\/\/alice.ch\/de\/#organization"},"potentialAction":[{"@type":"SearchAction","target":{"@type":"EntryPoint","urlTemplate":"https:\/\/alice.ch\/de\/?s={search_term_string}"},"query-input":{"@type":"PropertyValueSpecification","valueRequired":true,"valueName":"search_term_string"}}],"inLanguage":"de"},{"@type":"Organization","@id":"https:\/\/alice.ch\/de\/#organization","name":"SVEB Schweizerischer Verband f\u00fcr Weiterbildung","url":"https:\/\/alice.ch\/de\/","logo":{"@type":"ImageObject","inLanguage":"de","@id":"https:\/\/alice.ch\/de\/#\/schema\/logo\/image\/","url":"https:\/\/alice.ch\/app\/uploads\/2022\/07\/logo-sveb.png","contentUrl":"https:\/\/alice.ch\/app\/uploads\/2022\/07\/logo-sveb.png","width":145,"height":64,"caption":"SVEB Schweizerischer Verband f\u00fcr Weiterbildung"},"image":{"@id":"https:\/\/alice.ch\/de\/#\/schema\/logo\/image\/"},"sameAs":["https:\/\/www.linkedin.com\/company\/schweizerischer-verband-fr-weiterbildung-sveb\/"]}]}},"_links":{"self":[{"href":"https:\/\/alice.ch\/de\/wp-json\/wp\/v2\/event\/12756","targetHints":{"allow":["GET"]}}],"collection":[{"href":"https:\/\/alice.ch\/de\/wp-json\/wp\/v2\/event"}],"about":[{"href":"https:\/\/alice.ch\/de\/wp-json\/wp\/v2\/types\/event"}],"author":[{"embeddable":true,"href":"https:\/\/alice.ch\/de\/wp-json\/wp\/v2\/users\/11"}],"version-history":[{"count":8,"href":"https:\/\/alice.ch\/de\/wp-json\/wp\/v2\/event\/12756\/revisions"}],"predecessor-version":[{"id":57396,"href":"https:\/\/alice.ch\/de\/wp-json\/wp\/v2\/event\/12756\/revisions\/57396"}],"wp:featuredmedia":[{"embeddable":true,"href":"https:\/\/alice.ch\/de\/wp-json\/wp\/v2\/media\/20107"}],"wp:attachment":[{"href":"https:\/\/alice.ch\/de\/wp-json\/wp\/v2\/media?parent=12756"}],"wp:term":[{"taxonomy":"event-category","embeddable":true,"href":"https:\/\/alice.ch\/de\/wp-json\/wp\/v2\/event-category?post=12756"},{"taxonomy":"event-tag","embeddable":true,"href":"https:\/\/alice.ch\/de\/wp-json\/wp\/v2\/event-tag?post=12756"},{"taxonomy":"event-status","embeddable":true,"href":"https:\/\/alice.ch\/de\/wp-json\/wp\/v2\/event-status?post=12756"},{"taxonomy":"event-language","embeddable":true,"href":"https:\/\/alice.ch\/de\/wp-json\/wp\/v2\/event-language?post=12756"},{"taxonomy":"global-category","embeddable":true,"href":"https:\/\/alice.ch\/de\/wp-json\/wp\/v2\/global-category?post=12756"}],"curies":[{"name":"wp","href":"https:\/\/api.w.org\/{rel}","templated":true}]}}

<p>Während der Corona-Krise haben viele Weiterbildungsinstitutionen ihre Angebote verändert und teilweise neu positioniert. Wie tiefgreifend diese Veränderungen sind und wie sich die Nachfrage entwickeln wird, ist noch kaum abschätzbar. Ziel der Tagung ist es, gemeinsam zukunftsgerichtete Strategien der Programm- und Angebotsentwicklung sowie der Profilierung mit und nach Corona zu erörtern.</p>



<p>Weitere Informationen finden sich auf der <a href="https://phzh.ch/">Website der PHZH</a>.</p>



<p><strong><a href="https://alice.ch/app/uploads/2022/12/2022-flyer-gestaltung-der-weiterbildung.pdf">Tagungsprogramm</a></strong></p>

<p>Während der Corona-Krise haben viele Weiterbildungsinstitutionen ihre Angebote verändert und teilweise neu positioniert. Wie tiefgreifend diese Veränderungen sind und wie [&hellip;]</p>

<!-- This site is optimized with the Yoast SEO plugin v27.3 - https://yoast.com/product/yoast-seo-wordpress/ -->
<title>Gestaltung der Weiterbildung nach der Corona-Krise - SVEB</title>
<meta name="robots" content="index, follow, max-snippet:-1, max-image-preview:large, max-video-preview:-1" />
<link rel="canonical" href="https://alice.ch/de/event/gestaltung-der-weiterbildung-nach-der-corona-krise/" />
<meta property="og:locale" content="de_DE" />
<meta property="og:type" content="article" />
<meta property="og:title" content="Gestaltung der Weiterbildung nach der Corona-Krise - SVEB" />
<meta property="og:description" content="Während der Corona-Krise haben viele Weiterbildungsinstitutionen ihre Angebote verändert und teilweise neu positioniert. Wie tiefgreifend diese Veränderungen sind und wie [&hellip;]" />
<meta property="og:url" content="https://alice.ch/de/event/gestaltung-der-weiterbildung-nach-der-corona-krise/" />
<meta property="og:site_name" content="SVEB" />
<meta property="article:modified_time" content="2024-01-26T10:56:17+00:00" />
<meta property="og:image" content="https://alice.ch/app/uploads/2022/11/agenda-weiterbildung-nach-corona-jpg.jpeg" />
	<meta property="og:image:width" content="370" />
	<meta property="og:image:height" content="185" />
	<meta property="og:image:type" content="image/jpeg" />
<meta name="twitter:card" content="summary_large_image" />
<script type="application/ld+json" class="yoast-schema-graph">{"@context":"https:\/\/schema.org","@graph":[{"@type":"WebPage","@id":"https:\/\/alice.ch\/de\/event\/gestaltung-der-weiterbildung-nach-der-corona-krise\/","url":"https:\/\/alice.ch\/de\/event\/gestaltung-der-weiterbildung-nach-der-corona-krise\/","name":"Gestaltung der Weiterbildung nach der Corona-Krise - SVEB","isPartOf":{"@id":"https:\/\/alice.ch\/de\/#website"},"primaryImageOfPage":{"@id":"https:\/\/alice.ch\/de\/event\/gestaltung-der-weiterbildung-nach-der-corona-krise\/#primaryimage"},"image":{"@id":"https:\/\/alice.ch\/de\/event\/gestaltung-der-weiterbildung-nach-der-corona-krise\/#primaryimage"},"thumbnailUrl":"https:\/\/alice.ch\/app\/uploads\/2022\/11\/agenda-weiterbildung-nach-corona-jpg.jpeg","datePublished":"2022-11-14T15:27:42+00:00","dateModified":"2024-01-26T10:56:17+00:00","breadcrumb":{"@id":"https:\/\/alice.ch\/de\/event\/gestaltung-der-weiterbildung-nach-der-corona-krise\/#breadcrumb"},"inLanguage":"de","potentialAction":[{"@type":"ReadAction","target":["https:\/\/alice.ch\/de\/event\/gestaltung-der-weiterbildung-nach-der-corona-krise\/"]}]},{"@type":"ImageObject","inLanguage":"de","@id":"https:\/\/alice.ch\/de\/event\/gestaltung-der-weiterbildung-nach-der-corona-krise\/#primaryimage","url":"https:\/\/alice.ch\/app\/uploads\/2022\/11\/agenda-weiterbildung-nach-corona-jpg.jpeg","contentUrl":"https:\/\/alice.ch\/app\/uploads\/2022\/11\/agenda-weiterbildung-nach-corona-jpg.jpeg","width":370,"height":185},{"@type":"BreadcrumbList","@id":"https:\/\/alice.ch\/de\/event\/gestaltung-der-weiterbildung-nach-der-corona-krise\/#breadcrumb","itemListElement":[{"@type":"ListItem","position":1,"name":"Startseite","item":"https:\/\/alice.ch\/de\/"},{"@type":"ListItem","position":2,"name":"Events","item":"https:\/\/alice.ch\/de\/event\/"},{"@type":"ListItem","position":3,"name":"Gestaltung der Weiterbildung nach der Corona-Krise"}]},{"@type":"WebSite","@id":"https:\/\/alice.ch\/de\/#website","url":"https:\/\/alice.ch\/de\/","name":"alice.ch (Adult Learning Information Center) ist das Portal der Weiterbildung in der Schweiz.","description":"Schweizerischer Verband für Weiterbildung","publisher":{"@id":"https:\/\/alice.ch\/de\/#organization"},"potentialAction":[{"@type":"SearchAction","target":{"@type":"EntryPoint","urlTemplate":"https:\/\/alice.ch\/de\/?s={search_term_string}"},"query-input":{"@type":"PropertyValueSpecification","valueRequired":true,"valueName":"search_term_string"}}],"inLanguage":"de"},{"@type":"Organization","@id":"https:\/\/alice.ch\/de\/#organization","name":"SVEB Schweizerischer Verband für Weiterbildung","url":"https:\/\/alice.ch\/de\/","logo":{"@type":"ImageObject","inLanguage":"de","@id":"https:\/\/alice.ch\/de\/#\/schema\/logo\/image\/","url":"https:\/\/alice.ch\/app\/uploads\/2022\/07\/logo-sveb.png","contentUrl":"https:\/\/alice.ch\/app\/uploads\/2022\/07\/logo-sveb.png","width":145,"height":64,"caption":"SVEB Schweizerischer Verband für Weiterbildung"},"image":{"@id":"https:\/\/alice.ch\/de\/#\/schema\/logo\/image\/"},"sameAs":["https:\/\/www.linkedin.com\/company\/schweizerischer-verband-fr-weiterbildung-sveb\/"]}]}</script>
<!-- / Yoast SEO plugin. -->

Während der Corona-Krise haben viele Weiterbildungsinstitutionen ihre Angebote verändert und teilweise neu positioniert. Wie tiefgreifend diese Veränderungen sind und wie [&hellip;]

Schweizerischer Verband für Weiterbildung

SVEB Schweizerischer Verband für Weiterbildung
