{"id":13714,"date":"2022-11-16T16:46:07","date_gmt":"2022-11-16T15:46:07","guid":{"rendered":"https:\/\/projects.atxeit.ch\/sveb\/?post_type=event&#038;p=13714"},"modified":"2023-07-06T15:17:42","modified_gmt":"2023-07-06T13:17:42","slug":"webinar-wie-hat-sich-die-weiterbildung-waehrend-der-corona-pandemie-entwickelt","status":"publish","type":"event","link":"https:\/\/alice.ch\/de\/event\/webinar-wie-hat-sich-die-weiterbildung-waehrend-der-corona-pandemie-entwickelt\/","title":{"rendered":"Wie hat sich die Weiterbildung w\u00e4hrend der Corona-Pandemie entwickelt?"},"content":{"rendered":"\n<p>An dieser Veranstaltung stellt der SVEB die ersten Resultate der Anbieterumfrage 2021 vor. Hierzu geh\u00f6rt die Einsch\u00e4tzung der wirtschaftlichen Situation der Weiterbildungsanbieter, die Entwicklung des Angebotes und aktuelle Trends in der Weiterbildung.<\/p>\n\n\n\n<p>Die Partizipation von und die Diskussion mit Fachpersonen der Weiterbildung ist im zweiten Teil von zentraler Bedeutung. Teilnehmende haben nach der Pr\u00e4sentation der Ergebnisse die M\u00f6glichkeit ihre Erfahrungen auszutauschen und l\u00e4ngerfristige Perspektiven zu diskutieren.<\/p>\n\n\n\n<p>Dieses Webinar richtet sich an Fachpersonen der Weiterbildung und weitere Interessierte. Die Teilnahme ist kostenlos und der Anlass findet im virtuellen Raum (Zoom) statt.<\/p>\n","protected":false},"excerpt":{"rendered":"<p>An dieser Veranstaltung stellt der SVEB die ersten Resultate der Anbieterumfrage 2021 vor. Hierzu geh\u00f6rt die Einsch\u00e4tzung der wirtschaftlichen Situation [&hellip;]<\/p>\n","protected":false},"author":11,"featured_media":19847,"template":"","meta":{"_acf_changed":false,"inline_featured_image":false,"footnotes":""},"event-category":[24],"event-tag":[],"event-status":[200],"event-language":[202],"global-category":[47],"class_list":["post-13714","event","type-event","status-publish","has-post-thumbnail","hentry","event-category-sveb-kooperation-events","event-status-archiv","event-language-deutsch","global-category-forschung"],"acf":[],"yoast_head":"<!-- This site is optimized with the Yoast SEO plugin v27.3 - https:\/\/yoast.com\/product\/yoast-seo-wordpress\/ -->\n<title>Wie hat sich die Weiterbildung w\u00e4hrend der Corona-Pandemie entwickelt? - SVEB<\/title>\n<meta name=\"robots\" content=\"index, follow, max-snippet:-1, max-image-preview:large, max-video-preview:-1\" \/>\n<link rel=\"canonical\" href=\"https:\/\/alice.ch\/de\/event\/webinar-wie-hat-sich-die-weiterbildung-waehrend-der-corona-pandemie-entwickelt\/\" \/>\n<meta property=\"og:locale\" content=\"de_DE\" \/>\n<meta property=\"og:type\" content=\"article\" \/>\n<meta property=\"og:title\" content=\"Wie hat sich die Weiterbildung w\u00e4hrend der Corona-Pandemie entwickelt? - SVEB\" \/>\n<meta property=\"og:description\" content=\"An dieser Veranstaltung stellt der SVEB die ersten Resultate der Anbieterumfrage 2021 vor. Hierzu geh\u00f6rt die Einsch\u00e4tzung der wirtschaftlichen Situation [&hellip;]\" \/>\n<meta property=\"og:url\" content=\"https:\/\/alice.ch\/de\/event\/webinar-wie-hat-sich-die-weiterbildung-waehrend-der-corona-pandemie-entwickelt\/\" \/>\n<meta property=\"og:site_name\" content=\"SVEB\" \/>\n<meta property=\"article:modified_time\" content=\"2023-07-06T13:17:42+00:00\" \/>\n<meta property=\"og:image\" content=\"https:\/\/alice.ch\/app\/uploads\/2022\/11\/agenda-weiterbildung-pandemie.jpg\" \/>\n\t<meta property=\"og:image:width\" content=\"370\" \/>\n\t<meta property=\"og:image:height\" content=\"185\" \/>\n\t<meta property=\"og:image:type\" content=\"image\/jpeg\" \/>\n<meta name=\"twitter:card\" content=\"summary_large_image\" \/>\n<script type=\"application\/ld+json\" class=\"yoast-schema-graph\">{\"@context\":\"https:\\\/\\\/schema.org\",\"@graph\":[{\"@type\":\"WebPage\",\"@id\":\"https:\\\/\\\/alice.ch\\\/de\\\/event\\\/webinar-wie-hat-sich-die-weiterbildung-waehrend-der-corona-pandemie-entwickelt\\\/\",\"url\":\"https:\\\/\\\/alice.ch\\\/de\\\/event\\\/webinar-wie-hat-sich-die-weiterbildung-waehrend-der-corona-pandemie-entwickelt\\\/\",\"name\":\"Wie hat sich die Weiterbildung w\u00e4hrend der Corona-Pandemie entwickelt? - SVEB\",\"isPartOf\":{\"@id\":\"https:\\\/\\\/alice.ch\\\/de\\\/#website\"},\"primaryImageOfPage\":{\"@id\":\"https:\\\/\\\/alice.ch\\\/de\\\/event\\\/webinar-wie-hat-sich-die-weiterbildung-waehrend-der-corona-pandemie-entwickelt\\\/#primaryimage\"},\"image\":{\"@id\":\"https:\\\/\\\/alice.ch\\\/de\\\/event\\\/webinar-wie-hat-sich-die-weiterbildung-waehrend-der-corona-pandemie-entwickelt\\\/#primaryimage\"},\"thumbnailUrl\":\"https:\\\/\\\/alice.ch\\\/app\\\/uploads\\\/2022\\\/11\\\/agenda-weiterbildung-pandemie.jpg\",\"datePublished\":\"2022-11-16T15:46:07+00:00\",\"dateModified\":\"2023-07-06T13:17:42+00:00\",\"breadcrumb\":{\"@id\":\"https:\\\/\\\/alice.ch\\\/de\\\/event\\\/webinar-wie-hat-sich-die-weiterbildung-waehrend-der-corona-pandemie-entwickelt\\\/#breadcrumb\"},\"inLanguage\":\"de\",\"potentialAction\":[{\"@type\":\"ReadAction\",\"target\":[\"https:\\\/\\\/alice.ch\\\/de\\\/event\\\/webinar-wie-hat-sich-die-weiterbildung-waehrend-der-corona-pandemie-entwickelt\\\/\"]}]},{\"@type\":\"ImageObject\",\"inLanguage\":\"de\",\"@id\":\"https:\\\/\\\/alice.ch\\\/de\\\/event\\\/webinar-wie-hat-sich-die-weiterbildung-waehrend-der-corona-pandemie-entwickelt\\\/#primaryimage\",\"url\":\"https:\\\/\\\/alice.ch\\\/app\\\/uploads\\\/2022\\\/11\\\/agenda-weiterbildung-pandemie.jpg\",\"contentUrl\":\"https:\\\/\\\/alice.ch\\\/app\\\/uploads\\\/2022\\\/11\\\/agenda-weiterbildung-pandemie.jpg\",\"width\":370,\"height\":185},{\"@type\":\"BreadcrumbList\",\"@id\":\"https:\\\/\\\/alice.ch\\\/de\\\/event\\\/webinar-wie-hat-sich-die-weiterbildung-waehrend-der-corona-pandemie-entwickelt\\\/#breadcrumb\",\"itemListElement\":[{\"@type\":\"ListItem\",\"position\":1,\"name\":\"Startseite\",\"item\":\"https:\\\/\\\/alice.ch\\\/de\\\/\"},{\"@type\":\"ListItem\",\"position\":2,\"name\":\"Events\",\"item\":\"https:\\\/\\\/alice.ch\\\/de\\\/event\\\/\"},{\"@type\":\"ListItem\",\"position\":3,\"name\":\"Wie hat sich die Weiterbildung w\u00e4hrend der Corona-Pandemie entwickelt?\"}]},{\"@type\":\"WebSite\",\"@id\":\"https:\\\/\\\/alice.ch\\\/de\\\/#website\",\"url\":\"https:\\\/\\\/alice.ch\\\/de\\\/\",\"name\":\"alice.ch (Adult Learning Information Center) ist das Portal der Weiterbildung in der Schweiz.\",\"description\":\"Schweizerischer Verband f\u00fcr Weiterbildung\",\"publisher\":{\"@id\":\"https:\\\/\\\/alice.ch\\\/de\\\/#organization\"},\"potentialAction\":[{\"@type\":\"SearchAction\",\"target\":{\"@type\":\"EntryPoint\",\"urlTemplate\":\"https:\\\/\\\/alice.ch\\\/de\\\/?s={search_term_string}\"},\"query-input\":{\"@type\":\"PropertyValueSpecification\",\"valueRequired\":true,\"valueName\":\"search_term_string\"}}],\"inLanguage\":\"de\"},{\"@type\":\"Organization\",\"@id\":\"https:\\\/\\\/alice.ch\\\/de\\\/#organization\",\"name\":\"SVEB Schweizerischer Verband f\u00fcr Weiterbildung\",\"url\":\"https:\\\/\\\/alice.ch\\\/de\\\/\",\"logo\":{\"@type\":\"ImageObject\",\"inLanguage\":\"de\",\"@id\":\"https:\\\/\\\/alice.ch\\\/de\\\/#\\\/schema\\\/logo\\\/image\\\/\",\"url\":\"https:\\\/\\\/alice.ch\\\/app\\\/uploads\\\/2022\\\/07\\\/logo-sveb.png\",\"contentUrl\":\"https:\\\/\\\/alice.ch\\\/app\\\/uploads\\\/2022\\\/07\\\/logo-sveb.png\",\"width\":145,\"height\":64,\"caption\":\"SVEB Schweizerischer Verband f\u00fcr Weiterbildung\"},\"image\":{\"@id\":\"https:\\\/\\\/alice.ch\\\/de\\\/#\\\/schema\\\/logo\\\/image\\\/\"},\"sameAs\":[\"https:\\\/\\\/www.linkedin.com\\\/company\\\/schweizerischer-verband-fr-weiterbildung-sveb\\\/\"]}]}<\/script>\n<!-- \/ Yoast SEO plugin. -->","yoast_head_json":{"title":"Wie hat sich die Weiterbildung w\u00e4hrend der Corona-Pandemie entwickelt? - SVEB","robots":{"index":"index","follow":"follow","max-snippet":"max-snippet:-1","max-image-preview":"max-image-preview:large","max-video-preview":"max-video-preview:-1"},"canonical":"https:\/\/alice.ch\/de\/event\/webinar-wie-hat-sich-die-weiterbildung-waehrend-der-corona-pandemie-entwickelt\/","og_locale":"de_DE","og_type":"article","og_title":"Wie hat sich die Weiterbildung w\u00e4hrend der Corona-Pandemie entwickelt? - SVEB","og_description":"An dieser Veranstaltung stellt der SVEB die ersten Resultate der Anbieterumfrage 2021 vor. Hierzu geh\u00f6rt die Einsch\u00e4tzung der wirtschaftlichen Situation [&hellip;]","og_url":"https:\/\/alice.ch\/de\/event\/webinar-wie-hat-sich-die-weiterbildung-waehrend-der-corona-pandemie-entwickelt\/","og_site_name":"SVEB","article_modified_time":"2023-07-06T13:17:42+00:00","og_image":[{"width":370,"height":185,"url":"https:\/\/alice.ch\/app\/uploads\/2022\/11\/agenda-weiterbildung-pandemie.jpg","type":"image\/jpeg"}],"twitter_card":"summary_large_image","schema":{"@context":"https:\/\/schema.org","@graph":[{"@type":"WebPage","@id":"https:\/\/alice.ch\/de\/event\/webinar-wie-hat-sich-die-weiterbildung-waehrend-der-corona-pandemie-entwickelt\/","url":"https:\/\/alice.ch\/de\/event\/webinar-wie-hat-sich-die-weiterbildung-waehrend-der-corona-pandemie-entwickelt\/","name":"Wie hat sich die Weiterbildung w\u00e4hrend der Corona-Pandemie entwickelt? - SVEB","isPartOf":{"@id":"https:\/\/alice.ch\/de\/#website"},"primaryImageOfPage":{"@id":"https:\/\/alice.ch\/de\/event\/webinar-wie-hat-sich-die-weiterbildung-waehrend-der-corona-pandemie-entwickelt\/#primaryimage"},"image":{"@id":"https:\/\/alice.ch\/de\/event\/webinar-wie-hat-sich-die-weiterbildung-waehrend-der-corona-pandemie-entwickelt\/#primaryimage"},"thumbnailUrl":"https:\/\/alice.ch\/app\/uploads\/2022\/11\/agenda-weiterbildung-pandemie.jpg","datePublished":"2022-11-16T15:46:07+00:00","dateModified":"2023-07-06T13:17:42+00:00","breadcrumb":{"@id":"https:\/\/alice.ch\/de\/event\/webinar-wie-hat-sich-die-weiterbildung-waehrend-der-corona-pandemie-entwickelt\/#breadcrumb"},"inLanguage":"de","potentialAction":[{"@type":"ReadAction","target":["https:\/\/alice.ch\/de\/event\/webinar-wie-hat-sich-die-weiterbildung-waehrend-der-corona-pandemie-entwickelt\/"]}]},{"@type":"ImageObject","inLanguage":"de","@id":"https:\/\/alice.ch\/de\/event\/webinar-wie-hat-sich-die-weiterbildung-waehrend-der-corona-pandemie-entwickelt\/#primaryimage","url":"https:\/\/alice.ch\/app\/uploads\/2022\/11\/agenda-weiterbildung-pandemie.jpg","contentUrl":"https:\/\/alice.ch\/app\/uploads\/2022\/11\/agenda-weiterbildung-pandemie.jpg","width":370,"height":185},{"@type":"BreadcrumbList","@id":"https:\/\/alice.ch\/de\/event\/webinar-wie-hat-sich-die-weiterbildung-waehrend-der-corona-pandemie-entwickelt\/#breadcrumb","itemListElement":[{"@type":"ListItem","position":1,"name":"Startseite","item":"https:\/\/alice.ch\/de\/"},{"@type":"ListItem","position":2,"name":"Events","item":"https:\/\/alice.ch\/de\/event\/"},{"@type":"ListItem","position":3,"name":"Wie hat sich die Weiterbildung w\u00e4hrend der Corona-Pandemie entwickelt?"}]},{"@type":"WebSite","@id":"https:\/\/alice.ch\/de\/#website","url":"https:\/\/alice.ch\/de\/","name":"alice.ch (Adult Learning Information Center) ist das Portal der Weiterbildung in der Schweiz.","description":"Schweizerischer Verband f\u00fcr Weiterbildung","publisher":{"@id":"https:\/\/alice.ch\/de\/#organization"},"potentialAction":[{"@type":"SearchAction","target":{"@type":"EntryPoint","urlTemplate":"https:\/\/alice.ch\/de\/?s={search_term_string}"},"query-input":{"@type":"PropertyValueSpecification","valueRequired":true,"valueName":"search_term_string"}}],"inLanguage":"de"},{"@type":"Organization","@id":"https:\/\/alice.ch\/de\/#organization","name":"SVEB Schweizerischer Verband f\u00fcr Weiterbildung","url":"https:\/\/alice.ch\/de\/","logo":{"@type":"ImageObject","inLanguage":"de","@id":"https:\/\/alice.ch\/de\/#\/schema\/logo\/image\/","url":"https:\/\/alice.ch\/app\/uploads\/2022\/07\/logo-sveb.png","contentUrl":"https:\/\/alice.ch\/app\/uploads\/2022\/07\/logo-sveb.png","width":145,"height":64,"caption":"SVEB Schweizerischer Verband f\u00fcr Weiterbildung"},"image":{"@id":"https:\/\/alice.ch\/de\/#\/schema\/logo\/image\/"},"sameAs":["https:\/\/www.linkedin.com\/company\/schweizerischer-verband-fr-weiterbildung-sveb\/"]}]}},"_links":{"self":[{"href":"https:\/\/alice.ch\/de\/wp-json\/wp\/v2\/event\/13714","targetHints":{"allow":["GET"]}}],"collection":[{"href":"https:\/\/alice.ch\/de\/wp-json\/wp\/v2\/event"}],"about":[{"href":"https:\/\/alice.ch\/de\/wp-json\/wp\/v2\/types\/event"}],"author":[{"embeddable":true,"href":"https:\/\/alice.ch\/de\/wp-json\/wp\/v2\/users\/11"}],"version-history":[{"count":5,"href":"https:\/\/alice.ch\/de\/wp-json\/wp\/v2\/event\/13714\/revisions"}],"predecessor-version":[{"id":52333,"href":"https:\/\/alice.ch\/de\/wp-json\/wp\/v2\/event\/13714\/revisions\/52333"}],"wp:featuredmedia":[{"embeddable":true,"href":"https:\/\/alice.ch\/de\/wp-json\/wp\/v2\/media\/19847"}],"wp:attachment":[{"href":"https:\/\/alice.ch\/de\/wp-json\/wp\/v2\/media?parent=13714"}],"wp:term":[{"taxonomy":"event-category","embeddable":true,"href":"https:\/\/alice.ch\/de\/wp-json\/wp\/v2\/event-category?post=13714"},{"taxonomy":"event-tag","embeddable":true,"href":"https:\/\/alice.ch\/de\/wp-json\/wp\/v2\/event-tag?post=13714"},{"taxonomy":"event-status","embeddable":true,"href":"https:\/\/alice.ch\/de\/wp-json\/wp\/v2\/event-status?post=13714"},{"taxonomy":"event-language","embeddable":true,"href":"https:\/\/alice.ch\/de\/wp-json\/wp\/v2\/event-language?post=13714"},{"taxonomy":"global-category","embeddable":true,"href":"https:\/\/alice.ch\/de\/wp-json\/wp\/v2\/global-category?post=13714"}],"curies":[{"name":"wp","href":"https:\/\/api.w.org\/{rel}","templated":true}]}}

Wie hat sich die Weiterbildung während der Corona-Pandemie entwickelt?

<p>An dieser Veranstaltung stellt der SVEB die ersten Resultate der Anbieterumfrage 2021 vor. Hierzu gehört die Einschätzung der wirtschaftlichen Situation der Weiterbildungsanbieter, die Entwicklung des Angebotes und aktuelle Trends in der Weiterbildung.</p>



<p>Die Partizipation von und die Diskussion mit Fachpersonen der Weiterbildung ist im zweiten Teil von zentraler Bedeutung. Teilnehmende haben nach der Präsentation der Ergebnisse die Möglichkeit ihre Erfahrungen auszutauschen und längerfristige Perspektiven zu diskutieren.</p>



<p>Dieses Webinar richtet sich an Fachpersonen der Weiterbildung und weitere Interessierte. Die Teilnahme ist kostenlos und der Anlass findet im virtuellen Raum (Zoom) statt.</p>

<p>An dieser Veranstaltung stellt der SVEB die ersten Resultate der Anbieterumfrage 2021 vor. Hierzu gehört die Einschätzung der wirtschaftlichen Situation [&hellip;]</p>

<!-- This site is optimized with the Yoast SEO plugin v27.3 - https://yoast.com/product/yoast-seo-wordpress/ -->
<title>Wie hat sich die Weiterbildung während der Corona-Pandemie entwickelt? - SVEB</title>
<meta name="robots" content="index, follow, max-snippet:-1, max-image-preview:large, max-video-preview:-1" />
<link rel="canonical" href="https://alice.ch/de/event/webinar-wie-hat-sich-die-weiterbildung-waehrend-der-corona-pandemie-entwickelt/" />
<meta property="og:locale" content="de_DE" />
<meta property="og:type" content="article" />
<meta property="og:title" content="Wie hat sich die Weiterbildung während der Corona-Pandemie entwickelt? - SVEB" />
<meta property="og:description" content="An dieser Veranstaltung stellt der SVEB die ersten Resultate der Anbieterumfrage 2021 vor. Hierzu gehört die Einschätzung der wirtschaftlichen Situation [&hellip;]" />
<meta property="og:url" content="https://alice.ch/de/event/webinar-wie-hat-sich-die-weiterbildung-waehrend-der-corona-pandemie-entwickelt/" />
<meta property="og:site_name" content="SVEB" />
<meta property="article:modified_time" content="2023-07-06T13:17:42+00:00" />
<meta property="og:image" content="https://alice.ch/app/uploads/2022/11/agenda-weiterbildung-pandemie.jpg" />
	<meta property="og:image:width" content="370" />
	<meta property="og:image:height" content="185" />
	<meta property="og:image:type" content="image/jpeg" />
<meta name="twitter:card" content="summary_large_image" />
<script type="application/ld+json" class="yoast-schema-graph">{"@context":"https:\/\/schema.org","@graph":[{"@type":"WebPage","@id":"https:\/\/alice.ch\/de\/event\/webinar-wie-hat-sich-die-weiterbildung-waehrend-der-corona-pandemie-entwickelt\/","url":"https:\/\/alice.ch\/de\/event\/webinar-wie-hat-sich-die-weiterbildung-waehrend-der-corona-pandemie-entwickelt\/","name":"Wie hat sich die Weiterbildung während der Corona-Pandemie entwickelt? - SVEB","isPartOf":{"@id":"https:\/\/alice.ch\/de\/#website"},"primaryImageOfPage":{"@id":"https:\/\/alice.ch\/de\/event\/webinar-wie-hat-sich-die-weiterbildung-waehrend-der-corona-pandemie-entwickelt\/#primaryimage"},"image":{"@id":"https:\/\/alice.ch\/de\/event\/webinar-wie-hat-sich-die-weiterbildung-waehrend-der-corona-pandemie-entwickelt\/#primaryimage"},"thumbnailUrl":"https:\/\/alice.ch\/app\/uploads\/2022\/11\/agenda-weiterbildung-pandemie.jpg","datePublished":"2022-11-16T15:46:07+00:00","dateModified":"2023-07-06T13:17:42+00:00","breadcrumb":{"@id":"https:\/\/alice.ch\/de\/event\/webinar-wie-hat-sich-die-weiterbildung-waehrend-der-corona-pandemie-entwickelt\/#breadcrumb"},"inLanguage":"de","potentialAction":[{"@type":"ReadAction","target":["https:\/\/alice.ch\/de\/event\/webinar-wie-hat-sich-die-weiterbildung-waehrend-der-corona-pandemie-entwickelt\/"]}]},{"@type":"ImageObject","inLanguage":"de","@id":"https:\/\/alice.ch\/de\/event\/webinar-wie-hat-sich-die-weiterbildung-waehrend-der-corona-pandemie-entwickelt\/#primaryimage","url":"https:\/\/alice.ch\/app\/uploads\/2022\/11\/agenda-weiterbildung-pandemie.jpg","contentUrl":"https:\/\/alice.ch\/app\/uploads\/2022\/11\/agenda-weiterbildung-pandemie.jpg","width":370,"height":185},{"@type":"BreadcrumbList","@id":"https:\/\/alice.ch\/de\/event\/webinar-wie-hat-sich-die-weiterbildung-waehrend-der-corona-pandemie-entwickelt\/#breadcrumb","itemListElement":[{"@type":"ListItem","position":1,"name":"Startseite","item":"https:\/\/alice.ch\/de\/"},{"@type":"ListItem","position":2,"name":"Events","item":"https:\/\/alice.ch\/de\/event\/"},{"@type":"ListItem","position":3,"name":"Wie hat sich die Weiterbildung während der Corona-Pandemie entwickelt?"}]},{"@type":"WebSite","@id":"https:\/\/alice.ch\/de\/#website","url":"https:\/\/alice.ch\/de\/","name":"alice.ch (Adult Learning Information Center) ist das Portal der Weiterbildung in der Schweiz.","description":"Schweizerischer Verband für Weiterbildung","publisher":{"@id":"https:\/\/alice.ch\/de\/#organization"},"potentialAction":[{"@type":"SearchAction","target":{"@type":"EntryPoint","urlTemplate":"https:\/\/alice.ch\/de\/?s={search_term_string}"},"query-input":{"@type":"PropertyValueSpecification","valueRequired":true,"valueName":"search_term_string"}}],"inLanguage":"de"},{"@type":"Organization","@id":"https:\/\/alice.ch\/de\/#organization","name":"SVEB Schweizerischer Verband für Weiterbildung","url":"https:\/\/alice.ch\/de\/","logo":{"@type":"ImageObject","inLanguage":"de","@id":"https:\/\/alice.ch\/de\/#\/schema\/logo\/image\/","url":"https:\/\/alice.ch\/app\/uploads\/2022\/07\/logo-sveb.png","contentUrl":"https:\/\/alice.ch\/app\/uploads\/2022\/07\/logo-sveb.png","width":145,"height":64,"caption":"SVEB Schweizerischer Verband für Weiterbildung"},"image":{"@id":"https:\/\/alice.ch\/de\/#\/schema\/logo\/image\/"},"sameAs":["https:\/\/www.linkedin.com\/company\/schweizerischer-verband-fr-weiterbildung-sveb\/"]}]}</script>
<!-- / Yoast SEO plugin. -->

Wie hat sich die Weiterbildung während der Corona-Pandemie entwickelt? - SVEB

An dieser Veranstaltung stellt der SVEB die ersten Resultate der Anbieterumfrage 2021 vor. Hierzu gehört die Einschätzung der wirtschaftlichen Situation [&hellip;]

Schweizerischer Verband für Weiterbildung

SVEB Schweizerischer Verband für Weiterbildung
