{"id":13746,"date":"2022-11-16T17:32:29","date_gmt":"2022-11-16T16:32:29","guid":{"rendered":"https:\/\/projects.atxeit.ch\/sveb\/?post_type=event&#038;p=13746"},"modified":"2023-07-06T15:19:15","modified_gmt":"2023-07-06T13:19:15","slug":"jubilaeum-70-jahre-sveb","status":"publish","type":"event","link":"https:\/\/alice.ch\/de\/event\/jubilaeum-70-jahre-sveb\/","title":{"rendered":"Jubil\u00e4um: 70 Jahre SVEB"},"content":{"rendered":"\n<p>Trotz Corona-Beschr\u00e4nkungen m\u00f6chten wir dem 70-j\u00e4hrigen Bestehen des SVEB geb\u00fchrend Beachtung schenken. In einem Online-Event erwartet Sie ein spannender R\u00fcckblick auf die Entwicklung des SVEB und ein Ausblick in die Zukunft der Weiterbildung.<\/p>\n\n\n\n<h3 class=\"wp-block-heading\"><strong>Programm<\/strong><\/h3>\n\n\n\n<p>15:30<br><strong>Begr\u00fcssung der Jubil\u00e4umsg\u00e4ste auf Zoom<br><\/strong>Simon Franzen, Vorstandsmitglied SVEB<\/p>\n\n\n\n<p>15:35<br><strong>Input \u00abDie n\u00e4chsten 20 Jahre: Wir haben nie ausgelernt! Die kommenden Megatrends und die Herausforderungen an die Weiterbildung\u00bb<br><\/strong>Georges T. Roos (Zukunftsforscher)<\/p>\n\n\n\n<p>16:05<br><strong>Podiumsdiskussion: Meilensteine der Entwicklung des SVEB und Blick in die Zukunft<\/strong><\/p>\n\n\n\n<p>Unsere G\u00e4ste:<\/p>\n\n\n\n<ul class=\"wp-block-list\">\n<li>Matthias Aebischer, Pr\u00e4sident seit 2016<\/li>\n\n\n\n<li>Rudolf Strahm, Pr\u00e4sident von 2008\u20132016<\/li>\n\n\n\n<li>Jean-Pierre Br\u00fcgger, Vorstandsmitglied 2006\u20132015<\/li>\n\n\n\n<li>Anita Calonder Gerster, Pr\u00e4sidentin von 1996\u20132000<\/li>\n<\/ul>\n\n\n\n<p>Moderation: Claudia Z\u00fcrcher, Vize-Pr\u00e4sidentin SVEB<\/p>\n\n\n\n<p>16:45<br><strong>K\u00fcnstlerischer Schlusspunkt<br><\/strong>Martina H\u00fcgi (Slam-Poetin)<\/p>\n\n\n\n<p>17:00<br>Ende<\/p>\n\n\n\n<p>Der Anlass ist kostenlos. Alle Interessierten sind herzlich eingeladen. Melden Sie sich bitte mit dem unten stehenden Formular an.<\/p>\n\n\n\n<h3 class=\"wp-block-heading\"><a href=\"https:\/\/alice.ch\/app\/uploads\/2022\/12\/2021-70-jahre-sveb.pdf\">Programm<\/a><\/h3>\n","protected":false},"excerpt":{"rendered":"<p>Trotz Corona-Beschr\u00e4nkungen m\u00f6chten wir dem 70-j\u00e4hrigen Bestehen des SVEB geb\u00fchrend Beachtung schenken. In einem Online-Event erwartet Sie ein spannender R\u00fcckblick [&hellip;]<\/p>\n","protected":false},"author":11,"featured_media":19779,"template":"","meta":{"_acf_changed":false,"inline_featured_image":false,"footnotes":""},"event-category":[24],"event-tag":[],"event-status":[200],"event-language":[202,203],"global-category":[44],"class_list":["post-13746","event","type-event","status-publish","has-post-thumbnail","hentry","event-category-sveb-kooperation-events","event-status-archiv","event-language-deutsch","event-language-franzoesisch","global-category-sveb"],"acf":[],"yoast_head":"<!-- This site is optimized with the Yoast SEO plugin v27.3 - https:\/\/yoast.com\/product\/yoast-seo-wordpress\/ -->\n<title>Jubil\u00e4um: 70 Jahre SVEB - SVEB<\/title>\n<meta name=\"robots\" content=\"index, follow, max-snippet:-1, max-image-preview:large, max-video-preview:-1\" \/>\n<link rel=\"canonical\" href=\"https:\/\/alice.ch\/de\/event\/jubilaeum-70-jahre-sveb\/\" \/>\n<meta property=\"og:locale\" content=\"de_DE\" \/>\n<meta property=\"og:type\" content=\"article\" \/>\n<meta property=\"og:title\" content=\"Jubil\u00e4um: 70 Jahre SVEB - SVEB\" \/>\n<meta property=\"og:description\" content=\"Trotz Corona-Beschr\u00e4nkungen m\u00f6chten wir dem 70-j\u00e4hrigen Bestehen des SVEB geb\u00fchrend Beachtung schenken. In einem Online-Event erwartet Sie ein spannender R\u00fcckblick [&hellip;]\" \/>\n<meta property=\"og:url\" content=\"https:\/\/alice.ch\/de\/event\/jubilaeum-70-jahre-sveb\/\" \/>\n<meta property=\"og:site_name\" content=\"SVEB\" \/>\n<meta property=\"article:modified_time\" content=\"2023-07-06T13:19:15+00:00\" \/>\n<meta property=\"og:image\" content=\"https:\/\/alice.ch\/app\/uploads\/2022\/11\/agenda-70-jahre-sveb.jpg\" \/>\n\t<meta property=\"og:image:width\" content=\"771\" \/>\n\t<meta property=\"og:image:height\" content=\"385\" \/>\n\t<meta property=\"og:image:type\" content=\"image\/jpeg\" \/>\n<meta name=\"twitter:card\" content=\"summary_large_image\" \/>\n<script type=\"application\/ld+json\" class=\"yoast-schema-graph\">{\"@context\":\"https:\\\/\\\/schema.org\",\"@graph\":[{\"@type\":\"WebPage\",\"@id\":\"https:\\\/\\\/alice.ch\\\/de\\\/event\\\/jubilaeum-70-jahre-sveb\\\/\",\"url\":\"https:\\\/\\\/alice.ch\\\/de\\\/event\\\/jubilaeum-70-jahre-sveb\\\/\",\"name\":\"Jubil\u00e4um: 70 Jahre SVEB - SVEB\",\"isPartOf\":{\"@id\":\"https:\\\/\\\/alice.ch\\\/de\\\/#website\"},\"primaryImageOfPage\":{\"@id\":\"https:\\\/\\\/alice.ch\\\/de\\\/event\\\/jubilaeum-70-jahre-sveb\\\/#primaryimage\"},\"image\":{\"@id\":\"https:\\\/\\\/alice.ch\\\/de\\\/event\\\/jubilaeum-70-jahre-sveb\\\/#primaryimage\"},\"thumbnailUrl\":\"https:\\\/\\\/alice.ch\\\/app\\\/uploads\\\/2022\\\/11\\\/agenda-70-jahre-sveb.jpg\",\"datePublished\":\"2022-11-16T16:32:29+00:00\",\"dateModified\":\"2023-07-06T13:19:15+00:00\",\"breadcrumb\":{\"@id\":\"https:\\\/\\\/alice.ch\\\/de\\\/event\\\/jubilaeum-70-jahre-sveb\\\/#breadcrumb\"},\"inLanguage\":\"de\",\"potentialAction\":[{\"@type\":\"ReadAction\",\"target\":[\"https:\\\/\\\/alice.ch\\\/de\\\/event\\\/jubilaeum-70-jahre-sveb\\\/\"]}]},{\"@type\":\"ImageObject\",\"inLanguage\":\"de\",\"@id\":\"https:\\\/\\\/alice.ch\\\/de\\\/event\\\/jubilaeum-70-jahre-sveb\\\/#primaryimage\",\"url\":\"https:\\\/\\\/alice.ch\\\/app\\\/uploads\\\/2022\\\/11\\\/agenda-70-jahre-sveb.jpg\",\"contentUrl\":\"https:\\\/\\\/alice.ch\\\/app\\\/uploads\\\/2022\\\/11\\\/agenda-70-jahre-sveb.jpg\",\"width\":771,\"height\":385},{\"@type\":\"BreadcrumbList\",\"@id\":\"https:\\\/\\\/alice.ch\\\/de\\\/event\\\/jubilaeum-70-jahre-sveb\\\/#breadcrumb\",\"itemListElement\":[{\"@type\":\"ListItem\",\"position\":1,\"name\":\"Startseite\",\"item\":\"https:\\\/\\\/alice.ch\\\/de\\\/\"},{\"@type\":\"ListItem\",\"position\":2,\"name\":\"Events\",\"item\":\"https:\\\/\\\/alice.ch\\\/de\\\/event\\\/\"},{\"@type\":\"ListItem\",\"position\":3,\"name\":\"Jubil\u00e4um: 70 Jahre SVEB\"}]},{\"@type\":\"WebSite\",\"@id\":\"https:\\\/\\\/alice.ch\\\/de\\\/#website\",\"url\":\"https:\\\/\\\/alice.ch\\\/de\\\/\",\"name\":\"alice.ch (Adult Learning Information Center) ist das Portal der Weiterbildung in der Schweiz.\",\"description\":\"Schweizerischer Verband f\u00fcr Weiterbildung\",\"publisher\":{\"@id\":\"https:\\\/\\\/alice.ch\\\/de\\\/#organization\"},\"potentialAction\":[{\"@type\":\"SearchAction\",\"target\":{\"@type\":\"EntryPoint\",\"urlTemplate\":\"https:\\\/\\\/alice.ch\\\/de\\\/?s={search_term_string}\"},\"query-input\":{\"@type\":\"PropertyValueSpecification\",\"valueRequired\":true,\"valueName\":\"search_term_string\"}}],\"inLanguage\":\"de\"},{\"@type\":\"Organization\",\"@id\":\"https:\\\/\\\/alice.ch\\\/de\\\/#organization\",\"name\":\"SVEB Schweizerischer Verband f\u00fcr Weiterbildung\",\"url\":\"https:\\\/\\\/alice.ch\\\/de\\\/\",\"logo\":{\"@type\":\"ImageObject\",\"inLanguage\":\"de\",\"@id\":\"https:\\\/\\\/alice.ch\\\/de\\\/#\\\/schema\\\/logo\\\/image\\\/\",\"url\":\"https:\\\/\\\/alice.ch\\\/app\\\/uploads\\\/2022\\\/07\\\/logo-sveb.png\",\"contentUrl\":\"https:\\\/\\\/alice.ch\\\/app\\\/uploads\\\/2022\\\/07\\\/logo-sveb.png\",\"width\":145,\"height\":64,\"caption\":\"SVEB Schweizerischer Verband f\u00fcr Weiterbildung\"},\"image\":{\"@id\":\"https:\\\/\\\/alice.ch\\\/de\\\/#\\\/schema\\\/logo\\\/image\\\/\"},\"sameAs\":[\"https:\\\/\\\/www.linkedin.com\\\/company\\\/schweizerischer-verband-fr-weiterbildung-sveb\\\/\"]}]}<\/script>\n<!-- \/ Yoast SEO plugin. -->","yoast_head_json":{"title":"Jubil\u00e4um: 70 Jahre SVEB - SVEB","robots":{"index":"index","follow":"follow","max-snippet":"max-snippet:-1","max-image-preview":"max-image-preview:large","max-video-preview":"max-video-preview:-1"},"canonical":"https:\/\/alice.ch\/de\/event\/jubilaeum-70-jahre-sveb\/","og_locale":"de_DE","og_type":"article","og_title":"Jubil\u00e4um: 70 Jahre SVEB - SVEB","og_description":"Trotz Corona-Beschr\u00e4nkungen m\u00f6chten wir dem 70-j\u00e4hrigen Bestehen des SVEB geb\u00fchrend Beachtung schenken. In einem Online-Event erwartet Sie ein spannender R\u00fcckblick [&hellip;]","og_url":"https:\/\/alice.ch\/de\/event\/jubilaeum-70-jahre-sveb\/","og_site_name":"SVEB","article_modified_time":"2023-07-06T13:19:15+00:00","og_image":[{"width":771,"height":385,"url":"https:\/\/alice.ch\/app\/uploads\/2022\/11\/agenda-70-jahre-sveb.jpg","type":"image\/jpeg"}],"twitter_card":"summary_large_image","schema":{"@context":"https:\/\/schema.org","@graph":[{"@type":"WebPage","@id":"https:\/\/alice.ch\/de\/event\/jubilaeum-70-jahre-sveb\/","url":"https:\/\/alice.ch\/de\/event\/jubilaeum-70-jahre-sveb\/","name":"Jubil\u00e4um: 70 Jahre SVEB - SVEB","isPartOf":{"@id":"https:\/\/alice.ch\/de\/#website"},"primaryImageOfPage":{"@id":"https:\/\/alice.ch\/de\/event\/jubilaeum-70-jahre-sveb\/#primaryimage"},"image":{"@id":"https:\/\/alice.ch\/de\/event\/jubilaeum-70-jahre-sveb\/#primaryimage"},"thumbnailUrl":"https:\/\/alice.ch\/app\/uploads\/2022\/11\/agenda-70-jahre-sveb.jpg","datePublished":"2022-11-16T16:32:29+00:00","dateModified":"2023-07-06T13:19:15+00:00","breadcrumb":{"@id":"https:\/\/alice.ch\/de\/event\/jubilaeum-70-jahre-sveb\/#breadcrumb"},"inLanguage":"de","potentialAction":[{"@type":"ReadAction","target":["https:\/\/alice.ch\/de\/event\/jubilaeum-70-jahre-sveb\/"]}]},{"@type":"ImageObject","inLanguage":"de","@id":"https:\/\/alice.ch\/de\/event\/jubilaeum-70-jahre-sveb\/#primaryimage","url":"https:\/\/alice.ch\/app\/uploads\/2022\/11\/agenda-70-jahre-sveb.jpg","contentUrl":"https:\/\/alice.ch\/app\/uploads\/2022\/11\/agenda-70-jahre-sveb.jpg","width":771,"height":385},{"@type":"BreadcrumbList","@id":"https:\/\/alice.ch\/de\/event\/jubilaeum-70-jahre-sveb\/#breadcrumb","itemListElement":[{"@type":"ListItem","position":1,"name":"Startseite","item":"https:\/\/alice.ch\/de\/"},{"@type":"ListItem","position":2,"name":"Events","item":"https:\/\/alice.ch\/de\/event\/"},{"@type":"ListItem","position":3,"name":"Jubil\u00e4um: 70 Jahre SVEB"}]},{"@type":"WebSite","@id":"https:\/\/alice.ch\/de\/#website","url":"https:\/\/alice.ch\/de\/","name":"alice.ch (Adult Learning Information Center) ist das Portal der Weiterbildung in der Schweiz.","description":"Schweizerischer Verband f\u00fcr Weiterbildung","publisher":{"@id":"https:\/\/alice.ch\/de\/#organization"},"potentialAction":[{"@type":"SearchAction","target":{"@type":"EntryPoint","urlTemplate":"https:\/\/alice.ch\/de\/?s={search_term_string}"},"query-input":{"@type":"PropertyValueSpecification","valueRequired":true,"valueName":"search_term_string"}}],"inLanguage":"de"},{"@type":"Organization","@id":"https:\/\/alice.ch\/de\/#organization","name":"SVEB Schweizerischer Verband f\u00fcr Weiterbildung","url":"https:\/\/alice.ch\/de\/","logo":{"@type":"ImageObject","inLanguage":"de","@id":"https:\/\/alice.ch\/de\/#\/schema\/logo\/image\/","url":"https:\/\/alice.ch\/app\/uploads\/2022\/07\/logo-sveb.png","contentUrl":"https:\/\/alice.ch\/app\/uploads\/2022\/07\/logo-sveb.png","width":145,"height":64,"caption":"SVEB Schweizerischer Verband f\u00fcr Weiterbildung"},"image":{"@id":"https:\/\/alice.ch\/de\/#\/schema\/logo\/image\/"},"sameAs":["https:\/\/www.linkedin.com\/company\/schweizerischer-verband-fr-weiterbildung-sveb\/"]}]}},"_links":{"self":[{"href":"https:\/\/alice.ch\/de\/wp-json\/wp\/v2\/event\/13746","targetHints":{"allow":["GET"]}}],"collection":[{"href":"https:\/\/alice.ch\/de\/wp-json\/wp\/v2\/event"}],"about":[{"href":"https:\/\/alice.ch\/de\/wp-json\/wp\/v2\/types\/event"}],"author":[{"embeddable":true,"href":"https:\/\/alice.ch\/de\/wp-json\/wp\/v2\/users\/11"}],"version-history":[{"count":6,"href":"https:\/\/alice.ch\/de\/wp-json\/wp\/v2\/event\/13746\/revisions"}],"predecessor-version":[{"id":52337,"href":"https:\/\/alice.ch\/de\/wp-json\/wp\/v2\/event\/13746\/revisions\/52337"}],"wp:featuredmedia":[{"embeddable":true,"href":"https:\/\/alice.ch\/de\/wp-json\/wp\/v2\/media\/19779"}],"wp:attachment":[{"href":"https:\/\/alice.ch\/de\/wp-json\/wp\/v2\/media?parent=13746"}],"wp:term":[{"taxonomy":"event-category","embeddable":true,"href":"https:\/\/alice.ch\/de\/wp-json\/wp\/v2\/event-category?post=13746"},{"taxonomy":"event-tag","embeddable":true,"href":"https:\/\/alice.ch\/de\/wp-json\/wp\/v2\/event-tag?post=13746"},{"taxonomy":"event-status","embeddable":true,"href":"https:\/\/alice.ch\/de\/wp-json\/wp\/v2\/event-status?post=13746"},{"taxonomy":"event-language","embeddable":true,"href":"https:\/\/alice.ch\/de\/wp-json\/wp\/v2\/event-language?post=13746"},{"taxonomy":"global-category","embeddable":true,"href":"https:\/\/alice.ch\/de\/wp-json\/wp\/v2\/global-category?post=13746"}],"curies":[{"name":"wp","href":"https:\/\/api.w.org\/{rel}","templated":true}]}}

Jubiläum: 70 Jahre SVEB

<p>Trotz Corona-Beschränkungen möchten wir dem 70-jährigen Bestehen des SVEB gebührend Beachtung schenken. In einem Online-Event erwartet Sie ein spannender Rückblick auf die Entwicklung des SVEB und ein Ausblick in die Zukunft der Weiterbildung.</p>



<h3 class="wp-block-heading"><strong>Programm</strong></h3>



<p>15:30<br><strong>Begrüssung der Jubiläumsgäste auf Zoom<br></strong>Simon Franzen, Vorstandsmitglied SVEB</p>



<p>15:35<br><strong>Input «Die nächsten 20 Jahre: Wir haben nie ausgelernt! Die kommenden Megatrends und die Herausforderungen an die Weiterbildung»<br></strong>Georges T. Roos (Zukunftsforscher)</p>



<p>16:05<br><strong>Podiumsdiskussion: Meilensteine der Entwicklung des SVEB und Blick in die Zukunft</strong></p>



<p>Unsere Gäste:</p>



<ul class="wp-block-list">
<li>Matthias Aebischer, Präsident seit 2016</li>



<li>Rudolf Strahm, Präsident von 2008–2016</li>



<li>Jean-Pierre Brügger, Vorstandsmitglied 2006–2015</li>



<li>Anita Calonder Gerster, Präsidentin von 1996–2000</li>
</ul>



<p>Moderation: Claudia Zürcher, Vize-Präsidentin SVEB</p>



<p>16:45<br><strong>Künstlerischer Schlusspunkt<br></strong>Martina Hügi (Slam-Poetin)</p>



<p>17:00<br>Ende</p>



<p>Der Anlass ist kostenlos. Alle Interessierten sind herzlich eingeladen. Melden Sie sich bitte mit dem unten stehenden Formular an.</p>



<h3 class="wp-block-heading"><a href="https://alice.ch/app/uploads/2022/12/2021-70-jahre-sveb.pdf">Programm</a></h3>

<p>Trotz Corona-Beschränkungen möchten wir dem 70-jährigen Bestehen des SVEB gebührend Beachtung schenken. In einem Online-Event erwartet Sie ein spannender Rückblick [&hellip;]</p>

<!-- This site is optimized with the Yoast SEO plugin v27.3 - https://yoast.com/product/yoast-seo-wordpress/ -->
<title>Jubiläum: 70 Jahre SVEB - SVEB</title>
<meta name="robots" content="index, follow, max-snippet:-1, max-image-preview:large, max-video-preview:-1" />
<link rel="canonical" href="https://alice.ch/de/event/jubilaeum-70-jahre-sveb/" />
<meta property="og:locale" content="de_DE" />
<meta property="og:type" content="article" />
<meta property="og:title" content="Jubiläum: 70 Jahre SVEB - SVEB" />
<meta property="og:description" content="Trotz Corona-Beschränkungen möchten wir dem 70-jährigen Bestehen des SVEB gebührend Beachtung schenken. In einem Online-Event erwartet Sie ein spannender Rückblick [&hellip;]" />
<meta property="og:url" content="https://alice.ch/de/event/jubilaeum-70-jahre-sveb/" />
<meta property="og:site_name" content="SVEB" />
<meta property="article:modified_time" content="2023-07-06T13:19:15+00:00" />
<meta property="og:image" content="https://alice.ch/app/uploads/2022/11/agenda-70-jahre-sveb.jpg" />
	<meta property="og:image:width" content="771" />
	<meta property="og:image:height" content="385" />
	<meta property="og:image:type" content="image/jpeg" />
<meta name="twitter:card" content="summary_large_image" />
<script type="application/ld+json" class="yoast-schema-graph">{"@context":"https:\/\/schema.org","@graph":[{"@type":"WebPage","@id":"https:\/\/alice.ch\/de\/event\/jubilaeum-70-jahre-sveb\/","url":"https:\/\/alice.ch\/de\/event\/jubilaeum-70-jahre-sveb\/","name":"Jubiläum: 70 Jahre SVEB - SVEB","isPartOf":{"@id":"https:\/\/alice.ch\/de\/#website"},"primaryImageOfPage":{"@id":"https:\/\/alice.ch\/de\/event\/jubilaeum-70-jahre-sveb\/#primaryimage"},"image":{"@id":"https:\/\/alice.ch\/de\/event\/jubilaeum-70-jahre-sveb\/#primaryimage"},"thumbnailUrl":"https:\/\/alice.ch\/app\/uploads\/2022\/11\/agenda-70-jahre-sveb.jpg","datePublished":"2022-11-16T16:32:29+00:00","dateModified":"2023-07-06T13:19:15+00:00","breadcrumb":{"@id":"https:\/\/alice.ch\/de\/event\/jubilaeum-70-jahre-sveb\/#breadcrumb"},"inLanguage":"de","potentialAction":[{"@type":"ReadAction","target":["https:\/\/alice.ch\/de\/event\/jubilaeum-70-jahre-sveb\/"]}]},{"@type":"ImageObject","inLanguage":"de","@id":"https:\/\/alice.ch\/de\/event\/jubilaeum-70-jahre-sveb\/#primaryimage","url":"https:\/\/alice.ch\/app\/uploads\/2022\/11\/agenda-70-jahre-sveb.jpg","contentUrl":"https:\/\/alice.ch\/app\/uploads\/2022\/11\/agenda-70-jahre-sveb.jpg","width":771,"height":385},{"@type":"BreadcrumbList","@id":"https:\/\/alice.ch\/de\/event\/jubilaeum-70-jahre-sveb\/#breadcrumb","itemListElement":[{"@type":"ListItem","position":1,"name":"Startseite","item":"https:\/\/alice.ch\/de\/"},{"@type":"ListItem","position":2,"name":"Events","item":"https:\/\/alice.ch\/de\/event\/"},{"@type":"ListItem","position":3,"name":"Jubiläum: 70 Jahre SVEB"}]},{"@type":"WebSite","@id":"https:\/\/alice.ch\/de\/#website","url":"https:\/\/alice.ch\/de\/","name":"alice.ch (Adult Learning Information Center) ist das Portal der Weiterbildung in der Schweiz.","description":"Schweizerischer Verband für Weiterbildung","publisher":{"@id":"https:\/\/alice.ch\/de\/#organization"},"potentialAction":[{"@type":"SearchAction","target":{"@type":"EntryPoint","urlTemplate":"https:\/\/alice.ch\/de\/?s={search_term_string}"},"query-input":{"@type":"PropertyValueSpecification","valueRequired":true,"valueName":"search_term_string"}}],"inLanguage":"de"},{"@type":"Organization","@id":"https:\/\/alice.ch\/de\/#organization","name":"SVEB Schweizerischer Verband für Weiterbildung","url":"https:\/\/alice.ch\/de\/","logo":{"@type":"ImageObject","inLanguage":"de","@id":"https:\/\/alice.ch\/de\/#\/schema\/logo\/image\/","url":"https:\/\/alice.ch\/app\/uploads\/2022\/07\/logo-sveb.png","contentUrl":"https:\/\/alice.ch\/app\/uploads\/2022\/07\/logo-sveb.png","width":145,"height":64,"caption":"SVEB Schweizerischer Verband für Weiterbildung"},"image":{"@id":"https:\/\/alice.ch\/de\/#\/schema\/logo\/image\/"},"sameAs":["https:\/\/www.linkedin.com\/company\/schweizerischer-verband-fr-weiterbildung-sveb\/"]}]}</script>
<!-- / Yoast SEO plugin. -->

Jubiläum: 70 Jahre SVEB - SVEB

Trotz Corona-Beschränkungen möchten wir dem 70-jährigen Bestehen des SVEB gebührend Beachtung schenken. In einem Online-Event erwartet Sie ein spannender Rückblick [&hellip;]

Schweizerischer Verband für Weiterbildung

SVEB Schweizerischer Verband für Weiterbildung
