{"id":39894,"date":"2022-12-29T16:34:28","date_gmt":"2022-12-29T15:34:28","guid":{"rendered":"https:\/\/alice.ch\/?post_type=event&#038;p=39894"},"modified":"2023-07-06T15:24:19","modified_gmt":"2023-07-06T13:24:19","slug":"sveb-delegiertenversammlung-und-bildungspolitische-tagung-mit-guy-parmelin","status":"publish","type":"event","link":"https:\/\/alice.ch\/de\/event\/sveb-delegiertenversammlung-und-bildungspolitische-tagung-mit-guy-parmelin\/","title":{"rendered":"SVEB-Delegiertenversammlung und bildungspolitische Tagung mit Guy Parmelin"},"content":{"rendered":"\n<p>Die bildungspolitische Tagung findet im Anschluss an die Delegiertenversammlung (DV) des SVEB statt, sie ist \u00f6ffentlich und kostenlos.<\/p>\n\n\n\n<p>Der neue Bildungsminister Guy Parmelin wird sich dabei erstmals zur Weiterbildungspolitik des Bundesrats \u00e4ussern und stellt sich zusammen mit Matthias Aebischer, Nationalrat und Pr\u00e4sident des SVEB, den Fragen des Publikums. Sie sind eingeladen, diese Fragen mitzugestalten. Lassen Sie uns Ihre pers\u00f6nliche Frage \u00fcber das Anmeldeformular wissen.<\/p>\n\n\n\n<p>10:45 \u2013 12:00 Uhr<br>TEIL A : Ordentliche Delegiertenversammlung &#8211; Statutarischer Teil<\/p>\n\n\n\n<p><em>Mittagessen f\u00fcr die Teilnehmenden der DV<\/em><\/p>\n\n\n\n<p>13:00 \u2013 14:30 Uhr<br>TEIL B: Bildungspolitische Tagung mit Bundesrat Guy Parmelin<\/p>\n\n\n\n<p><em>Ap\u00e9ro<\/em><\/p>\n\n\n\n<p>Die Veranstaltung ist kostenlos.<\/p>\n\n\n\n<p><a href=\"https:\/\/alice.ch\/app\/uploads\/2022\/12\/2019-programm-bildungpolitische-tagung.pdf\">Programm Bildungspolitische Tagung<\/a><\/p>\n","protected":false},"excerpt":{"rendered":"<p>Die bildungspolitische Tagung findet im Anschluss an die Delegiertenversammlung (DV) des SVEB statt, sie ist \u00f6ffentlich und kostenlos. Der neue [&hellip;]<\/p>\n","protected":false},"author":11,"featured_media":39919,"template":"","meta":{"_acf_changed":false,"inline_featured_image":false,"footnotes":""},"event-category":[24],"event-tag":[],"event-status":[200],"event-language":[202,203],"global-category":[44],"class_list":["post-39894","event","type-event","status-publish","has-post-thumbnail","hentry","event-category-sveb-kooperation-events","event-status-archiv","event-language-deutsch","event-language-franzoesisch","global-category-sveb"],"acf":[],"yoast_head":"<!-- This site is optimized with the Yoast SEO plugin v27.3 - https:\/\/yoast.com\/product\/yoast-seo-wordpress\/ -->\n<title>SVEB-Delegiertenversammlung und bildungspolitische Tagung mit Guy Parmelin - SVEB<\/title>\n<meta name=\"robots\" content=\"index, follow, max-snippet:-1, max-image-preview:large, max-video-preview:-1\" \/>\n<link rel=\"canonical\" href=\"https:\/\/alice.ch\/de\/event\/sveb-delegiertenversammlung-und-bildungspolitische-tagung-mit-guy-parmelin\/\" \/>\n<meta property=\"og:locale\" content=\"de_DE\" \/>\n<meta property=\"og:type\" content=\"article\" \/>\n<meta property=\"og:title\" content=\"SVEB-Delegiertenversammlung und bildungspolitische Tagung mit Guy Parmelin - SVEB\" \/>\n<meta property=\"og:description\" content=\"Die bildungspolitische Tagung findet im Anschluss an die Delegiertenversammlung (DV) des SVEB statt, sie ist \u00f6ffentlich und kostenlos. Der neue [&hellip;]\" \/>\n<meta property=\"og:url\" content=\"https:\/\/alice.ch\/de\/event\/sveb-delegiertenversammlung-und-bildungspolitische-tagung-mit-guy-parmelin\/\" \/>\n<meta property=\"og:site_name\" content=\"SVEB\" \/>\n<meta property=\"article:modified_time\" content=\"2023-07-06T13:24:19+00:00\" \/>\n<meta property=\"og:image\" content=\"https:\/\/alice.ch\/app\/uploads\/2022\/12\/agenda-sveb-delegiertenversammlung-2019-3.jpeg\" \/>\n\t<meta property=\"og:image:width\" content=\"750\" \/>\n\t<meta property=\"og:image:height\" content=\"375\" \/>\n\t<meta property=\"og:image:type\" content=\"image\/jpeg\" \/>\n<meta name=\"twitter:card\" content=\"summary_large_image\" \/>\n<script type=\"application\/ld+json\" class=\"yoast-schema-graph\">{\"@context\":\"https:\\\/\\\/schema.org\",\"@graph\":[{\"@type\":\"WebPage\",\"@id\":\"https:\\\/\\\/alice.ch\\\/de\\\/event\\\/sveb-delegiertenversammlung-und-bildungspolitische-tagung-mit-guy-parmelin\\\/\",\"url\":\"https:\\\/\\\/alice.ch\\\/de\\\/event\\\/sveb-delegiertenversammlung-und-bildungspolitische-tagung-mit-guy-parmelin\\\/\",\"name\":\"SVEB-Delegiertenversammlung und bildungspolitische Tagung mit Guy Parmelin - SVEB\",\"isPartOf\":{\"@id\":\"https:\\\/\\\/alice.ch\\\/de\\\/#website\"},\"primaryImageOfPage\":{\"@id\":\"https:\\\/\\\/alice.ch\\\/de\\\/event\\\/sveb-delegiertenversammlung-und-bildungspolitische-tagung-mit-guy-parmelin\\\/#primaryimage\"},\"image\":{\"@id\":\"https:\\\/\\\/alice.ch\\\/de\\\/event\\\/sveb-delegiertenversammlung-und-bildungspolitische-tagung-mit-guy-parmelin\\\/#primaryimage\"},\"thumbnailUrl\":\"https:\\\/\\\/alice.ch\\\/app\\\/uploads\\\/2022\\\/12\\\/agenda-sveb-delegiertenversammlung-2019-3.jpeg\",\"datePublished\":\"2022-12-29T15:34:28+00:00\",\"dateModified\":\"2023-07-06T13:24:19+00:00\",\"breadcrumb\":{\"@id\":\"https:\\\/\\\/alice.ch\\\/de\\\/event\\\/sveb-delegiertenversammlung-und-bildungspolitische-tagung-mit-guy-parmelin\\\/#breadcrumb\"},\"inLanguage\":\"de\",\"potentialAction\":[{\"@type\":\"ReadAction\",\"target\":[\"https:\\\/\\\/alice.ch\\\/de\\\/event\\\/sveb-delegiertenversammlung-und-bildungspolitische-tagung-mit-guy-parmelin\\\/\"]}]},{\"@type\":\"ImageObject\",\"inLanguage\":\"de\",\"@id\":\"https:\\\/\\\/alice.ch\\\/de\\\/event\\\/sveb-delegiertenversammlung-und-bildungspolitische-tagung-mit-guy-parmelin\\\/#primaryimage\",\"url\":\"https:\\\/\\\/alice.ch\\\/app\\\/uploads\\\/2022\\\/12\\\/agenda-sveb-delegiertenversammlung-2019-3.jpeg\",\"contentUrl\":\"https:\\\/\\\/alice.ch\\\/app\\\/uploads\\\/2022\\\/12\\\/agenda-sveb-delegiertenversammlung-2019-3.jpeg\",\"width\":750,\"height\":375},{\"@type\":\"BreadcrumbList\",\"@id\":\"https:\\\/\\\/alice.ch\\\/de\\\/event\\\/sveb-delegiertenversammlung-und-bildungspolitische-tagung-mit-guy-parmelin\\\/#breadcrumb\",\"itemListElement\":[{\"@type\":\"ListItem\",\"position\":1,\"name\":\"Startseite\",\"item\":\"https:\\\/\\\/alice.ch\\\/de\\\/\"},{\"@type\":\"ListItem\",\"position\":2,\"name\":\"Events\",\"item\":\"https:\\\/\\\/alice.ch\\\/de\\\/event\\\/\"},{\"@type\":\"ListItem\",\"position\":3,\"name\":\"SVEB-Delegiertenversammlung und bildungspolitische Tagung mit Guy Parmelin\"}]},{\"@type\":\"WebSite\",\"@id\":\"https:\\\/\\\/alice.ch\\\/de\\\/#website\",\"url\":\"https:\\\/\\\/alice.ch\\\/de\\\/\",\"name\":\"alice.ch (Adult Learning Information Center) ist das Portal der Weiterbildung in der Schweiz.\",\"description\":\"Schweizerischer Verband f\u00fcr Weiterbildung\",\"publisher\":{\"@id\":\"https:\\\/\\\/alice.ch\\\/de\\\/#organization\"},\"potentialAction\":[{\"@type\":\"SearchAction\",\"target\":{\"@type\":\"EntryPoint\",\"urlTemplate\":\"https:\\\/\\\/alice.ch\\\/de\\\/?s={search_term_string}\"},\"query-input\":{\"@type\":\"PropertyValueSpecification\",\"valueRequired\":true,\"valueName\":\"search_term_string\"}}],\"inLanguage\":\"de\"},{\"@type\":\"Organization\",\"@id\":\"https:\\\/\\\/alice.ch\\\/de\\\/#organization\",\"name\":\"SVEB Schweizerischer Verband f\u00fcr Weiterbildung\",\"url\":\"https:\\\/\\\/alice.ch\\\/de\\\/\",\"logo\":{\"@type\":\"ImageObject\",\"inLanguage\":\"de\",\"@id\":\"https:\\\/\\\/alice.ch\\\/de\\\/#\\\/schema\\\/logo\\\/image\\\/\",\"url\":\"https:\\\/\\\/alice.ch\\\/app\\\/uploads\\\/2022\\\/07\\\/logo-sveb.png\",\"contentUrl\":\"https:\\\/\\\/alice.ch\\\/app\\\/uploads\\\/2022\\\/07\\\/logo-sveb.png\",\"width\":145,\"height\":64,\"caption\":\"SVEB Schweizerischer Verband f\u00fcr Weiterbildung\"},\"image\":{\"@id\":\"https:\\\/\\\/alice.ch\\\/de\\\/#\\\/schema\\\/logo\\\/image\\\/\"},\"sameAs\":[\"https:\\\/\\\/www.linkedin.com\\\/company\\\/schweizerischer-verband-fr-weiterbildung-sveb\\\/\"]}]}<\/script>\n<!-- \/ Yoast SEO plugin. -->","yoast_head_json":{"title":"SVEB-Delegiertenversammlung und bildungspolitische Tagung mit Guy Parmelin - SVEB","robots":{"index":"index","follow":"follow","max-snippet":"max-snippet:-1","max-image-preview":"max-image-preview:large","max-video-preview":"max-video-preview:-1"},"canonical":"https:\/\/alice.ch\/de\/event\/sveb-delegiertenversammlung-und-bildungspolitische-tagung-mit-guy-parmelin\/","og_locale":"de_DE","og_type":"article","og_title":"SVEB-Delegiertenversammlung und bildungspolitische Tagung mit Guy Parmelin - SVEB","og_description":"Die bildungspolitische Tagung findet im Anschluss an die Delegiertenversammlung (DV) des SVEB statt, sie ist \u00f6ffentlich und kostenlos. Der neue [&hellip;]","og_url":"https:\/\/alice.ch\/de\/event\/sveb-delegiertenversammlung-und-bildungspolitische-tagung-mit-guy-parmelin\/","og_site_name":"SVEB","article_modified_time":"2023-07-06T13:24:19+00:00","og_image":[{"width":750,"height":375,"url":"https:\/\/alice.ch\/app\/uploads\/2022\/12\/agenda-sveb-delegiertenversammlung-2019-3.jpeg","type":"image\/jpeg"}],"twitter_card":"summary_large_image","schema":{"@context":"https:\/\/schema.org","@graph":[{"@type":"WebPage","@id":"https:\/\/alice.ch\/de\/event\/sveb-delegiertenversammlung-und-bildungspolitische-tagung-mit-guy-parmelin\/","url":"https:\/\/alice.ch\/de\/event\/sveb-delegiertenversammlung-und-bildungspolitische-tagung-mit-guy-parmelin\/","name":"SVEB-Delegiertenversammlung und bildungspolitische Tagung mit Guy Parmelin - SVEB","isPartOf":{"@id":"https:\/\/alice.ch\/de\/#website"},"primaryImageOfPage":{"@id":"https:\/\/alice.ch\/de\/event\/sveb-delegiertenversammlung-und-bildungspolitische-tagung-mit-guy-parmelin\/#primaryimage"},"image":{"@id":"https:\/\/alice.ch\/de\/event\/sveb-delegiertenversammlung-und-bildungspolitische-tagung-mit-guy-parmelin\/#primaryimage"},"thumbnailUrl":"https:\/\/alice.ch\/app\/uploads\/2022\/12\/agenda-sveb-delegiertenversammlung-2019-3.jpeg","datePublished":"2022-12-29T15:34:28+00:00","dateModified":"2023-07-06T13:24:19+00:00","breadcrumb":{"@id":"https:\/\/alice.ch\/de\/event\/sveb-delegiertenversammlung-und-bildungspolitische-tagung-mit-guy-parmelin\/#breadcrumb"},"inLanguage":"de","potentialAction":[{"@type":"ReadAction","target":["https:\/\/alice.ch\/de\/event\/sveb-delegiertenversammlung-und-bildungspolitische-tagung-mit-guy-parmelin\/"]}]},{"@type":"ImageObject","inLanguage":"de","@id":"https:\/\/alice.ch\/de\/event\/sveb-delegiertenversammlung-und-bildungspolitische-tagung-mit-guy-parmelin\/#primaryimage","url":"https:\/\/alice.ch\/app\/uploads\/2022\/12\/agenda-sveb-delegiertenversammlung-2019-3.jpeg","contentUrl":"https:\/\/alice.ch\/app\/uploads\/2022\/12\/agenda-sveb-delegiertenversammlung-2019-3.jpeg","width":750,"height":375},{"@type":"BreadcrumbList","@id":"https:\/\/alice.ch\/de\/event\/sveb-delegiertenversammlung-und-bildungspolitische-tagung-mit-guy-parmelin\/#breadcrumb","itemListElement":[{"@type":"ListItem","position":1,"name":"Startseite","item":"https:\/\/alice.ch\/de\/"},{"@type":"ListItem","position":2,"name":"Events","item":"https:\/\/alice.ch\/de\/event\/"},{"@type":"ListItem","position":3,"name":"SVEB-Delegiertenversammlung und bildungspolitische Tagung mit Guy Parmelin"}]},{"@type":"WebSite","@id":"https:\/\/alice.ch\/de\/#website","url":"https:\/\/alice.ch\/de\/","name":"alice.ch (Adult Learning Information Center) ist das Portal der Weiterbildung in der Schweiz.","description":"Schweizerischer Verband f\u00fcr Weiterbildung","publisher":{"@id":"https:\/\/alice.ch\/de\/#organization"},"potentialAction":[{"@type":"SearchAction","target":{"@type":"EntryPoint","urlTemplate":"https:\/\/alice.ch\/de\/?s={search_term_string}"},"query-input":{"@type":"PropertyValueSpecification","valueRequired":true,"valueName":"search_term_string"}}],"inLanguage":"de"},{"@type":"Organization","@id":"https:\/\/alice.ch\/de\/#organization","name":"SVEB Schweizerischer Verband f\u00fcr Weiterbildung","url":"https:\/\/alice.ch\/de\/","logo":{"@type":"ImageObject","inLanguage":"de","@id":"https:\/\/alice.ch\/de\/#\/schema\/logo\/image\/","url":"https:\/\/alice.ch\/app\/uploads\/2022\/07\/logo-sveb.png","contentUrl":"https:\/\/alice.ch\/app\/uploads\/2022\/07\/logo-sveb.png","width":145,"height":64,"caption":"SVEB Schweizerischer Verband f\u00fcr Weiterbildung"},"image":{"@id":"https:\/\/alice.ch\/de\/#\/schema\/logo\/image\/"},"sameAs":["https:\/\/www.linkedin.com\/company\/schweizerischer-verband-fr-weiterbildung-sveb\/"]}]}},"_links":{"self":[{"href":"https:\/\/alice.ch\/de\/wp-json\/wp\/v2\/event\/39894","targetHints":{"allow":["GET"]}}],"collection":[{"href":"https:\/\/alice.ch\/de\/wp-json\/wp\/v2\/event"}],"about":[{"href":"https:\/\/alice.ch\/de\/wp-json\/wp\/v2\/types\/event"}],"author":[{"embeddable":true,"href":"https:\/\/alice.ch\/de\/wp-json\/wp\/v2\/users\/11"}],"version-history":[{"count":2,"href":"https:\/\/alice.ch\/de\/wp-json\/wp\/v2\/event\/39894\/revisions"}],"predecessor-version":[{"id":52348,"href":"https:\/\/alice.ch\/de\/wp-json\/wp\/v2\/event\/39894\/revisions\/52348"}],"wp:featuredmedia":[{"embeddable":true,"href":"https:\/\/alice.ch\/de\/wp-json\/wp\/v2\/media\/39919"}],"wp:attachment":[{"href":"https:\/\/alice.ch\/de\/wp-json\/wp\/v2\/media?parent=39894"}],"wp:term":[{"taxonomy":"event-category","embeddable":true,"href":"https:\/\/alice.ch\/de\/wp-json\/wp\/v2\/event-category?post=39894"},{"taxonomy":"event-tag","embeddable":true,"href":"https:\/\/alice.ch\/de\/wp-json\/wp\/v2\/event-tag?post=39894"},{"taxonomy":"event-status","embeddable":true,"href":"https:\/\/alice.ch\/de\/wp-json\/wp\/v2\/event-status?post=39894"},{"taxonomy":"event-language","embeddable":true,"href":"https:\/\/alice.ch\/de\/wp-json\/wp\/v2\/event-language?post=39894"},{"taxonomy":"global-category","embeddable":true,"href":"https:\/\/alice.ch\/de\/wp-json\/wp\/v2\/global-category?post=39894"}],"curies":[{"name":"wp","href":"https:\/\/api.w.org\/{rel}","templated":true}]}}

<p>Die bildungspolitische Tagung findet im Anschluss an die Delegiertenversammlung (DV) des SVEB statt, sie ist öffentlich und kostenlos.</p>



<p>Der neue Bildungsminister Guy Parmelin wird sich dabei erstmals zur Weiterbildungspolitik des Bundesrats äussern und stellt sich zusammen mit Matthias Aebischer, Nationalrat und Präsident des SVEB, den Fragen des Publikums. Sie sind eingeladen, diese Fragen mitzugestalten. Lassen Sie uns Ihre persönliche Frage über das Anmeldeformular wissen.</p>



<p>10:45 – 12:00 Uhr<br>TEIL A : Ordentliche Delegiertenversammlung &#8211; Statutarischer Teil</p>



<p><em>Mittagessen für die Teilnehmenden der DV</em></p>



<p>13:00 – 14:30 Uhr<br>TEIL B: Bildungspolitische Tagung mit Bundesrat Guy Parmelin</p>



<p><em>Apéro</em></p>



<p>Die Veranstaltung ist kostenlos.</p>



<p><a href="https://alice.ch/app/uploads/2022/12/2019-programm-bildungpolitische-tagung.pdf">Programm Bildungspolitische Tagung</a></p>

<p>Die bildungspolitische Tagung findet im Anschluss an die Delegiertenversammlung (DV) des SVEB statt, sie ist öffentlich und kostenlos. Der neue [&hellip;]</p>

<!-- This site is optimized with the Yoast SEO plugin v27.3 - https://yoast.com/product/yoast-seo-wordpress/ -->
<title>SVEB-Delegiertenversammlung und bildungspolitische Tagung mit Guy Parmelin - SVEB</title>
<meta name="robots" content="index, follow, max-snippet:-1, max-image-preview:large, max-video-preview:-1" />
<link rel="canonical" href="https://alice.ch/de/event/sveb-delegiertenversammlung-und-bildungspolitische-tagung-mit-guy-parmelin/" />
<meta property="og:locale" content="de_DE" />
<meta property="og:type" content="article" />
<meta property="og:title" content="SVEB-Delegiertenversammlung und bildungspolitische Tagung mit Guy Parmelin - SVEB" />
<meta property="og:description" content="Die bildungspolitische Tagung findet im Anschluss an die Delegiertenversammlung (DV) des SVEB statt, sie ist öffentlich und kostenlos. Der neue [&hellip;]" />
<meta property="og:url" content="https://alice.ch/de/event/sveb-delegiertenversammlung-und-bildungspolitische-tagung-mit-guy-parmelin/" />
<meta property="og:site_name" content="SVEB" />
<meta property="article:modified_time" content="2023-07-06T13:24:19+00:00" />
<meta property="og:image" content="https://alice.ch/app/uploads/2022/12/agenda-sveb-delegiertenversammlung-2019-3.jpeg" />
	<meta property="og:image:width" content="750" />
	<meta property="og:image:height" content="375" />
	<meta property="og:image:type" content="image/jpeg" />
<meta name="twitter:card" content="summary_large_image" />
<script type="application/ld+json" class="yoast-schema-graph">{"@context":"https:\/\/schema.org","@graph":[{"@type":"WebPage","@id":"https:\/\/alice.ch\/de\/event\/sveb-delegiertenversammlung-und-bildungspolitische-tagung-mit-guy-parmelin\/","url":"https:\/\/alice.ch\/de\/event\/sveb-delegiertenversammlung-und-bildungspolitische-tagung-mit-guy-parmelin\/","name":"SVEB-Delegiertenversammlung und bildungspolitische Tagung mit Guy Parmelin - SVEB","isPartOf":{"@id":"https:\/\/alice.ch\/de\/#website"},"primaryImageOfPage":{"@id":"https:\/\/alice.ch\/de\/event\/sveb-delegiertenversammlung-und-bildungspolitische-tagung-mit-guy-parmelin\/#primaryimage"},"image":{"@id":"https:\/\/alice.ch\/de\/event\/sveb-delegiertenversammlung-und-bildungspolitische-tagung-mit-guy-parmelin\/#primaryimage"},"thumbnailUrl":"https:\/\/alice.ch\/app\/uploads\/2022\/12\/agenda-sveb-delegiertenversammlung-2019-3.jpeg","datePublished":"2022-12-29T15:34:28+00:00","dateModified":"2023-07-06T13:24:19+00:00","breadcrumb":{"@id":"https:\/\/alice.ch\/de\/event\/sveb-delegiertenversammlung-und-bildungspolitische-tagung-mit-guy-parmelin\/#breadcrumb"},"inLanguage":"de","potentialAction":[{"@type":"ReadAction","target":["https:\/\/alice.ch\/de\/event\/sveb-delegiertenversammlung-und-bildungspolitische-tagung-mit-guy-parmelin\/"]}]},{"@type":"ImageObject","inLanguage":"de","@id":"https:\/\/alice.ch\/de\/event\/sveb-delegiertenversammlung-und-bildungspolitische-tagung-mit-guy-parmelin\/#primaryimage","url":"https:\/\/alice.ch\/app\/uploads\/2022\/12\/agenda-sveb-delegiertenversammlung-2019-3.jpeg","contentUrl":"https:\/\/alice.ch\/app\/uploads\/2022\/12\/agenda-sveb-delegiertenversammlung-2019-3.jpeg","width":750,"height":375},{"@type":"BreadcrumbList","@id":"https:\/\/alice.ch\/de\/event\/sveb-delegiertenversammlung-und-bildungspolitische-tagung-mit-guy-parmelin\/#breadcrumb","itemListElement":[{"@type":"ListItem","position":1,"name":"Startseite","item":"https:\/\/alice.ch\/de\/"},{"@type":"ListItem","position":2,"name":"Events","item":"https:\/\/alice.ch\/de\/event\/"},{"@type":"ListItem","position":3,"name":"SVEB-Delegiertenversammlung und bildungspolitische Tagung mit Guy Parmelin"}]},{"@type":"WebSite","@id":"https:\/\/alice.ch\/de\/#website","url":"https:\/\/alice.ch\/de\/","name":"alice.ch (Adult Learning Information Center) ist das Portal der Weiterbildung in der Schweiz.","description":"Schweizerischer Verband für Weiterbildung","publisher":{"@id":"https:\/\/alice.ch\/de\/#organization"},"potentialAction":[{"@type":"SearchAction","target":{"@type":"EntryPoint","urlTemplate":"https:\/\/alice.ch\/de\/?s={search_term_string}"},"query-input":{"@type":"PropertyValueSpecification","valueRequired":true,"valueName":"search_term_string"}}],"inLanguage":"de"},{"@type":"Organization","@id":"https:\/\/alice.ch\/de\/#organization","name":"SVEB Schweizerischer Verband für Weiterbildung","url":"https:\/\/alice.ch\/de\/","logo":{"@type":"ImageObject","inLanguage":"de","@id":"https:\/\/alice.ch\/de\/#\/schema\/logo\/image\/","url":"https:\/\/alice.ch\/app\/uploads\/2022\/07\/logo-sveb.png","contentUrl":"https:\/\/alice.ch\/app\/uploads\/2022\/07\/logo-sveb.png","width":145,"height":64,"caption":"SVEB Schweizerischer Verband für Weiterbildung"},"image":{"@id":"https:\/\/alice.ch\/de\/#\/schema\/logo\/image\/"},"sameAs":["https:\/\/www.linkedin.com\/company\/schweizerischer-verband-fr-weiterbildung-sveb\/"]}]}</script>
<!-- / Yoast SEO plugin. -->

Die bildungspolitische Tagung findet im Anschluss an die Delegiertenversammlung (DV) des SVEB statt, sie ist öffentlich und kostenlos. Der neue [&hellip;]

Schweizerischer Verband für Weiterbildung

SVEB Schweizerischer Verband für Weiterbildung
