{"id":48460,"date":"2023-04-19T13:51:20","date_gmt":"2023-04-19T11:51:20","guid":{"rendered":"https:\/\/alice.ch\/?post_type=event&#038;p=48460"},"modified":"2023-07-06T15:01:53","modified_gmt":"2023-07-06T13:01:53","slug":"tag-der-schweizer-qualitaet-2023","status":"publish","type":"event","link":"https:\/\/alice.ch\/de\/event\/tag-der-schweizer-qualitaet-2023\/","title":{"rendered":"Tag der Schweizer Qualit\u00e4t 2023"},"content":{"rendered":"\n<h3 class=\"wp-block-heading\">Was Sie erwartet<\/h3>\n\n\n\n<p>Die digitale und \u00f6kologische Transformation sowie der demografische Wandel stellen Unternehmen vor grosse Herausforderungen. Organisationen m\u00fcssen sich anpassen, und neue Strukturen entwickeln, um in diesem sich st\u00e4ndig ver\u00e4ndernden Umfeld wettbewerbsf\u00e4hig zu bleiben.<\/p>\n\n\n\n<p>Doch wie?<\/p>\n\n\n\n<ul class=\"wp-block-list\">\n<li>Welche Organisationsformen, Methoden und Strategien helfen dabei?<\/li>\n\n\n\n<li>Behalten wir das Kapital Mensch im Fokus oder fokussieren wir auf neue F\u00fchrungsans\u00e4tze und Managementkonzepte?<\/li>\n\n\n\n<li>Wie k\u00f6nnen sich Unternehmen als verantwortungsvolle Akteure positionieren, um als Arbeitgeber*in im umk\u00e4mpften Markt f\u00fcr Fachkr\u00e4fte attraktiv zu bleiben?<\/li>\n<\/ul>\n\n\n\n<h4 class=\"wp-block-heading\"><a href=\"https:\/\/saq.ch\/de\/veranstaltungen\/tag_der_schweizer_qualitaet\/tsq-2023\/\">Programm und Informationen<\/a><\/h4>\n\n\n\n<p>SVEB-Mitglieder erhalten einen Rabatt von 15%.<\/p>\n","protected":false},"excerpt":{"rendered":"<p>Was Sie erwartet Die digitale und \u00f6kologische Transformation sowie der demografische Wandel stellen Unternehmen vor grosse Herausforderungen. Organisationen m\u00fcssen sich [&hellip;]<\/p>\n","protected":false},"author":22,"featured_media":48465,"template":"","meta":{"_acf_changed":false,"inline_featured_image":false,"footnotes":""},"event-category":[152],"event-tag":[319],"event-status":[200],"event-language":[202],"global-category":[43],"class_list":["post-48460","event","type-event","status-publish","has-post-thumbnail","hentry","event-category-externer-event","event-tag-sveb-kooperation-events","event-status-archiv","event-language-deutsch","global-category-qualitaet"],"acf":[],"yoast_head":"<!-- This site is optimized with the Yoast SEO plugin v27.3 - https:\/\/yoast.com\/product\/yoast-seo-wordpress\/ -->\n<title>Tag der Schweizer Qualit\u00e4t 2023 - SVEB<\/title>\n<meta name=\"robots\" content=\"index, follow, max-snippet:-1, max-image-preview:large, max-video-preview:-1\" \/>\n<link rel=\"canonical\" href=\"https:\/\/alice.ch\/de\/event\/tag-der-schweizer-qualitaet-2023\/\" \/>\n<meta property=\"og:locale\" content=\"de_DE\" \/>\n<meta property=\"og:type\" content=\"article\" \/>\n<meta property=\"og:title\" content=\"Tag der Schweizer Qualit\u00e4t 2023 - SVEB\" \/>\n<meta property=\"og:description\" content=\"Was Sie erwartet Die digitale und \u00f6kologische Transformation sowie der demografische Wandel stellen Unternehmen vor grosse Herausforderungen. Organisationen m\u00fcssen sich [&hellip;]\" \/>\n<meta property=\"og:url\" content=\"https:\/\/alice.ch\/de\/event\/tag-der-schweizer-qualitaet-2023\/\" \/>\n<meta property=\"og:site_name\" content=\"SVEB\" \/>\n<meta property=\"article:modified_time\" content=\"2023-07-06T13:01:53+00:00\" \/>\n<meta property=\"og:image\" content=\"https:\/\/alice.ch\/app\/uploads\/2023\/04\/Unknown.png\" \/>\n\t<meta property=\"og:image:width\" content=\"229\" \/>\n\t<meta property=\"og:image:height\" content=\"127\" \/>\n\t<meta property=\"og:image:type\" content=\"image\/png\" \/>\n<meta name=\"twitter:card\" content=\"summary_large_image\" \/>\n<script type=\"application\/ld+json\" class=\"yoast-schema-graph\">{\"@context\":\"https:\\\/\\\/schema.org\",\"@graph\":[{\"@type\":\"WebPage\",\"@id\":\"https:\\\/\\\/alice.ch\\\/de\\\/event\\\/tag-der-schweizer-qualitaet-2023\\\/\",\"url\":\"https:\\\/\\\/alice.ch\\\/de\\\/event\\\/tag-der-schweizer-qualitaet-2023\\\/\",\"name\":\"Tag der Schweizer Qualit\u00e4t 2023 - SVEB\",\"isPartOf\":{\"@id\":\"https:\\\/\\\/alice.ch\\\/de\\\/#website\"},\"primaryImageOfPage\":{\"@id\":\"https:\\\/\\\/alice.ch\\\/de\\\/event\\\/tag-der-schweizer-qualitaet-2023\\\/#primaryimage\"},\"image\":{\"@id\":\"https:\\\/\\\/alice.ch\\\/de\\\/event\\\/tag-der-schweizer-qualitaet-2023\\\/#primaryimage\"},\"thumbnailUrl\":\"https:\\\/\\\/alice.ch\\\/app\\\/uploads\\\/2023\\\/04\\\/Unknown.png\",\"datePublished\":\"2023-04-19T11:51:20+00:00\",\"dateModified\":\"2023-07-06T13:01:53+00:00\",\"breadcrumb\":{\"@id\":\"https:\\\/\\\/alice.ch\\\/de\\\/event\\\/tag-der-schweizer-qualitaet-2023\\\/#breadcrumb\"},\"inLanguage\":\"de\",\"potentialAction\":[{\"@type\":\"ReadAction\",\"target\":[\"https:\\\/\\\/alice.ch\\\/de\\\/event\\\/tag-der-schweizer-qualitaet-2023\\\/\"]}]},{\"@type\":\"ImageObject\",\"inLanguage\":\"de\",\"@id\":\"https:\\\/\\\/alice.ch\\\/de\\\/event\\\/tag-der-schweizer-qualitaet-2023\\\/#primaryimage\",\"url\":\"https:\\\/\\\/alice.ch\\\/app\\\/uploads\\\/2023\\\/04\\\/Unknown.png\",\"contentUrl\":\"https:\\\/\\\/alice.ch\\\/app\\\/uploads\\\/2023\\\/04\\\/Unknown.png\",\"width\":229,\"height\":127,\"caption\":\"Saq.Tagung\"},{\"@type\":\"BreadcrumbList\",\"@id\":\"https:\\\/\\\/alice.ch\\\/de\\\/event\\\/tag-der-schweizer-qualitaet-2023\\\/#breadcrumb\",\"itemListElement\":[{\"@type\":\"ListItem\",\"position\":1,\"name\":\"Startseite\",\"item\":\"https:\\\/\\\/alice.ch\\\/de\\\/\"},{\"@type\":\"ListItem\",\"position\":2,\"name\":\"Events\",\"item\":\"https:\\\/\\\/alice.ch\\\/de\\\/event\\\/\"},{\"@type\":\"ListItem\",\"position\":3,\"name\":\"Tag der Schweizer Qualit\u00e4t 2023\"}]},{\"@type\":\"WebSite\",\"@id\":\"https:\\\/\\\/alice.ch\\\/de\\\/#website\",\"url\":\"https:\\\/\\\/alice.ch\\\/de\\\/\",\"name\":\"alice.ch (Adult Learning Information Center) ist das Portal der Weiterbildung in der Schweiz.\",\"description\":\"Schweizerischer Verband f\u00fcr Weiterbildung\",\"publisher\":{\"@id\":\"https:\\\/\\\/alice.ch\\\/de\\\/#organization\"},\"potentialAction\":[{\"@type\":\"SearchAction\",\"target\":{\"@type\":\"EntryPoint\",\"urlTemplate\":\"https:\\\/\\\/alice.ch\\\/de\\\/?s={search_term_string}\"},\"query-input\":{\"@type\":\"PropertyValueSpecification\",\"valueRequired\":true,\"valueName\":\"search_term_string\"}}],\"inLanguage\":\"de\"},{\"@type\":\"Organization\",\"@id\":\"https:\\\/\\\/alice.ch\\\/de\\\/#organization\",\"name\":\"SVEB Schweizerischer Verband f\u00fcr Weiterbildung\",\"url\":\"https:\\\/\\\/alice.ch\\\/de\\\/\",\"logo\":{\"@type\":\"ImageObject\",\"inLanguage\":\"de\",\"@id\":\"https:\\\/\\\/alice.ch\\\/de\\\/#\\\/schema\\\/logo\\\/image\\\/\",\"url\":\"https:\\\/\\\/alice.ch\\\/app\\\/uploads\\\/2022\\\/07\\\/logo-sveb.png\",\"contentUrl\":\"https:\\\/\\\/alice.ch\\\/app\\\/uploads\\\/2022\\\/07\\\/logo-sveb.png\",\"width\":145,\"height\":64,\"caption\":\"SVEB Schweizerischer Verband f\u00fcr Weiterbildung\"},\"image\":{\"@id\":\"https:\\\/\\\/alice.ch\\\/de\\\/#\\\/schema\\\/logo\\\/image\\\/\"},\"sameAs\":[\"https:\\\/\\\/www.linkedin.com\\\/company\\\/schweizerischer-verband-fr-weiterbildung-sveb\\\/\"]}]}<\/script>\n<!-- \/ Yoast SEO plugin. -->","yoast_head_json":{"title":"Tag der Schweizer Qualit\u00e4t 2023 - SVEB","robots":{"index":"index","follow":"follow","max-snippet":"max-snippet:-1","max-image-preview":"max-image-preview:large","max-video-preview":"max-video-preview:-1"},"canonical":"https:\/\/alice.ch\/de\/event\/tag-der-schweizer-qualitaet-2023\/","og_locale":"de_DE","og_type":"article","og_title":"Tag der Schweizer Qualit\u00e4t 2023 - SVEB","og_description":"Was Sie erwartet Die digitale und \u00f6kologische Transformation sowie der demografische Wandel stellen Unternehmen vor grosse Herausforderungen. Organisationen m\u00fcssen sich [&hellip;]","og_url":"https:\/\/alice.ch\/de\/event\/tag-der-schweizer-qualitaet-2023\/","og_site_name":"SVEB","article_modified_time":"2023-07-06T13:01:53+00:00","og_image":[{"width":229,"height":127,"url":"https:\/\/alice.ch\/app\/uploads\/2023\/04\/Unknown.png","type":"image\/png"}],"twitter_card":"summary_large_image","schema":{"@context":"https:\/\/schema.org","@graph":[{"@type":"WebPage","@id":"https:\/\/alice.ch\/de\/event\/tag-der-schweizer-qualitaet-2023\/","url":"https:\/\/alice.ch\/de\/event\/tag-der-schweizer-qualitaet-2023\/","name":"Tag der Schweizer Qualit\u00e4t 2023 - SVEB","isPartOf":{"@id":"https:\/\/alice.ch\/de\/#website"},"primaryImageOfPage":{"@id":"https:\/\/alice.ch\/de\/event\/tag-der-schweizer-qualitaet-2023\/#primaryimage"},"image":{"@id":"https:\/\/alice.ch\/de\/event\/tag-der-schweizer-qualitaet-2023\/#primaryimage"},"thumbnailUrl":"https:\/\/alice.ch\/app\/uploads\/2023\/04\/Unknown.png","datePublished":"2023-04-19T11:51:20+00:00","dateModified":"2023-07-06T13:01:53+00:00","breadcrumb":{"@id":"https:\/\/alice.ch\/de\/event\/tag-der-schweizer-qualitaet-2023\/#breadcrumb"},"inLanguage":"de","potentialAction":[{"@type":"ReadAction","target":["https:\/\/alice.ch\/de\/event\/tag-der-schweizer-qualitaet-2023\/"]}]},{"@type":"ImageObject","inLanguage":"de","@id":"https:\/\/alice.ch\/de\/event\/tag-der-schweizer-qualitaet-2023\/#primaryimage","url":"https:\/\/alice.ch\/app\/uploads\/2023\/04\/Unknown.png","contentUrl":"https:\/\/alice.ch\/app\/uploads\/2023\/04\/Unknown.png","width":229,"height":127,"caption":"Saq.Tagung"},{"@type":"BreadcrumbList","@id":"https:\/\/alice.ch\/de\/event\/tag-der-schweizer-qualitaet-2023\/#breadcrumb","itemListElement":[{"@type":"ListItem","position":1,"name":"Startseite","item":"https:\/\/alice.ch\/de\/"},{"@type":"ListItem","position":2,"name":"Events","item":"https:\/\/alice.ch\/de\/event\/"},{"@type":"ListItem","position":3,"name":"Tag der Schweizer Qualit\u00e4t 2023"}]},{"@type":"WebSite","@id":"https:\/\/alice.ch\/de\/#website","url":"https:\/\/alice.ch\/de\/","name":"alice.ch (Adult Learning Information Center) ist das Portal der Weiterbildung in der Schweiz.","description":"Schweizerischer Verband f\u00fcr Weiterbildung","publisher":{"@id":"https:\/\/alice.ch\/de\/#organization"},"potentialAction":[{"@type":"SearchAction","target":{"@type":"EntryPoint","urlTemplate":"https:\/\/alice.ch\/de\/?s={search_term_string}"},"query-input":{"@type":"PropertyValueSpecification","valueRequired":true,"valueName":"search_term_string"}}],"inLanguage":"de"},{"@type":"Organization","@id":"https:\/\/alice.ch\/de\/#organization","name":"SVEB Schweizerischer Verband f\u00fcr Weiterbildung","url":"https:\/\/alice.ch\/de\/","logo":{"@type":"ImageObject","inLanguage":"de","@id":"https:\/\/alice.ch\/de\/#\/schema\/logo\/image\/","url":"https:\/\/alice.ch\/app\/uploads\/2022\/07\/logo-sveb.png","contentUrl":"https:\/\/alice.ch\/app\/uploads\/2022\/07\/logo-sveb.png","width":145,"height":64,"caption":"SVEB Schweizerischer Verband f\u00fcr Weiterbildung"},"image":{"@id":"https:\/\/alice.ch\/de\/#\/schema\/logo\/image\/"},"sameAs":["https:\/\/www.linkedin.com\/company\/schweizerischer-verband-fr-weiterbildung-sveb\/"]}]}},"_links":{"self":[{"href":"https:\/\/alice.ch\/de\/wp-json\/wp\/v2\/event\/48460","targetHints":{"allow":["GET"]}}],"collection":[{"href":"https:\/\/alice.ch\/de\/wp-json\/wp\/v2\/event"}],"about":[{"href":"https:\/\/alice.ch\/de\/wp-json\/wp\/v2\/types\/event"}],"author":[{"embeddable":true,"href":"https:\/\/alice.ch\/de\/wp-json\/wp\/v2\/users\/22"}],"version-history":[{"count":10,"href":"https:\/\/alice.ch\/de\/wp-json\/wp\/v2\/event\/48460\/revisions"}],"predecessor-version":[{"id":52260,"href":"https:\/\/alice.ch\/de\/wp-json\/wp\/v2\/event\/48460\/revisions\/52260"}],"wp:featuredmedia":[{"embeddable":true,"href":"https:\/\/alice.ch\/de\/wp-json\/wp\/v2\/media\/48465"}],"wp:attachment":[{"href":"https:\/\/alice.ch\/de\/wp-json\/wp\/v2\/media?parent=48460"}],"wp:term":[{"taxonomy":"event-category","embeddable":true,"href":"https:\/\/alice.ch\/de\/wp-json\/wp\/v2\/event-category?post=48460"},{"taxonomy":"event-tag","embeddable":true,"href":"https:\/\/alice.ch\/de\/wp-json\/wp\/v2\/event-tag?post=48460"},{"taxonomy":"event-status","embeddable":true,"href":"https:\/\/alice.ch\/de\/wp-json\/wp\/v2\/event-status?post=48460"},{"taxonomy":"event-language","embeddable":true,"href":"https:\/\/alice.ch\/de\/wp-json\/wp\/v2\/event-language?post=48460"},{"taxonomy":"global-category","embeddable":true,"href":"https:\/\/alice.ch\/de\/wp-json\/wp\/v2\/global-category?post=48460"}],"curies":[{"name":"wp","href":"https:\/\/api.w.org\/{rel}","templated":true}]}}

Tag der Schweizer Qualität 2023

<h3 class="wp-block-heading">Was Sie erwartet</h3>



<p>Die digitale und ökologische Transformation sowie der demografische Wandel stellen Unternehmen vor grosse Herausforderungen. Organisationen müssen sich anpassen, und neue Strukturen entwickeln, um in diesem sich ständig verändernden Umfeld wettbewerbsfähig zu bleiben.</p>



<p>Doch wie?</p>



<ul class="wp-block-list">
<li>Welche Organisationsformen, Methoden und Strategien helfen dabei?</li>



<li>Behalten wir das Kapital Mensch im Fokus oder fokussieren wir auf neue Führungsansätze und Managementkonzepte?</li>



<li>Wie können sich Unternehmen als verantwortungsvolle Akteure positionieren, um als Arbeitgeber*in im umkämpften Markt für Fachkräfte attraktiv zu bleiben?</li>
</ul>



<h4 class="wp-block-heading"><a href="https://saq.ch/de/veranstaltungen/tag_der_schweizer_qualitaet/tsq-2023/">Programm und Informationen</a></h4>



<p>SVEB-Mitglieder erhalten einen Rabatt von 15%.</p>

<p>Was Sie erwartet Die digitale und ökologische Transformation sowie der demografische Wandel stellen Unternehmen vor grosse Herausforderungen. Organisationen müssen sich [&hellip;]</p>

<!-- This site is optimized with the Yoast SEO plugin v27.3 - https://yoast.com/product/yoast-seo-wordpress/ -->
<title>Tag der Schweizer Qualität 2023 - SVEB</title>
<meta name="robots" content="index, follow, max-snippet:-1, max-image-preview:large, max-video-preview:-1" />
<link rel="canonical" href="https://alice.ch/de/event/tag-der-schweizer-qualitaet-2023/" />
<meta property="og:locale" content="de_DE" />
<meta property="og:type" content="article" />
<meta property="og:title" content="Tag der Schweizer Qualität 2023 - SVEB" />
<meta property="og:description" content="Was Sie erwartet Die digitale und ökologische Transformation sowie der demografische Wandel stellen Unternehmen vor grosse Herausforderungen. Organisationen müssen sich [&hellip;]" />
<meta property="og:url" content="https://alice.ch/de/event/tag-der-schweizer-qualitaet-2023/" />
<meta property="og:site_name" content="SVEB" />
<meta property="article:modified_time" content="2023-07-06T13:01:53+00:00" />
<meta property="og:image" content="https://alice.ch/app/uploads/2023/04/Unknown.png" />
	<meta property="og:image:width" content="229" />
	<meta property="og:image:height" content="127" />
	<meta property="og:image:type" content="image/png" />
<meta name="twitter:card" content="summary_large_image" />
<script type="application/ld+json" class="yoast-schema-graph">{"@context":"https:\/\/schema.org","@graph":[{"@type":"WebPage","@id":"https:\/\/alice.ch\/de\/event\/tag-der-schweizer-qualitaet-2023\/","url":"https:\/\/alice.ch\/de\/event\/tag-der-schweizer-qualitaet-2023\/","name":"Tag der Schweizer Qualität 2023 - SVEB","isPartOf":{"@id":"https:\/\/alice.ch\/de\/#website"},"primaryImageOfPage":{"@id":"https:\/\/alice.ch\/de\/event\/tag-der-schweizer-qualitaet-2023\/#primaryimage"},"image":{"@id":"https:\/\/alice.ch\/de\/event\/tag-der-schweizer-qualitaet-2023\/#primaryimage"},"thumbnailUrl":"https:\/\/alice.ch\/app\/uploads\/2023\/04\/Unknown.png","datePublished":"2023-04-19T11:51:20+00:00","dateModified":"2023-07-06T13:01:53+00:00","breadcrumb":{"@id":"https:\/\/alice.ch\/de\/event\/tag-der-schweizer-qualitaet-2023\/#breadcrumb"},"inLanguage":"de","potentialAction":[{"@type":"ReadAction","target":["https:\/\/alice.ch\/de\/event\/tag-der-schweizer-qualitaet-2023\/"]}]},{"@type":"ImageObject","inLanguage":"de","@id":"https:\/\/alice.ch\/de\/event\/tag-der-schweizer-qualitaet-2023\/#primaryimage","url":"https:\/\/alice.ch\/app\/uploads\/2023\/04\/Unknown.png","contentUrl":"https:\/\/alice.ch\/app\/uploads\/2023\/04\/Unknown.png","width":229,"height":127,"caption":"Saq.Tagung"},{"@type":"BreadcrumbList","@id":"https:\/\/alice.ch\/de\/event\/tag-der-schweizer-qualitaet-2023\/#breadcrumb","itemListElement":[{"@type":"ListItem","position":1,"name":"Startseite","item":"https:\/\/alice.ch\/de\/"},{"@type":"ListItem","position":2,"name":"Events","item":"https:\/\/alice.ch\/de\/event\/"},{"@type":"ListItem","position":3,"name":"Tag der Schweizer Qualität 2023"}]},{"@type":"WebSite","@id":"https:\/\/alice.ch\/de\/#website","url":"https:\/\/alice.ch\/de\/","name":"alice.ch (Adult Learning Information Center) ist das Portal der Weiterbildung in der Schweiz.","description":"Schweizerischer Verband für Weiterbildung","publisher":{"@id":"https:\/\/alice.ch\/de\/#organization"},"potentialAction":[{"@type":"SearchAction","target":{"@type":"EntryPoint","urlTemplate":"https:\/\/alice.ch\/de\/?s={search_term_string}"},"query-input":{"@type":"PropertyValueSpecification","valueRequired":true,"valueName":"search_term_string"}}],"inLanguage":"de"},{"@type":"Organization","@id":"https:\/\/alice.ch\/de\/#organization","name":"SVEB Schweizerischer Verband für Weiterbildung","url":"https:\/\/alice.ch\/de\/","logo":{"@type":"ImageObject","inLanguage":"de","@id":"https:\/\/alice.ch\/de\/#\/schema\/logo\/image\/","url":"https:\/\/alice.ch\/app\/uploads\/2022\/07\/logo-sveb.png","contentUrl":"https:\/\/alice.ch\/app\/uploads\/2022\/07\/logo-sveb.png","width":145,"height":64,"caption":"SVEB Schweizerischer Verband für Weiterbildung"},"image":{"@id":"https:\/\/alice.ch\/de\/#\/schema\/logo\/image\/"},"sameAs":["https:\/\/www.linkedin.com\/company\/schweizerischer-verband-fr-weiterbildung-sveb\/"]}]}</script>
<!-- / Yoast SEO plugin. -->

Tag der Schweizer Qualität 2023 - SVEB

Was Sie erwartet Die digitale und ökologische Transformation sowie der demografische Wandel stellen Unternehmen vor grosse Herausforderungen. Organisationen müssen sich [&hellip;]

Schweizerischer Verband für Weiterbildung

SVEB Schweizerischer Verband für Weiterbildung
