{"id":51731,"date":"2023-06-16T09:08:24","date_gmt":"2023-06-16T07:08:24","guid":{"rendered":"https:\/\/alice.ch\/?post_type=event&#038;p=51731"},"modified":"2023-07-10T10:01:11","modified_gmt":"2023-07-10T08:01:11","slug":"revidiertes-datenschutzgesetz","status":"publish","type":"event","link":"https:\/\/alice.ch\/de\/event\/revidiertes-datenschutzgesetz\/","title":{"rendered":"Revidiertes Datenschutzgesetz"},"content":{"rendered":"\n<p>Am 1. September 2023 tritt das neue Datenschutzgesetz der Schweiz in Kraft. Als Weiterbildungsanbieter haben Sie t\u00e4glich mit Personendaten zu tun \u2013 seien es Daten von Teilnehmenden, Mitarbeitenden, externen Referenten etc. Sie stehen vor der Herausforderung, die versch\u00e4rften Regeln in Ihrer t\u00e4glichen Arbeit zu ber\u00fccksichtigen.<\/p>\n\n\n\n<p>Damit Sie sich gezielt mit dem neuen Datenschutzgesetz auseinandersetzen und die Umsetzung praxisorientiert planen k\u00f6nnen, wird Ihnen der Datenschutzexperte, Michael Widmer, die grundlegenden Neuerungen zum Thema vorstellen. Im Anschluss an das Referat werden Sie die M\u00f6glichkeit haben, Fragen zu stellen.<\/p>\n\n\n\n<p>Michael Widmer ist Rechtsanwalt und Konsulent bei Probst Partner AG und Leiter der Fachstelle Datenschutz und IT-Recht an der ZHAW.<\/p>\n\n\n\n<p>Das Online-Seminar richtet sich an Personen, die in Weiterbildungsorganisationen t\u00e4tig sind und mit Personendaten zu tun haben.<\/p>\n\n\n\n<p>Das Seminar ist kostenpflichtig und findet online (Zoom) statt.<\/p>\n\n\n\n<p>Den Link zum Zoom erhalten Sie einen Tag vor der Veranstaltung per E-Mail. Bei Fragen k\u00f6nnen Sie sich jederzeit an <a href=\"mailto:claudia.hurtadorivas@alice.ch\">claudia.hurtadorivas@alice.ch<\/a> wenden.<\/p>\n\n\n\n<div class=\"wp-block-columns is-layout-flex wp-container-core-columns-is-layout-28f84493 wp-block-columns-is-layout-flex\">\n<div class=\"wp-block-column is-layout-flow wp-block-column-is-layout-flow\">\n<div class=\"wp-block-columns is-layout-flex wp-container-core-columns-is-layout-28f84493 wp-block-columns-is-layout-flex\">\n<div class=\"wp-block-column is-layout-flow wp-block-column-is-layout-flow\" style=\"flex-basis:100%\">\n<div class=\"wp-block-file is-style-minimal\"><a id=\"wp-block-file--media-eec9df04-5b29-4ed0-89c9-db8c1ad39e07\" href=\"https:\/\/alice.ch\/app\/uploads\/2023\/07\/datenschutz-michael-widmer-28062023.pdf\">Pr\u00e4sentation von Michael Widmer<br \/>PDF &#8211; 493 KB<\/a><\/div>\n<\/div>\n<\/div>\n<\/div>\n<\/div>\n","protected":false},"excerpt":{"rendered":"<p>Am 1. September 2023 tritt das neue Datenschutzgesetz der Schweiz in Kraft. Als Weiterbildungsanbieter haben Sie t\u00e4glich mit Personendaten zu [&hellip;]<\/p>\n","protected":false},"author":22,"featured_media":51735,"template":"","meta":{"_acf_changed":false,"inline_featured_image":false,"footnotes":""},"event-category":[24],"event-tag":[41],"event-status":[200],"event-language":[202],"global-category":[],"class_list":["post-51731","event","type-event","status-publish","has-post-thumbnail","hentry","event-category-sveb-kooperation-events","event-tag-41","event-status-archiv","event-language-deutsch"],"acf":[],"yoast_head":"<!-- This site is optimized with the Yoast SEO plugin v27.3 - https:\/\/yoast.com\/product\/yoast-seo-wordpress\/ -->\n<title>Revidiertes Datenschutzgesetz - SVEB<\/title>\n<meta name=\"robots\" content=\"index, follow, max-snippet:-1, max-image-preview:large, max-video-preview:-1\" \/>\n<link rel=\"canonical\" href=\"https:\/\/alice.ch\/de\/event\/revidiertes-datenschutzgesetz\/\" \/>\n<meta property=\"og:locale\" content=\"de_DE\" \/>\n<meta property=\"og:type\" content=\"article\" \/>\n<meta property=\"og:title\" content=\"Revidiertes Datenschutzgesetz - SVEB\" \/>\n<meta property=\"og:description\" content=\"Am 1. September 2023 tritt das neue Datenschutzgesetz der Schweiz in Kraft. Als Weiterbildungsanbieter haben Sie t\u00e4glich mit Personendaten zu [&hellip;]\" \/>\n<meta property=\"og:url\" content=\"https:\/\/alice.ch\/de\/event\/revidiertes-datenschutzgesetz\/\" \/>\n<meta property=\"og:site_name\" content=\"SVEB\" \/>\n<meta property=\"article:modified_time\" content=\"2023-07-10T08:01:11+00:00\" \/>\n<meta property=\"og:image\" content=\"https:\/\/alice.ch\/app\/uploads\/2023\/06\/svebwebinar_d.jpg\" \/>\n\t<meta property=\"og:image:width\" content=\"370\" \/>\n\t<meta property=\"og:image:height\" content=\"185\" \/>\n\t<meta property=\"og:image:type\" content=\"image\/jpeg\" \/>\n<meta name=\"twitter:card\" content=\"summary_large_image\" \/>\n<meta name=\"twitter:label1\" content=\"Gesch\u00e4tzte Lesezeit\" \/>\n\t<meta name=\"twitter:data1\" content=\"1\u00a0Minute\" \/>\n<script type=\"application\/ld+json\" class=\"yoast-schema-graph\">{\"@context\":\"https:\\\/\\\/schema.org\",\"@graph\":[{\"@type\":\"WebPage\",\"@id\":\"https:\\\/\\\/alice.ch\\\/de\\\/event\\\/revidiertes-datenschutzgesetz\\\/\",\"url\":\"https:\\\/\\\/alice.ch\\\/de\\\/event\\\/revidiertes-datenschutzgesetz\\\/\",\"name\":\"Revidiertes Datenschutzgesetz - SVEB\",\"isPartOf\":{\"@id\":\"https:\\\/\\\/alice.ch\\\/de\\\/#website\"},\"primaryImageOfPage\":{\"@id\":\"https:\\\/\\\/alice.ch\\\/de\\\/event\\\/revidiertes-datenschutzgesetz\\\/#primaryimage\"},\"image\":{\"@id\":\"https:\\\/\\\/alice.ch\\\/de\\\/event\\\/revidiertes-datenschutzgesetz\\\/#primaryimage\"},\"thumbnailUrl\":\"https:\\\/\\\/alice.ch\\\/app\\\/uploads\\\/2023\\\/06\\\/svebwebinar_d.jpg\",\"datePublished\":\"2023-06-16T07:08:24+00:00\",\"dateModified\":\"2023-07-10T08:01:11+00:00\",\"breadcrumb\":{\"@id\":\"https:\\\/\\\/alice.ch\\\/de\\\/event\\\/revidiertes-datenschutzgesetz\\\/#breadcrumb\"},\"inLanguage\":\"de\",\"potentialAction\":[{\"@type\":\"ReadAction\",\"target\":[\"https:\\\/\\\/alice.ch\\\/de\\\/event\\\/revidiertes-datenschutzgesetz\\\/\"]}]},{\"@type\":\"ImageObject\",\"inLanguage\":\"de\",\"@id\":\"https:\\\/\\\/alice.ch\\\/de\\\/event\\\/revidiertes-datenschutzgesetz\\\/#primaryimage\",\"url\":\"https:\\\/\\\/alice.ch\\\/app\\\/uploads\\\/2023\\\/06\\\/svebwebinar_d.jpg\",\"contentUrl\":\"https:\\\/\\\/alice.ch\\\/app\\\/uploads\\\/2023\\\/06\\\/svebwebinar_d.jpg\",\"width\":370,\"height\":185},{\"@type\":\"BreadcrumbList\",\"@id\":\"https:\\\/\\\/alice.ch\\\/de\\\/event\\\/revidiertes-datenschutzgesetz\\\/#breadcrumb\",\"itemListElement\":[{\"@type\":\"ListItem\",\"position\":1,\"name\":\"Startseite\",\"item\":\"https:\\\/\\\/alice.ch\\\/de\\\/\"},{\"@type\":\"ListItem\",\"position\":2,\"name\":\"Events\",\"item\":\"https:\\\/\\\/alice.ch\\\/de\\\/event\\\/\"},{\"@type\":\"ListItem\",\"position\":3,\"name\":\"Revidiertes Datenschutzgesetz\"}]},{\"@type\":\"WebSite\",\"@id\":\"https:\\\/\\\/alice.ch\\\/de\\\/#website\",\"url\":\"https:\\\/\\\/alice.ch\\\/de\\\/\",\"name\":\"alice.ch (Adult Learning Information Center) ist das Portal der Weiterbildung in der Schweiz.\",\"description\":\"Schweizerischer Verband f\u00fcr Weiterbildung\",\"publisher\":{\"@id\":\"https:\\\/\\\/alice.ch\\\/de\\\/#organization\"},\"potentialAction\":[{\"@type\":\"SearchAction\",\"target\":{\"@type\":\"EntryPoint\",\"urlTemplate\":\"https:\\\/\\\/alice.ch\\\/de\\\/?s={search_term_string}\"},\"query-input\":{\"@type\":\"PropertyValueSpecification\",\"valueRequired\":true,\"valueName\":\"search_term_string\"}}],\"inLanguage\":\"de\"},{\"@type\":\"Organization\",\"@id\":\"https:\\\/\\\/alice.ch\\\/de\\\/#organization\",\"name\":\"SVEB Schweizerischer Verband f\u00fcr Weiterbildung\",\"url\":\"https:\\\/\\\/alice.ch\\\/de\\\/\",\"logo\":{\"@type\":\"ImageObject\",\"inLanguage\":\"de\",\"@id\":\"https:\\\/\\\/alice.ch\\\/de\\\/#\\\/schema\\\/logo\\\/image\\\/\",\"url\":\"https:\\\/\\\/alice.ch\\\/app\\\/uploads\\\/2022\\\/07\\\/logo-sveb.png\",\"contentUrl\":\"https:\\\/\\\/alice.ch\\\/app\\\/uploads\\\/2022\\\/07\\\/logo-sveb.png\",\"width\":145,\"height\":64,\"caption\":\"SVEB Schweizerischer Verband f\u00fcr Weiterbildung\"},\"image\":{\"@id\":\"https:\\\/\\\/alice.ch\\\/de\\\/#\\\/schema\\\/logo\\\/image\\\/\"},\"sameAs\":[\"https:\\\/\\\/www.linkedin.com\\\/company\\\/schweizerischer-verband-fr-weiterbildung-sveb\\\/\"]}]}<\/script>\n<!-- \/ Yoast SEO plugin. -->","yoast_head_json":{"title":"Revidiertes Datenschutzgesetz - SVEB","robots":{"index":"index","follow":"follow","max-snippet":"max-snippet:-1","max-image-preview":"max-image-preview:large","max-video-preview":"max-video-preview:-1"},"canonical":"https:\/\/alice.ch\/de\/event\/revidiertes-datenschutzgesetz\/","og_locale":"de_DE","og_type":"article","og_title":"Revidiertes Datenschutzgesetz - SVEB","og_description":"Am 1. September 2023 tritt das neue Datenschutzgesetz der Schweiz in Kraft. Als Weiterbildungsanbieter haben Sie t\u00e4glich mit Personendaten zu [&hellip;]","og_url":"https:\/\/alice.ch\/de\/event\/revidiertes-datenschutzgesetz\/","og_site_name":"SVEB","article_modified_time":"2023-07-10T08:01:11+00:00","og_image":[{"width":370,"height":185,"url":"https:\/\/alice.ch\/app\/uploads\/2023\/06\/svebwebinar_d.jpg","type":"image\/jpeg"}],"twitter_card":"summary_large_image","twitter_misc":{"Gesch\u00e4tzte Lesezeit":"1\u00a0Minute"},"schema":{"@context":"https:\/\/schema.org","@graph":[{"@type":"WebPage","@id":"https:\/\/alice.ch\/de\/event\/revidiertes-datenschutzgesetz\/","url":"https:\/\/alice.ch\/de\/event\/revidiertes-datenschutzgesetz\/","name":"Revidiertes Datenschutzgesetz - SVEB","isPartOf":{"@id":"https:\/\/alice.ch\/de\/#website"},"primaryImageOfPage":{"@id":"https:\/\/alice.ch\/de\/event\/revidiertes-datenschutzgesetz\/#primaryimage"},"image":{"@id":"https:\/\/alice.ch\/de\/event\/revidiertes-datenschutzgesetz\/#primaryimage"},"thumbnailUrl":"https:\/\/alice.ch\/app\/uploads\/2023\/06\/svebwebinar_d.jpg","datePublished":"2023-06-16T07:08:24+00:00","dateModified":"2023-07-10T08:01:11+00:00","breadcrumb":{"@id":"https:\/\/alice.ch\/de\/event\/revidiertes-datenschutzgesetz\/#breadcrumb"},"inLanguage":"de","potentialAction":[{"@type":"ReadAction","target":["https:\/\/alice.ch\/de\/event\/revidiertes-datenschutzgesetz\/"]}]},{"@type":"ImageObject","inLanguage":"de","@id":"https:\/\/alice.ch\/de\/event\/revidiertes-datenschutzgesetz\/#primaryimage","url":"https:\/\/alice.ch\/app\/uploads\/2023\/06\/svebwebinar_d.jpg","contentUrl":"https:\/\/alice.ch\/app\/uploads\/2023\/06\/svebwebinar_d.jpg","width":370,"height":185},{"@type":"BreadcrumbList","@id":"https:\/\/alice.ch\/de\/event\/revidiertes-datenschutzgesetz\/#breadcrumb","itemListElement":[{"@type":"ListItem","position":1,"name":"Startseite","item":"https:\/\/alice.ch\/de\/"},{"@type":"ListItem","position":2,"name":"Events","item":"https:\/\/alice.ch\/de\/event\/"},{"@type":"ListItem","position":3,"name":"Revidiertes Datenschutzgesetz"}]},{"@type":"WebSite","@id":"https:\/\/alice.ch\/de\/#website","url":"https:\/\/alice.ch\/de\/","name":"alice.ch (Adult Learning Information Center) ist das Portal der Weiterbildung in der Schweiz.","description":"Schweizerischer Verband f\u00fcr Weiterbildung","publisher":{"@id":"https:\/\/alice.ch\/de\/#organization"},"potentialAction":[{"@type":"SearchAction","target":{"@type":"EntryPoint","urlTemplate":"https:\/\/alice.ch\/de\/?s={search_term_string}"},"query-input":{"@type":"PropertyValueSpecification","valueRequired":true,"valueName":"search_term_string"}}],"inLanguage":"de"},{"@type":"Organization","@id":"https:\/\/alice.ch\/de\/#organization","name":"SVEB Schweizerischer Verband f\u00fcr Weiterbildung","url":"https:\/\/alice.ch\/de\/","logo":{"@type":"ImageObject","inLanguage":"de","@id":"https:\/\/alice.ch\/de\/#\/schema\/logo\/image\/","url":"https:\/\/alice.ch\/app\/uploads\/2022\/07\/logo-sveb.png","contentUrl":"https:\/\/alice.ch\/app\/uploads\/2022\/07\/logo-sveb.png","width":145,"height":64,"caption":"SVEB Schweizerischer Verband f\u00fcr Weiterbildung"},"image":{"@id":"https:\/\/alice.ch\/de\/#\/schema\/logo\/image\/"},"sameAs":["https:\/\/www.linkedin.com\/company\/schweizerischer-verband-fr-weiterbildung-sveb\/"]}]}},"_links":{"self":[{"href":"https:\/\/alice.ch\/de\/wp-json\/wp\/v2\/event\/51731","targetHints":{"allow":["GET"]}}],"collection":[{"href":"https:\/\/alice.ch\/de\/wp-json\/wp\/v2\/event"}],"about":[{"href":"https:\/\/alice.ch\/de\/wp-json\/wp\/v2\/types\/event"}],"author":[{"embeddable":true,"href":"https:\/\/alice.ch\/de\/wp-json\/wp\/v2\/users\/22"}],"version-history":[{"count":14,"href":"https:\/\/alice.ch\/de\/wp-json\/wp\/v2\/event\/51731\/revisions"}],"predecessor-version":[{"id":52433,"href":"https:\/\/alice.ch\/de\/wp-json\/wp\/v2\/event\/51731\/revisions\/52433"}],"wp:featuredmedia":[{"embeddable":true,"href":"https:\/\/alice.ch\/de\/wp-json\/wp\/v2\/media\/51735"}],"wp:attachment":[{"href":"https:\/\/alice.ch\/de\/wp-json\/wp\/v2\/media?parent=51731"}],"wp:term":[{"taxonomy":"event-category","embeddable":true,"href":"https:\/\/alice.ch\/de\/wp-json\/wp\/v2\/event-category?post=51731"},{"taxonomy":"event-tag","embeddable":true,"href":"https:\/\/alice.ch\/de\/wp-json\/wp\/v2\/event-tag?post=51731"},{"taxonomy":"event-status","embeddable":true,"href":"https:\/\/alice.ch\/de\/wp-json\/wp\/v2\/event-status?post=51731"},{"taxonomy":"event-language","embeddable":true,"href":"https:\/\/alice.ch\/de\/wp-json\/wp\/v2\/event-language?post=51731"},{"taxonomy":"global-category","embeddable":true,"href":"https:\/\/alice.ch\/de\/wp-json\/wp\/v2\/global-category?post=51731"}],"curies":[{"name":"wp","href":"https:\/\/api.w.org\/{rel}","templated":true}]}}

<p>Am 1. September 2023 tritt das neue Datenschutzgesetz der Schweiz in Kraft. Als Weiterbildungsanbieter haben Sie täglich mit Personendaten zu tun – seien es Daten von Teilnehmenden, Mitarbeitenden, externen Referenten etc. Sie stehen vor der Herausforderung, die verschärften Regeln in Ihrer täglichen Arbeit zu berücksichtigen.</p>



<p>Damit Sie sich gezielt mit dem neuen Datenschutzgesetz auseinandersetzen und die Umsetzung praxisorientiert planen können, wird Ihnen der Datenschutzexperte, Michael Widmer, die grundlegenden Neuerungen zum Thema vorstellen. Im Anschluss an das Referat werden Sie die Möglichkeit haben, Fragen zu stellen.</p>



<p>Michael Widmer ist Rechtsanwalt und Konsulent bei Probst Partner AG und Leiter der Fachstelle Datenschutz und IT-Recht an der ZHAW.</p>



<p>Das Online-Seminar richtet sich an Personen, die in Weiterbildungsorganisationen tätig sind und mit Personendaten zu tun haben.</p>



<p>Das Seminar ist kostenpflichtig und findet online (Zoom) statt.</p>



<p>Den Link zum Zoom erhalten Sie einen Tag vor der Veranstaltung per E-Mail. Bei Fragen können Sie sich jederzeit an <a href="mailto:claudia.hurtadorivas@alice.ch">claudia.hurtadorivas@alice.ch</a> wenden.</p>



<div class="wp-block-columns is-layout-flex wp-container-core-columns-is-layout-28f84493 wp-block-columns-is-layout-flex">
<div class="wp-block-column is-layout-flow wp-block-column-is-layout-flow">
<div class="wp-block-columns is-layout-flex wp-container-core-columns-is-layout-28f84493 wp-block-columns-is-layout-flex">
<div class="wp-block-column is-layout-flow wp-block-column-is-layout-flow" style="flex-basis:100%">
<div class="wp-block-file is-style-minimal"><a id="wp-block-file--media-eec9df04-5b29-4ed0-89c9-db8c1ad39e07" href="https://alice.ch/app/uploads/2023/07/datenschutz-michael-widmer-28062023.pdf">Präsentation von Michael Widmer<br />PDF &#8211; 493 KB</a></div>
</div>
</div>
</div>
</div>

<p>Am 1. September 2023 tritt das neue Datenschutzgesetz der Schweiz in Kraft. Als Weiterbildungsanbieter haben Sie täglich mit Personendaten zu [&hellip;]</p>

<!-- This site is optimized with the Yoast SEO plugin v27.3 - https://yoast.com/product/yoast-seo-wordpress/ -->
<title>Revidiertes Datenschutzgesetz - SVEB</title>
<meta name="robots" content="index, follow, max-snippet:-1, max-image-preview:large, max-video-preview:-1" />
<link rel="canonical" href="https://alice.ch/de/event/revidiertes-datenschutzgesetz/" />
<meta property="og:locale" content="de_DE" />
<meta property="og:type" content="article" />
<meta property="og:title" content="Revidiertes Datenschutzgesetz - SVEB" />
<meta property="og:description" content="Am 1. September 2023 tritt das neue Datenschutzgesetz der Schweiz in Kraft. Als Weiterbildungsanbieter haben Sie täglich mit Personendaten zu [&hellip;]" />
<meta property="og:url" content="https://alice.ch/de/event/revidiertes-datenschutzgesetz/" />
<meta property="og:site_name" content="SVEB" />
<meta property="article:modified_time" content="2023-07-10T08:01:11+00:00" />
<meta property="og:image" content="https://alice.ch/app/uploads/2023/06/svebwebinar_d.jpg" />
	<meta property="og:image:width" content="370" />
	<meta property="og:image:height" content="185" />
	<meta property="og:image:type" content="image/jpeg" />
<meta name="twitter:card" content="summary_large_image" />
<meta name="twitter:label1" content="Geschätzte Lesezeit" />
	<meta name="twitter:data1" content="1 Minute" />
<script type="application/ld+json" class="yoast-schema-graph">{"@context":"https:\/\/schema.org","@graph":[{"@type":"WebPage","@id":"https:\/\/alice.ch\/de\/event\/revidiertes-datenschutzgesetz\/","url":"https:\/\/alice.ch\/de\/event\/revidiertes-datenschutzgesetz\/","name":"Revidiertes Datenschutzgesetz - SVEB","isPartOf":{"@id":"https:\/\/alice.ch\/de\/#website"},"primaryImageOfPage":{"@id":"https:\/\/alice.ch\/de\/event\/revidiertes-datenschutzgesetz\/#primaryimage"},"image":{"@id":"https:\/\/alice.ch\/de\/event\/revidiertes-datenschutzgesetz\/#primaryimage"},"thumbnailUrl":"https:\/\/alice.ch\/app\/uploads\/2023\/06\/svebwebinar_d.jpg","datePublished":"2023-06-16T07:08:24+00:00","dateModified":"2023-07-10T08:01:11+00:00","breadcrumb":{"@id":"https:\/\/alice.ch\/de\/event\/revidiertes-datenschutzgesetz\/#breadcrumb"},"inLanguage":"de","potentialAction":[{"@type":"ReadAction","target":["https:\/\/alice.ch\/de\/event\/revidiertes-datenschutzgesetz\/"]}]},{"@type":"ImageObject","inLanguage":"de","@id":"https:\/\/alice.ch\/de\/event\/revidiertes-datenschutzgesetz\/#primaryimage","url":"https:\/\/alice.ch\/app\/uploads\/2023\/06\/svebwebinar_d.jpg","contentUrl":"https:\/\/alice.ch\/app\/uploads\/2023\/06\/svebwebinar_d.jpg","width":370,"height":185},{"@type":"BreadcrumbList","@id":"https:\/\/alice.ch\/de\/event\/revidiertes-datenschutzgesetz\/#breadcrumb","itemListElement":[{"@type":"ListItem","position":1,"name":"Startseite","item":"https:\/\/alice.ch\/de\/"},{"@type":"ListItem","position":2,"name":"Events","item":"https:\/\/alice.ch\/de\/event\/"},{"@type":"ListItem","position":3,"name":"Revidiertes Datenschutzgesetz"}]},{"@type":"WebSite","@id":"https:\/\/alice.ch\/de\/#website","url":"https:\/\/alice.ch\/de\/","name":"alice.ch (Adult Learning Information Center) ist das Portal der Weiterbildung in der Schweiz.","description":"Schweizerischer Verband für Weiterbildung","publisher":{"@id":"https:\/\/alice.ch\/de\/#organization"},"potentialAction":[{"@type":"SearchAction","target":{"@type":"EntryPoint","urlTemplate":"https:\/\/alice.ch\/de\/?s={search_term_string}"},"query-input":{"@type":"PropertyValueSpecification","valueRequired":true,"valueName":"search_term_string"}}],"inLanguage":"de"},{"@type":"Organization","@id":"https:\/\/alice.ch\/de\/#organization","name":"SVEB Schweizerischer Verband für Weiterbildung","url":"https:\/\/alice.ch\/de\/","logo":{"@type":"ImageObject","inLanguage":"de","@id":"https:\/\/alice.ch\/de\/#\/schema\/logo\/image\/","url":"https:\/\/alice.ch\/app\/uploads\/2022\/07\/logo-sveb.png","contentUrl":"https:\/\/alice.ch\/app\/uploads\/2022\/07\/logo-sveb.png","width":145,"height":64,"caption":"SVEB Schweizerischer Verband für Weiterbildung"},"image":{"@id":"https:\/\/alice.ch\/de\/#\/schema\/logo\/image\/"},"sameAs":["https:\/\/www.linkedin.com\/company\/schweizerischer-verband-fr-weiterbildung-sveb\/"]}]}</script>
<!-- / Yoast SEO plugin. -->

Am 1. September 2023 tritt das neue Datenschutzgesetz der Schweiz in Kraft. Als Weiterbildungsanbieter haben Sie täglich mit Personendaten zu [&hellip;]

Schweizerischer Verband für Weiterbildung

SVEB Schweizerischer Verband für Weiterbildung
