{"id":51770,"date":"2023-06-19T09:30:40","date_gmt":"2023-06-19T07:30:40","guid":{"rendered":"https:\/\/alice.ch\/?post_type=event&#038;p=51770"},"modified":"2023-09-07T16:00:36","modified_gmt":"2023-09-07T14:00:36","slug":"erfa-tagung-2023","status":"publish","type":"event","link":"https:\/\/alice.ch\/de\/event\/erfa-tagung-2023\/","title":{"rendered":"ERFA-Tagung 2023"},"content":{"rendered":"\n<p>Wie in den vergangenen Jahren wird die Veranstaltung <strong>hybrid<\/strong> durchgef\u00fchrt. Im Anschluss findet ein Netzwerk-Ap\u00e9ro statt.<\/p>\n\n\n\n<p>Zielgruppe der Veranstaltung sind alle interessierten Personen aus Bildungsinstitutionen, Pr\u00fcfungsorganisationen und Tr\u00e4gerverb\u00e4nden, Organisationen der Arbeitswelt sowie Personalverantwortliche und Arbeitgeber.<\/p>\n\n\n\n<p>Weitere Informationen zum detaillierten Programm und zur Anmeldung finden Sie auf der <a href=\"https:\/\/dualstark.ch\/erfa-tagung-save-the-date\/\">Website<\/a>.<\/p>\n","protected":false},"excerpt":{"rendered":"<p>Wie in den vergangenen Jahren wird die Veranstaltung hybrid durchgef\u00fchrt. Im Anschluss findet ein Netzwerk-Ap\u00e9ro statt. Zielgruppe der Veranstaltung sind [&hellip;]<\/p>\n","protected":false},"author":22,"featured_media":51772,"template":"","meta":{"_acf_changed":false,"inline_featured_image":false,"footnotes":""},"event-category":[],"event-tag":[41],"event-status":[200],"event-language":[202],"global-category":[],"class_list":["post-51770","event","type-event","status-publish","has-post-thumbnail","hentry","event-tag-41","event-status-archiv","event-language-deutsch"],"acf":[],"yoast_head":"<!-- This site is optimized with the Yoast SEO plugin v27.3 - https:\/\/yoast.com\/product\/yoast-seo-wordpress\/ -->\n<title>ERFA-Tagung 2023 - SVEB<\/title>\n<meta name=\"robots\" content=\"index, follow, max-snippet:-1, max-image-preview:large, max-video-preview:-1\" \/>\n<link rel=\"canonical\" href=\"https:\/\/alice.ch\/de\/event\/erfa-tagung-2023\/\" \/>\n<meta property=\"og:locale\" content=\"de_DE\" \/>\n<meta property=\"og:type\" content=\"article\" \/>\n<meta property=\"og:title\" content=\"ERFA-Tagung 2023 - SVEB\" \/>\n<meta property=\"og:description\" content=\"Wie in den vergangenen Jahren wird die Veranstaltung hybrid durchgef\u00fchrt. Im Anschluss findet ein Netzwerk-Ap\u00e9ro statt. Zielgruppe der Veranstaltung sind [&hellip;]\" \/>\n<meta property=\"og:url\" content=\"https:\/\/alice.ch\/de\/event\/erfa-tagung-2023\/\" \/>\n<meta property=\"og:site_name\" content=\"SVEB\" \/>\n<meta property=\"article:modified_time\" content=\"2023-09-07T14:00:36+00:00\" \/>\n<meta property=\"og:image\" content=\"https:\/\/alice.ch\/app\/uploads\/2023\/06\/logo.png\" \/>\n\t<meta property=\"og:image:width\" content=\"700\" \/>\n\t<meta property=\"og:image:height\" content=\"226\" \/>\n\t<meta property=\"og:image:type\" content=\"image\/png\" \/>\n<meta name=\"twitter:card\" content=\"summary_large_image\" \/>\n<script type=\"application\/ld+json\" class=\"yoast-schema-graph\">{\"@context\":\"https:\\\/\\\/schema.org\",\"@graph\":[{\"@type\":\"WebPage\",\"@id\":\"https:\\\/\\\/alice.ch\\\/de\\\/event\\\/erfa-tagung-2023\\\/\",\"url\":\"https:\\\/\\\/alice.ch\\\/de\\\/event\\\/erfa-tagung-2023\\\/\",\"name\":\"ERFA-Tagung 2023 - SVEB\",\"isPartOf\":{\"@id\":\"https:\\\/\\\/alice.ch\\\/de\\\/#website\"},\"primaryImageOfPage\":{\"@id\":\"https:\\\/\\\/alice.ch\\\/de\\\/event\\\/erfa-tagung-2023\\\/#primaryimage\"},\"image\":{\"@id\":\"https:\\\/\\\/alice.ch\\\/de\\\/event\\\/erfa-tagung-2023\\\/#primaryimage\"},\"thumbnailUrl\":\"https:\\\/\\\/alice.ch\\\/app\\\/uploads\\\/2023\\\/06\\\/logo.png\",\"datePublished\":\"2023-06-19T07:30:40+00:00\",\"dateModified\":\"2023-09-07T14:00:36+00:00\",\"breadcrumb\":{\"@id\":\"https:\\\/\\\/alice.ch\\\/de\\\/event\\\/erfa-tagung-2023\\\/#breadcrumb\"},\"inLanguage\":\"de\",\"potentialAction\":[{\"@type\":\"ReadAction\",\"target\":[\"https:\\\/\\\/alice.ch\\\/de\\\/event\\\/erfa-tagung-2023\\\/\"]}]},{\"@type\":\"ImageObject\",\"inLanguage\":\"de\",\"@id\":\"https:\\\/\\\/alice.ch\\\/de\\\/event\\\/erfa-tagung-2023\\\/#primaryimage\",\"url\":\"https:\\\/\\\/alice.ch\\\/app\\\/uploads\\\/2023\\\/06\\\/logo.png\",\"contentUrl\":\"https:\\\/\\\/alice.ch\\\/app\\\/uploads\\\/2023\\\/06\\\/logo.png\",\"width\":700,\"height\":226},{\"@type\":\"BreadcrumbList\",\"@id\":\"https:\\\/\\\/alice.ch\\\/de\\\/event\\\/erfa-tagung-2023\\\/#breadcrumb\",\"itemListElement\":[{\"@type\":\"ListItem\",\"position\":1,\"name\":\"Startseite\",\"item\":\"https:\\\/\\\/alice.ch\\\/de\\\/\"},{\"@type\":\"ListItem\",\"position\":2,\"name\":\"Events\",\"item\":\"https:\\\/\\\/alice.ch\\\/de\\\/event\\\/\"},{\"@type\":\"ListItem\",\"position\":3,\"name\":\"ERFA-Tagung 2023\"}]},{\"@type\":\"WebSite\",\"@id\":\"https:\\\/\\\/alice.ch\\\/de\\\/#website\",\"url\":\"https:\\\/\\\/alice.ch\\\/de\\\/\",\"name\":\"alice.ch (Adult Learning Information Center) ist das Portal der Weiterbildung in der Schweiz.\",\"description\":\"Schweizerischer Verband f\u00fcr Weiterbildung\",\"publisher\":{\"@id\":\"https:\\\/\\\/alice.ch\\\/de\\\/#organization\"},\"potentialAction\":[{\"@type\":\"SearchAction\",\"target\":{\"@type\":\"EntryPoint\",\"urlTemplate\":\"https:\\\/\\\/alice.ch\\\/de\\\/?s={search_term_string}\"},\"query-input\":{\"@type\":\"PropertyValueSpecification\",\"valueRequired\":true,\"valueName\":\"search_term_string\"}}],\"inLanguage\":\"de\"},{\"@type\":\"Organization\",\"@id\":\"https:\\\/\\\/alice.ch\\\/de\\\/#organization\",\"name\":\"SVEB Schweizerischer Verband f\u00fcr Weiterbildung\",\"url\":\"https:\\\/\\\/alice.ch\\\/de\\\/\",\"logo\":{\"@type\":\"ImageObject\",\"inLanguage\":\"de\",\"@id\":\"https:\\\/\\\/alice.ch\\\/de\\\/#\\\/schema\\\/logo\\\/image\\\/\",\"url\":\"https:\\\/\\\/alice.ch\\\/app\\\/uploads\\\/2022\\\/07\\\/logo-sveb.png\",\"contentUrl\":\"https:\\\/\\\/alice.ch\\\/app\\\/uploads\\\/2022\\\/07\\\/logo-sveb.png\",\"width\":145,\"height\":64,\"caption\":\"SVEB Schweizerischer Verband f\u00fcr Weiterbildung\"},\"image\":{\"@id\":\"https:\\\/\\\/alice.ch\\\/de\\\/#\\\/schema\\\/logo\\\/image\\\/\"},\"sameAs\":[\"https:\\\/\\\/www.linkedin.com\\\/company\\\/schweizerischer-verband-fr-weiterbildung-sveb\\\/\"]}]}<\/script>\n<!-- \/ Yoast SEO plugin. -->","yoast_head_json":{"title":"ERFA-Tagung 2023 - SVEB","robots":{"index":"index","follow":"follow","max-snippet":"max-snippet:-1","max-image-preview":"max-image-preview:large","max-video-preview":"max-video-preview:-1"},"canonical":"https:\/\/alice.ch\/de\/event\/erfa-tagung-2023\/","og_locale":"de_DE","og_type":"article","og_title":"ERFA-Tagung 2023 - SVEB","og_description":"Wie in den vergangenen Jahren wird die Veranstaltung hybrid durchgef\u00fchrt. Im Anschluss findet ein Netzwerk-Ap\u00e9ro statt. Zielgruppe der Veranstaltung sind [&hellip;]","og_url":"https:\/\/alice.ch\/de\/event\/erfa-tagung-2023\/","og_site_name":"SVEB","article_modified_time":"2023-09-07T14:00:36+00:00","og_image":[{"width":700,"height":226,"url":"https:\/\/alice.ch\/app\/uploads\/2023\/06\/logo.png","type":"image\/png"}],"twitter_card":"summary_large_image","schema":{"@context":"https:\/\/schema.org","@graph":[{"@type":"WebPage","@id":"https:\/\/alice.ch\/de\/event\/erfa-tagung-2023\/","url":"https:\/\/alice.ch\/de\/event\/erfa-tagung-2023\/","name":"ERFA-Tagung 2023 - SVEB","isPartOf":{"@id":"https:\/\/alice.ch\/de\/#website"},"primaryImageOfPage":{"@id":"https:\/\/alice.ch\/de\/event\/erfa-tagung-2023\/#primaryimage"},"image":{"@id":"https:\/\/alice.ch\/de\/event\/erfa-tagung-2023\/#primaryimage"},"thumbnailUrl":"https:\/\/alice.ch\/app\/uploads\/2023\/06\/logo.png","datePublished":"2023-06-19T07:30:40+00:00","dateModified":"2023-09-07T14:00:36+00:00","breadcrumb":{"@id":"https:\/\/alice.ch\/de\/event\/erfa-tagung-2023\/#breadcrumb"},"inLanguage":"de","potentialAction":[{"@type":"ReadAction","target":["https:\/\/alice.ch\/de\/event\/erfa-tagung-2023\/"]}]},{"@type":"ImageObject","inLanguage":"de","@id":"https:\/\/alice.ch\/de\/event\/erfa-tagung-2023\/#primaryimage","url":"https:\/\/alice.ch\/app\/uploads\/2023\/06\/logo.png","contentUrl":"https:\/\/alice.ch\/app\/uploads\/2023\/06\/logo.png","width":700,"height":226},{"@type":"BreadcrumbList","@id":"https:\/\/alice.ch\/de\/event\/erfa-tagung-2023\/#breadcrumb","itemListElement":[{"@type":"ListItem","position":1,"name":"Startseite","item":"https:\/\/alice.ch\/de\/"},{"@type":"ListItem","position":2,"name":"Events","item":"https:\/\/alice.ch\/de\/event\/"},{"@type":"ListItem","position":3,"name":"ERFA-Tagung 2023"}]},{"@type":"WebSite","@id":"https:\/\/alice.ch\/de\/#website","url":"https:\/\/alice.ch\/de\/","name":"alice.ch (Adult Learning Information Center) ist das Portal der Weiterbildung in der Schweiz.","description":"Schweizerischer Verband f\u00fcr Weiterbildung","publisher":{"@id":"https:\/\/alice.ch\/de\/#organization"},"potentialAction":[{"@type":"SearchAction","target":{"@type":"EntryPoint","urlTemplate":"https:\/\/alice.ch\/de\/?s={search_term_string}"},"query-input":{"@type":"PropertyValueSpecification","valueRequired":true,"valueName":"search_term_string"}}],"inLanguage":"de"},{"@type":"Organization","@id":"https:\/\/alice.ch\/de\/#organization","name":"SVEB Schweizerischer Verband f\u00fcr Weiterbildung","url":"https:\/\/alice.ch\/de\/","logo":{"@type":"ImageObject","inLanguage":"de","@id":"https:\/\/alice.ch\/de\/#\/schema\/logo\/image\/","url":"https:\/\/alice.ch\/app\/uploads\/2022\/07\/logo-sveb.png","contentUrl":"https:\/\/alice.ch\/app\/uploads\/2022\/07\/logo-sveb.png","width":145,"height":64,"caption":"SVEB Schweizerischer Verband f\u00fcr Weiterbildung"},"image":{"@id":"https:\/\/alice.ch\/de\/#\/schema\/logo\/image\/"},"sameAs":["https:\/\/www.linkedin.com\/company\/schweizerischer-verband-fr-weiterbildung-sveb\/"]}]}},"_links":{"self":[{"href":"https:\/\/alice.ch\/de\/wp-json\/wp\/v2\/event\/51770","targetHints":{"allow":["GET"]}}],"collection":[{"href":"https:\/\/alice.ch\/de\/wp-json\/wp\/v2\/event"}],"about":[{"href":"https:\/\/alice.ch\/de\/wp-json\/wp\/v2\/types\/event"}],"author":[{"embeddable":true,"href":"https:\/\/alice.ch\/de\/wp-json\/wp\/v2\/users\/22"}],"version-history":[{"count":7,"href":"https:\/\/alice.ch\/de\/wp-json\/wp\/v2\/event\/51770\/revisions"}],"predecessor-version":[{"id":53832,"href":"https:\/\/alice.ch\/de\/wp-json\/wp\/v2\/event\/51770\/revisions\/53832"}],"wp:featuredmedia":[{"embeddable":true,"href":"https:\/\/alice.ch\/de\/wp-json\/wp\/v2\/media\/51772"}],"wp:attachment":[{"href":"https:\/\/alice.ch\/de\/wp-json\/wp\/v2\/media?parent=51770"}],"wp:term":[{"taxonomy":"event-category","embeddable":true,"href":"https:\/\/alice.ch\/de\/wp-json\/wp\/v2\/event-category?post=51770"},{"taxonomy":"event-tag","embeddable":true,"href":"https:\/\/alice.ch\/de\/wp-json\/wp\/v2\/event-tag?post=51770"},{"taxonomy":"event-status","embeddable":true,"href":"https:\/\/alice.ch\/de\/wp-json\/wp\/v2\/event-status?post=51770"},{"taxonomy":"event-language","embeddable":true,"href":"https:\/\/alice.ch\/de\/wp-json\/wp\/v2\/event-language?post=51770"},{"taxonomy":"global-category","embeddable":true,"href":"https:\/\/alice.ch\/de\/wp-json\/wp\/v2\/global-category?post=51770"}],"curies":[{"name":"wp","href":"https:\/\/api.w.org\/{rel}","templated":true}]}}

<p>Wie in den vergangenen Jahren wird die Veranstaltung <strong>hybrid</strong> durchgeführt. Im Anschluss findet ein Netzwerk-Apéro statt.</p>



<p>Zielgruppe der Veranstaltung sind alle interessierten Personen aus Bildungsinstitutionen, Prüfungsorganisationen und Trägerverbänden, Organisationen der Arbeitswelt sowie Personalverantwortliche und Arbeitgeber.</p>



<p>Weitere Informationen zum detaillierten Programm und zur Anmeldung finden Sie auf der <a href="https://dualstark.ch/erfa-tagung-save-the-date/">Website</a>.</p>

<p>Wie in den vergangenen Jahren wird die Veranstaltung hybrid durchgeführt. Im Anschluss findet ein Netzwerk-Apéro statt. Zielgruppe der Veranstaltung sind [&hellip;]</p>

<!-- This site is optimized with the Yoast SEO plugin v27.3 - https://yoast.com/product/yoast-seo-wordpress/ -->
<title>ERFA-Tagung 2023 - SVEB</title>
<meta name="robots" content="index, follow, max-snippet:-1, max-image-preview:large, max-video-preview:-1" />
<link rel="canonical" href="https://alice.ch/de/event/erfa-tagung-2023/" />
<meta property="og:locale" content="de_DE" />
<meta property="og:type" content="article" />
<meta property="og:title" content="ERFA-Tagung 2023 - SVEB" />
<meta property="og:description" content="Wie in den vergangenen Jahren wird die Veranstaltung hybrid durchgeführt. Im Anschluss findet ein Netzwerk-Apéro statt. Zielgruppe der Veranstaltung sind [&hellip;]" />
<meta property="og:url" content="https://alice.ch/de/event/erfa-tagung-2023/" />
<meta property="og:site_name" content="SVEB" />
<meta property="article:modified_time" content="2023-09-07T14:00:36+00:00" />
<meta property="og:image" content="https://alice.ch/app/uploads/2023/06/logo.png" />
	<meta property="og:image:width" content="700" />
	<meta property="og:image:height" content="226" />
	<meta property="og:image:type" content="image/png" />
<meta name="twitter:card" content="summary_large_image" />
<script type="application/ld+json" class="yoast-schema-graph">{"@context":"https:\/\/schema.org","@graph":[{"@type":"WebPage","@id":"https:\/\/alice.ch\/de\/event\/erfa-tagung-2023\/","url":"https:\/\/alice.ch\/de\/event\/erfa-tagung-2023\/","name":"ERFA-Tagung 2023 - SVEB","isPartOf":{"@id":"https:\/\/alice.ch\/de\/#website"},"primaryImageOfPage":{"@id":"https:\/\/alice.ch\/de\/event\/erfa-tagung-2023\/#primaryimage"},"image":{"@id":"https:\/\/alice.ch\/de\/event\/erfa-tagung-2023\/#primaryimage"},"thumbnailUrl":"https:\/\/alice.ch\/app\/uploads\/2023\/06\/logo.png","datePublished":"2023-06-19T07:30:40+00:00","dateModified":"2023-09-07T14:00:36+00:00","breadcrumb":{"@id":"https:\/\/alice.ch\/de\/event\/erfa-tagung-2023\/#breadcrumb"},"inLanguage":"de","potentialAction":[{"@type":"ReadAction","target":["https:\/\/alice.ch\/de\/event\/erfa-tagung-2023\/"]}]},{"@type":"ImageObject","inLanguage":"de","@id":"https:\/\/alice.ch\/de\/event\/erfa-tagung-2023\/#primaryimage","url":"https:\/\/alice.ch\/app\/uploads\/2023\/06\/logo.png","contentUrl":"https:\/\/alice.ch\/app\/uploads\/2023\/06\/logo.png","width":700,"height":226},{"@type":"BreadcrumbList","@id":"https:\/\/alice.ch\/de\/event\/erfa-tagung-2023\/#breadcrumb","itemListElement":[{"@type":"ListItem","position":1,"name":"Startseite","item":"https:\/\/alice.ch\/de\/"},{"@type":"ListItem","position":2,"name":"Events","item":"https:\/\/alice.ch\/de\/event\/"},{"@type":"ListItem","position":3,"name":"ERFA-Tagung 2023"}]},{"@type":"WebSite","@id":"https:\/\/alice.ch\/de\/#website","url":"https:\/\/alice.ch\/de\/","name":"alice.ch (Adult Learning Information Center) ist das Portal der Weiterbildung in der Schweiz.","description":"Schweizerischer Verband für Weiterbildung","publisher":{"@id":"https:\/\/alice.ch\/de\/#organization"},"potentialAction":[{"@type":"SearchAction","target":{"@type":"EntryPoint","urlTemplate":"https:\/\/alice.ch\/de\/?s={search_term_string}"},"query-input":{"@type":"PropertyValueSpecification","valueRequired":true,"valueName":"search_term_string"}}],"inLanguage":"de"},{"@type":"Organization","@id":"https:\/\/alice.ch\/de\/#organization","name":"SVEB Schweizerischer Verband für Weiterbildung","url":"https:\/\/alice.ch\/de\/","logo":{"@type":"ImageObject","inLanguage":"de","@id":"https:\/\/alice.ch\/de\/#\/schema\/logo\/image\/","url":"https:\/\/alice.ch\/app\/uploads\/2022\/07\/logo-sveb.png","contentUrl":"https:\/\/alice.ch\/app\/uploads\/2022\/07\/logo-sveb.png","width":145,"height":64,"caption":"SVEB Schweizerischer Verband für Weiterbildung"},"image":{"@id":"https:\/\/alice.ch\/de\/#\/schema\/logo\/image\/"},"sameAs":["https:\/\/www.linkedin.com\/company\/schweizerischer-verband-fr-weiterbildung-sveb\/"]}]}</script>
<!-- / Yoast SEO plugin. -->

Wie in den vergangenen Jahren wird die Veranstaltung hybrid durchgeführt. Im Anschluss findet ein Netzwerk-Apéro statt. Zielgruppe der Veranstaltung sind [&hellip;]

Schweizerischer Verband für Weiterbildung

SVEB Schweizerischer Verband für Weiterbildung
