{"id":52813,"date":"2023-07-31T11:32:17","date_gmt":"2023-07-31T09:32:17","guid":{"rendered":"https:\/\/alice.ch\/?post_type=event&#038;p=52813"},"modified":"2023-09-21T10:52:23","modified_gmt":"2023-09-21T08:52:23","slug":"jahrestagung-der-dgfe-sektion-erwachsenenbildung-2023","status":"publish","type":"event","link":"https:\/\/alice.ch\/de\/event\/jahrestagung-der-dgfe-sektion-erwachsenenbildung-2023\/","title":{"rendered":"Jahrestagung der DGfE-Sektion Erwachsenenbildung 2023"},"content":{"rendered":"\n<p>Die n\u00e4chste&nbsp;Tagung der Sektion Erwachsenenbildung der deutschen Gesellschaft f\u00fcr Erziehungswissenschaft findet an der Ludwig-Maximilians-Universit\u00e4t M\u00fcnchen statt. Das Thema der Tagung lautet&nbsp;\u201eErwachsenenbildung und Nachhaltigkeit\u201c. Hier finden Sie weitere Informationen:&nbsp;<a href=\"https:\/\/www.edu.lmu.de\/apb\/sektionstagung\/index.html\" target=\"_blank\" rel=\"noreferrer noopener\">Sektionstagung EB 23 &#8211; Allgemeine P\u00e4dagogik und Bildungsforschung &#8211; LMU M\u00fcnchen<\/a>&nbsp;<\/p>\n","protected":false},"excerpt":{"rendered":"<p>Die n\u00e4chste&nbsp;Tagung der Sektion Erwachsenenbildung der deutschen Gesellschaft f\u00fcr Erziehungswissenschaft findet an der Ludwig-Maximilians-Universit\u00e4t M\u00fcnchen statt. Das Thema der Tagung [&hellip;]<\/p>\n","protected":false},"author":22,"featured_media":52824,"template":"","meta":{"_acf_changed":false,"inline_featured_image":false,"footnotes":""},"event-category":[],"event-tag":[41],"event-status":[200],"event-language":[202],"global-category":[],"class_list":["post-52813","event","type-event","status-publish","has-post-thumbnail","hentry","event-tag-41","event-status-archiv","event-language-deutsch"],"acf":[],"yoast_head":"<!-- This site is optimized with the Yoast SEO plugin v27.3 - https:\/\/yoast.com\/product\/yoast-seo-wordpress\/ -->\n<title>Jahrestagung der DGfE-Sektion Erwachsenenbildung 2023 - SVEB<\/title>\n<meta name=\"robots\" content=\"index, follow, max-snippet:-1, max-image-preview:large, max-video-preview:-1\" \/>\n<link rel=\"canonical\" href=\"https:\/\/alice.ch\/de\/event\/jahrestagung-der-dgfe-sektion-erwachsenenbildung-2023\/\" \/>\n<meta property=\"og:locale\" content=\"de_DE\" \/>\n<meta property=\"og:type\" content=\"article\" \/>\n<meta property=\"og:title\" content=\"Jahrestagung der DGfE-Sektion Erwachsenenbildung 2023 - SVEB\" \/>\n<meta property=\"og:description\" content=\"Die n\u00e4chste&nbsp;Tagung der Sektion Erwachsenenbildung der deutschen Gesellschaft f\u00fcr Erziehungswissenschaft findet an der Ludwig-Maximilians-Universit\u00e4t M\u00fcnchen statt. Das Thema der Tagung [&hellip;]\" \/>\n<meta property=\"og:url\" content=\"https:\/\/alice.ch\/de\/event\/jahrestagung-der-dgfe-sektion-erwachsenenbildung-2023\/\" \/>\n<meta property=\"og:site_name\" content=\"SVEB\" \/>\n<meta property=\"article:modified_time\" content=\"2023-09-21T08:52:23+00:00\" \/>\n<meta property=\"og:image\" content=\"https:\/\/alice.ch\/app\/uploads\/2023\/07\/110124_LogoDGfE-1.jpg\" \/>\n\t<meta property=\"og:image:width\" content=\"391\" \/>\n\t<meta property=\"og:image:height\" content=\"44\" \/>\n\t<meta property=\"og:image:type\" content=\"image\/jpeg\" \/>\n<meta name=\"twitter:card\" content=\"summary_large_image\" \/>\n<script type=\"application\/ld+json\" class=\"yoast-schema-graph\">{\"@context\":\"https:\\\/\\\/schema.org\",\"@graph\":[{\"@type\":\"WebPage\",\"@id\":\"https:\\\/\\\/alice.ch\\\/de\\\/event\\\/jahrestagung-der-dgfe-sektion-erwachsenenbildung-2023\\\/\",\"url\":\"https:\\\/\\\/alice.ch\\\/de\\\/event\\\/jahrestagung-der-dgfe-sektion-erwachsenenbildung-2023\\\/\",\"name\":\"Jahrestagung der DGfE-Sektion Erwachsenenbildung 2023 - SVEB\",\"isPartOf\":{\"@id\":\"https:\\\/\\\/alice.ch\\\/de\\\/#website\"},\"primaryImageOfPage\":{\"@id\":\"https:\\\/\\\/alice.ch\\\/de\\\/event\\\/jahrestagung-der-dgfe-sektion-erwachsenenbildung-2023\\\/#primaryimage\"},\"image\":{\"@id\":\"https:\\\/\\\/alice.ch\\\/de\\\/event\\\/jahrestagung-der-dgfe-sektion-erwachsenenbildung-2023\\\/#primaryimage\"},\"thumbnailUrl\":\"https:\\\/\\\/alice.ch\\\/app\\\/uploads\\\/2023\\\/07\\\/110124_LogoDGfE-1.jpg\",\"datePublished\":\"2023-07-31T09:32:17+00:00\",\"dateModified\":\"2023-09-21T08:52:23+00:00\",\"breadcrumb\":{\"@id\":\"https:\\\/\\\/alice.ch\\\/de\\\/event\\\/jahrestagung-der-dgfe-sektion-erwachsenenbildung-2023\\\/#breadcrumb\"},\"inLanguage\":\"de\",\"potentialAction\":[{\"@type\":\"ReadAction\",\"target\":[\"https:\\\/\\\/alice.ch\\\/de\\\/event\\\/jahrestagung-der-dgfe-sektion-erwachsenenbildung-2023\\\/\"]}]},{\"@type\":\"ImageObject\",\"inLanguage\":\"de\",\"@id\":\"https:\\\/\\\/alice.ch\\\/de\\\/event\\\/jahrestagung-der-dgfe-sektion-erwachsenenbildung-2023\\\/#primaryimage\",\"url\":\"https:\\\/\\\/alice.ch\\\/app\\\/uploads\\\/2023\\\/07\\\/110124_LogoDGfE-1.jpg\",\"contentUrl\":\"https:\\\/\\\/alice.ch\\\/app\\\/uploads\\\/2023\\\/07\\\/110124_LogoDGfE-1.jpg\",\"width\":391,\"height\":44},{\"@type\":\"BreadcrumbList\",\"@id\":\"https:\\\/\\\/alice.ch\\\/de\\\/event\\\/jahrestagung-der-dgfe-sektion-erwachsenenbildung-2023\\\/#breadcrumb\",\"itemListElement\":[{\"@type\":\"ListItem\",\"position\":1,\"name\":\"Startseite\",\"item\":\"https:\\\/\\\/alice.ch\\\/de\\\/\"},{\"@type\":\"ListItem\",\"position\":2,\"name\":\"Events\",\"item\":\"https:\\\/\\\/alice.ch\\\/de\\\/event\\\/\"},{\"@type\":\"ListItem\",\"position\":3,\"name\":\"Jahrestagung der DGfE-Sektion Erwachsenenbildung 2023\"}]},{\"@type\":\"WebSite\",\"@id\":\"https:\\\/\\\/alice.ch\\\/de\\\/#website\",\"url\":\"https:\\\/\\\/alice.ch\\\/de\\\/\",\"name\":\"alice.ch (Adult Learning Information Center) ist das Portal der Weiterbildung in der Schweiz.\",\"description\":\"Schweizerischer Verband f\u00fcr Weiterbildung\",\"publisher\":{\"@id\":\"https:\\\/\\\/alice.ch\\\/de\\\/#organization\"},\"potentialAction\":[{\"@type\":\"SearchAction\",\"target\":{\"@type\":\"EntryPoint\",\"urlTemplate\":\"https:\\\/\\\/alice.ch\\\/de\\\/?s={search_term_string}\"},\"query-input\":{\"@type\":\"PropertyValueSpecification\",\"valueRequired\":true,\"valueName\":\"search_term_string\"}}],\"inLanguage\":\"de\"},{\"@type\":\"Organization\",\"@id\":\"https:\\\/\\\/alice.ch\\\/de\\\/#organization\",\"name\":\"SVEB Schweizerischer Verband f\u00fcr Weiterbildung\",\"url\":\"https:\\\/\\\/alice.ch\\\/de\\\/\",\"logo\":{\"@type\":\"ImageObject\",\"inLanguage\":\"de\",\"@id\":\"https:\\\/\\\/alice.ch\\\/de\\\/#\\\/schema\\\/logo\\\/image\\\/\",\"url\":\"https:\\\/\\\/alice.ch\\\/app\\\/uploads\\\/2022\\\/07\\\/logo-sveb.png\",\"contentUrl\":\"https:\\\/\\\/alice.ch\\\/app\\\/uploads\\\/2022\\\/07\\\/logo-sveb.png\",\"width\":145,\"height\":64,\"caption\":\"SVEB Schweizerischer Verband f\u00fcr Weiterbildung\"},\"image\":{\"@id\":\"https:\\\/\\\/alice.ch\\\/de\\\/#\\\/schema\\\/logo\\\/image\\\/\"},\"sameAs\":[\"https:\\\/\\\/www.linkedin.com\\\/company\\\/schweizerischer-verband-fr-weiterbildung-sveb\\\/\"]}]}<\/script>\n<!-- \/ Yoast SEO plugin. -->","yoast_head_json":{"title":"Jahrestagung der DGfE-Sektion Erwachsenenbildung 2023 - SVEB","robots":{"index":"index","follow":"follow","max-snippet":"max-snippet:-1","max-image-preview":"max-image-preview:large","max-video-preview":"max-video-preview:-1"},"canonical":"https:\/\/alice.ch\/de\/event\/jahrestagung-der-dgfe-sektion-erwachsenenbildung-2023\/","og_locale":"de_DE","og_type":"article","og_title":"Jahrestagung der DGfE-Sektion Erwachsenenbildung 2023 - SVEB","og_description":"Die n\u00e4chste&nbsp;Tagung der Sektion Erwachsenenbildung der deutschen Gesellschaft f\u00fcr Erziehungswissenschaft findet an der Ludwig-Maximilians-Universit\u00e4t M\u00fcnchen statt. Das Thema der Tagung [&hellip;]","og_url":"https:\/\/alice.ch\/de\/event\/jahrestagung-der-dgfe-sektion-erwachsenenbildung-2023\/","og_site_name":"SVEB","article_modified_time":"2023-09-21T08:52:23+00:00","og_image":[{"width":391,"height":44,"url":"https:\/\/alice.ch\/app\/uploads\/2023\/07\/110124_LogoDGfE-1.jpg","type":"image\/jpeg"}],"twitter_card":"summary_large_image","schema":{"@context":"https:\/\/schema.org","@graph":[{"@type":"WebPage","@id":"https:\/\/alice.ch\/de\/event\/jahrestagung-der-dgfe-sektion-erwachsenenbildung-2023\/","url":"https:\/\/alice.ch\/de\/event\/jahrestagung-der-dgfe-sektion-erwachsenenbildung-2023\/","name":"Jahrestagung der DGfE-Sektion Erwachsenenbildung 2023 - SVEB","isPartOf":{"@id":"https:\/\/alice.ch\/de\/#website"},"primaryImageOfPage":{"@id":"https:\/\/alice.ch\/de\/event\/jahrestagung-der-dgfe-sektion-erwachsenenbildung-2023\/#primaryimage"},"image":{"@id":"https:\/\/alice.ch\/de\/event\/jahrestagung-der-dgfe-sektion-erwachsenenbildung-2023\/#primaryimage"},"thumbnailUrl":"https:\/\/alice.ch\/app\/uploads\/2023\/07\/110124_LogoDGfE-1.jpg","datePublished":"2023-07-31T09:32:17+00:00","dateModified":"2023-09-21T08:52:23+00:00","breadcrumb":{"@id":"https:\/\/alice.ch\/de\/event\/jahrestagung-der-dgfe-sektion-erwachsenenbildung-2023\/#breadcrumb"},"inLanguage":"de","potentialAction":[{"@type":"ReadAction","target":["https:\/\/alice.ch\/de\/event\/jahrestagung-der-dgfe-sektion-erwachsenenbildung-2023\/"]}]},{"@type":"ImageObject","inLanguage":"de","@id":"https:\/\/alice.ch\/de\/event\/jahrestagung-der-dgfe-sektion-erwachsenenbildung-2023\/#primaryimage","url":"https:\/\/alice.ch\/app\/uploads\/2023\/07\/110124_LogoDGfE-1.jpg","contentUrl":"https:\/\/alice.ch\/app\/uploads\/2023\/07\/110124_LogoDGfE-1.jpg","width":391,"height":44},{"@type":"BreadcrumbList","@id":"https:\/\/alice.ch\/de\/event\/jahrestagung-der-dgfe-sektion-erwachsenenbildung-2023\/#breadcrumb","itemListElement":[{"@type":"ListItem","position":1,"name":"Startseite","item":"https:\/\/alice.ch\/de\/"},{"@type":"ListItem","position":2,"name":"Events","item":"https:\/\/alice.ch\/de\/event\/"},{"@type":"ListItem","position":3,"name":"Jahrestagung der DGfE-Sektion Erwachsenenbildung 2023"}]},{"@type":"WebSite","@id":"https:\/\/alice.ch\/de\/#website","url":"https:\/\/alice.ch\/de\/","name":"alice.ch (Adult Learning Information Center) ist das Portal der Weiterbildung in der Schweiz.","description":"Schweizerischer Verband f\u00fcr Weiterbildung","publisher":{"@id":"https:\/\/alice.ch\/de\/#organization"},"potentialAction":[{"@type":"SearchAction","target":{"@type":"EntryPoint","urlTemplate":"https:\/\/alice.ch\/de\/?s={search_term_string}"},"query-input":{"@type":"PropertyValueSpecification","valueRequired":true,"valueName":"search_term_string"}}],"inLanguage":"de"},{"@type":"Organization","@id":"https:\/\/alice.ch\/de\/#organization","name":"SVEB Schweizerischer Verband f\u00fcr Weiterbildung","url":"https:\/\/alice.ch\/de\/","logo":{"@type":"ImageObject","inLanguage":"de","@id":"https:\/\/alice.ch\/de\/#\/schema\/logo\/image\/","url":"https:\/\/alice.ch\/app\/uploads\/2022\/07\/logo-sveb.png","contentUrl":"https:\/\/alice.ch\/app\/uploads\/2022\/07\/logo-sveb.png","width":145,"height":64,"caption":"SVEB Schweizerischer Verband f\u00fcr Weiterbildung"},"image":{"@id":"https:\/\/alice.ch\/de\/#\/schema\/logo\/image\/"},"sameAs":["https:\/\/www.linkedin.com\/company\/schweizerischer-verband-fr-weiterbildung-sveb\/"]}]}},"_links":{"self":[{"href":"https:\/\/alice.ch\/de\/wp-json\/wp\/v2\/event\/52813","targetHints":{"allow":["GET"]}}],"collection":[{"href":"https:\/\/alice.ch\/de\/wp-json\/wp\/v2\/event"}],"about":[{"href":"https:\/\/alice.ch\/de\/wp-json\/wp\/v2\/types\/event"}],"author":[{"embeddable":true,"href":"https:\/\/alice.ch\/de\/wp-json\/wp\/v2\/users\/22"}],"version-history":[{"count":9,"href":"https:\/\/alice.ch\/de\/wp-json\/wp\/v2\/event\/52813\/revisions"}],"predecessor-version":[{"id":54124,"href":"https:\/\/alice.ch\/de\/wp-json\/wp\/v2\/event\/52813\/revisions\/54124"}],"wp:featuredmedia":[{"embeddable":true,"href":"https:\/\/alice.ch\/de\/wp-json\/wp\/v2\/media\/52824"}],"wp:attachment":[{"href":"https:\/\/alice.ch\/de\/wp-json\/wp\/v2\/media?parent=52813"}],"wp:term":[{"taxonomy":"event-category","embeddable":true,"href":"https:\/\/alice.ch\/de\/wp-json\/wp\/v2\/event-category?post=52813"},{"taxonomy":"event-tag","embeddable":true,"href":"https:\/\/alice.ch\/de\/wp-json\/wp\/v2\/event-tag?post=52813"},{"taxonomy":"event-status","embeddable":true,"href":"https:\/\/alice.ch\/de\/wp-json\/wp\/v2\/event-status?post=52813"},{"taxonomy":"event-language","embeddable":true,"href":"https:\/\/alice.ch\/de\/wp-json\/wp\/v2\/event-language?post=52813"},{"taxonomy":"global-category","embeddable":true,"href":"https:\/\/alice.ch\/de\/wp-json\/wp\/v2\/global-category?post=52813"}],"curies":[{"name":"wp","href":"https:\/\/api.w.org\/{rel}","templated":true}]}}

<p>Die nächste&nbsp;Tagung der Sektion Erwachsenenbildung der deutschen Gesellschaft für Erziehungswissenschaft findet an der Ludwig-Maximilians-Universität München statt. Das Thema der Tagung lautet&nbsp;„Erwachsenenbildung und Nachhaltigkeit“. Hier finden Sie weitere Informationen:&nbsp;<a href="https://www.edu.lmu.de/apb/sektionstagung/index.html" target="_blank" rel="noreferrer noopener">Sektionstagung EB 23 &#8211; Allgemeine Pädagogik und Bildungsforschung &#8211; LMU München</a>&nbsp;</p>

<p>Die nächste&nbsp;Tagung der Sektion Erwachsenenbildung der deutschen Gesellschaft für Erziehungswissenschaft findet an der Ludwig-Maximilians-Universität München statt. Das Thema der Tagung [&hellip;]</p>

<!-- This site is optimized with the Yoast SEO plugin v27.3 - https://yoast.com/product/yoast-seo-wordpress/ -->
<title>Jahrestagung der DGfE-Sektion Erwachsenenbildung 2023 - SVEB</title>
<meta name="robots" content="index, follow, max-snippet:-1, max-image-preview:large, max-video-preview:-1" />
<link rel="canonical" href="https://alice.ch/de/event/jahrestagung-der-dgfe-sektion-erwachsenenbildung-2023/" />
<meta property="og:locale" content="de_DE" />
<meta property="og:type" content="article" />
<meta property="og:title" content="Jahrestagung der DGfE-Sektion Erwachsenenbildung 2023 - SVEB" />
<meta property="og:description" content="Die nächste&nbsp;Tagung der Sektion Erwachsenenbildung der deutschen Gesellschaft für Erziehungswissenschaft findet an der Ludwig-Maximilians-Universität München statt. Das Thema der Tagung [&hellip;]" />
<meta property="og:url" content="https://alice.ch/de/event/jahrestagung-der-dgfe-sektion-erwachsenenbildung-2023/" />
<meta property="og:site_name" content="SVEB" />
<meta property="article:modified_time" content="2023-09-21T08:52:23+00:00" />
<meta property="og:image" content="https://alice.ch/app/uploads/2023/07/110124_LogoDGfE-1.jpg" />
	<meta property="og:image:width" content="391" />
	<meta property="og:image:height" content="44" />
	<meta property="og:image:type" content="image/jpeg" />
<meta name="twitter:card" content="summary_large_image" />
<script type="application/ld+json" class="yoast-schema-graph">{"@context":"https:\/\/schema.org","@graph":[{"@type":"WebPage","@id":"https:\/\/alice.ch\/de\/event\/jahrestagung-der-dgfe-sektion-erwachsenenbildung-2023\/","url":"https:\/\/alice.ch\/de\/event\/jahrestagung-der-dgfe-sektion-erwachsenenbildung-2023\/","name":"Jahrestagung der DGfE-Sektion Erwachsenenbildung 2023 - SVEB","isPartOf":{"@id":"https:\/\/alice.ch\/de\/#website"},"primaryImageOfPage":{"@id":"https:\/\/alice.ch\/de\/event\/jahrestagung-der-dgfe-sektion-erwachsenenbildung-2023\/#primaryimage"},"image":{"@id":"https:\/\/alice.ch\/de\/event\/jahrestagung-der-dgfe-sektion-erwachsenenbildung-2023\/#primaryimage"},"thumbnailUrl":"https:\/\/alice.ch\/app\/uploads\/2023\/07\/110124_LogoDGfE-1.jpg","datePublished":"2023-07-31T09:32:17+00:00","dateModified":"2023-09-21T08:52:23+00:00","breadcrumb":{"@id":"https:\/\/alice.ch\/de\/event\/jahrestagung-der-dgfe-sektion-erwachsenenbildung-2023\/#breadcrumb"},"inLanguage":"de","potentialAction":[{"@type":"ReadAction","target":["https:\/\/alice.ch\/de\/event\/jahrestagung-der-dgfe-sektion-erwachsenenbildung-2023\/"]}]},{"@type":"ImageObject","inLanguage":"de","@id":"https:\/\/alice.ch\/de\/event\/jahrestagung-der-dgfe-sektion-erwachsenenbildung-2023\/#primaryimage","url":"https:\/\/alice.ch\/app\/uploads\/2023\/07\/110124_LogoDGfE-1.jpg","contentUrl":"https:\/\/alice.ch\/app\/uploads\/2023\/07\/110124_LogoDGfE-1.jpg","width":391,"height":44},{"@type":"BreadcrumbList","@id":"https:\/\/alice.ch\/de\/event\/jahrestagung-der-dgfe-sektion-erwachsenenbildung-2023\/#breadcrumb","itemListElement":[{"@type":"ListItem","position":1,"name":"Startseite","item":"https:\/\/alice.ch\/de\/"},{"@type":"ListItem","position":2,"name":"Events","item":"https:\/\/alice.ch\/de\/event\/"},{"@type":"ListItem","position":3,"name":"Jahrestagung der DGfE-Sektion Erwachsenenbildung 2023"}]},{"@type":"WebSite","@id":"https:\/\/alice.ch\/de\/#website","url":"https:\/\/alice.ch\/de\/","name":"alice.ch (Adult Learning Information Center) ist das Portal der Weiterbildung in der Schweiz.","description":"Schweizerischer Verband für Weiterbildung","publisher":{"@id":"https:\/\/alice.ch\/de\/#organization"},"potentialAction":[{"@type":"SearchAction","target":{"@type":"EntryPoint","urlTemplate":"https:\/\/alice.ch\/de\/?s={search_term_string}"},"query-input":{"@type":"PropertyValueSpecification","valueRequired":true,"valueName":"search_term_string"}}],"inLanguage":"de"},{"@type":"Organization","@id":"https:\/\/alice.ch\/de\/#organization","name":"SVEB Schweizerischer Verband für Weiterbildung","url":"https:\/\/alice.ch\/de\/","logo":{"@type":"ImageObject","inLanguage":"de","@id":"https:\/\/alice.ch\/de\/#\/schema\/logo\/image\/","url":"https:\/\/alice.ch\/app\/uploads\/2022\/07\/logo-sveb.png","contentUrl":"https:\/\/alice.ch\/app\/uploads\/2022\/07\/logo-sveb.png","width":145,"height":64,"caption":"SVEB Schweizerischer Verband für Weiterbildung"},"image":{"@id":"https:\/\/alice.ch\/de\/#\/schema\/logo\/image\/"},"sameAs":["https:\/\/www.linkedin.com\/company\/schweizerischer-verband-fr-weiterbildung-sveb\/"]}]}</script>
<!-- / Yoast SEO plugin. -->

Die nächste&nbsp;Tagung der Sektion Erwachsenenbildung der deutschen Gesellschaft für Erziehungswissenschaft findet an der Ludwig-Maximilians-Universität München statt. Das Thema der Tagung [&hellip;]

Schweizerischer Verband für Weiterbildung

SVEB Schweizerischer Verband für Weiterbildung
