{"id":54420,"date":"2023-09-27T16:09:10","date_gmt":"2023-09-27T14:09:10","guid":{"rendered":"https:\/\/alice.ch\/?post_type=event&#038;p=54420"},"modified":"2023-10-02T10:16:03","modified_gmt":"2023-10-02T08:16:03","slug":"internationale-fachtagung-zu-den-themen-ethik-und-menschenbild-ki-und-metaversum","status":"publish","type":"event","link":"https:\/\/alice.ch\/de\/event\/internationale-fachtagung-zu-den-themen-ethik-und-menschenbild-ki-und-metaversum\/","title":{"rendered":"Internationale Fachtagung zu den Themen \u00abEthik und Menschenbild, KI und Metaversum\u00bb"},"content":{"rendered":"\n<p>An der Internationale <strong><a href=\"https:\/\/plusbildung.ch\/d\/wp-content\/uploads\/sites\/2\/2023\/08\/PLUSBILDUNG-Flyer-Fachtagung-de-web.pdf\">Fachtagung<\/a> vom 5. Oktober in Basel<\/strong> geht es um solche ethischen und theologischen Fragen, um Bildung und KI und darum, wie wir sinnvoll mit der Tatsache umgehen, dass wir l\u00e4ngst von k\u00fcnstlicher Intelligenz umgeben sind und nicht nur beim Einkaufen von ihr &#8211; und denjenigen, die sie programmiert haben &#8211; beeinflusst werden.<\/p>\n\n\n\n<p>Die&nbsp;<strong>Frist f\u00fcr die Anmeldung wurde bis 1. Oktober 2023 verl\u00e4ngert<\/strong>, diese kann via <a href=\"https:\/\/plusbildung.ch\/d\/fachtagung_okt2023\/\">Online-Formular<\/a> erfolgen.<\/p>\n\n\n\n<p>Der Verband&nbsp;<a href=\"https:\/\/plusbildung.ch\/d\/\">plusbildung<\/a>&nbsp;ist seit 2013 die&nbsp;schweizerische Dachorganisation f\u00fcr non-for-male Bildung von Bildungsh\u00e4usern, Fachstellen&nbsp;und Organisationen aus dem katholischen,&nbsp;evangelisch-reformierten und \u00f6kumenischen&nbsp;Umfeld.&nbsp;<\/p>\n","protected":false},"excerpt":{"rendered":"<p>An der Internationale Fachtagung vom 5. Oktober in Basel geht es um solche ethischen und theologischen Fragen, um Bildung und [&hellip;]<\/p>\n","protected":false},"author":22,"featured_media":54456,"template":"","meta":{"_acf_changed":false,"inline_featured_image":false,"footnotes":""},"event-category":[152],"event-tag":[41],"event-status":[200],"event-language":[202,203],"global-category":[],"class_list":["post-54420","event","type-event","status-publish","has-post-thumbnail","hentry","event-category-externer-event","event-tag-41","event-status-archiv","event-language-deutsch","event-language-franzoesisch"],"acf":[],"yoast_head":"<!-- This site is optimized with the Yoast SEO plugin v27.3 - https:\/\/yoast.com\/product\/yoast-seo-wordpress\/ -->\n<title>Internationale Fachtagung zu den Themen \u00abEthik und Menschenbild, KI und Metaversum\u00bb - SVEB<\/title>\n<meta name=\"robots\" content=\"index, follow, max-snippet:-1, max-image-preview:large, max-video-preview:-1\" \/>\n<link rel=\"canonical\" href=\"https:\/\/alice.ch\/de\/event\/internationale-fachtagung-zu-den-themen-ethik-und-menschenbild-ki-und-metaversum\/\" \/>\n<meta property=\"og:locale\" content=\"de_DE\" \/>\n<meta property=\"og:type\" content=\"article\" \/>\n<meta property=\"og:title\" content=\"Internationale Fachtagung zu den Themen \u00abEthik und Menschenbild, KI und Metaversum\u00bb - SVEB\" \/>\n<meta property=\"og:description\" content=\"An der Internationale Fachtagung vom 5. Oktober in Basel geht es um solche ethischen und theologischen Fragen, um Bildung und [&hellip;]\" \/>\n<meta property=\"og:url\" content=\"https:\/\/alice.ch\/de\/event\/internationale-fachtagung-zu-den-themen-ethik-und-menschenbild-ki-und-metaversum\/\" \/>\n<meta property=\"og:site_name\" content=\"SVEB\" \/>\n<meta property=\"article:modified_time\" content=\"2023-10-02T08:16:03+00:00\" \/>\n<meta property=\"og:image\" content=\"https:\/\/alice.ch\/app\/uploads\/2023\/09\/marke-4.png\" \/>\n\t<meta property=\"og:image:width\" content=\"742\" \/>\n\t<meta property=\"og:image:height\" content=\"343\" \/>\n\t<meta property=\"og:image:type\" content=\"image\/png\" \/>\n<meta name=\"twitter:card\" content=\"summary_large_image\" \/>\n<meta name=\"twitter:label1\" content=\"Gesch\u00e4tzte Lesezeit\" \/>\n\t<meta name=\"twitter:data1\" content=\"1\u00a0Minute\" \/>\n<script type=\"application\/ld+json\" class=\"yoast-schema-graph\">{\"@context\":\"https:\\\/\\\/schema.org\",\"@graph\":[{\"@type\":\"WebPage\",\"@id\":\"https:\\\/\\\/alice.ch\\\/de\\\/event\\\/internationale-fachtagung-zu-den-themen-ethik-und-menschenbild-ki-und-metaversum\\\/\",\"url\":\"https:\\\/\\\/alice.ch\\\/de\\\/event\\\/internationale-fachtagung-zu-den-themen-ethik-und-menschenbild-ki-und-metaversum\\\/\",\"name\":\"Internationale Fachtagung zu den Themen \u00abEthik und Menschenbild, KI und Metaversum\u00bb - SVEB\",\"isPartOf\":{\"@id\":\"https:\\\/\\\/alice.ch\\\/de\\\/#website\"},\"primaryImageOfPage\":{\"@id\":\"https:\\\/\\\/alice.ch\\\/de\\\/event\\\/internationale-fachtagung-zu-den-themen-ethik-und-menschenbild-ki-und-metaversum\\\/#primaryimage\"},\"image\":{\"@id\":\"https:\\\/\\\/alice.ch\\\/de\\\/event\\\/internationale-fachtagung-zu-den-themen-ethik-und-menschenbild-ki-und-metaversum\\\/#primaryimage\"},\"thumbnailUrl\":\"https:\\\/\\\/alice.ch\\\/app\\\/uploads\\\/2023\\\/09\\\/marke-4.png\",\"datePublished\":\"2023-09-27T14:09:10+00:00\",\"dateModified\":\"2023-10-02T08:16:03+00:00\",\"breadcrumb\":{\"@id\":\"https:\\\/\\\/alice.ch\\\/de\\\/event\\\/internationale-fachtagung-zu-den-themen-ethik-und-menschenbild-ki-und-metaversum\\\/#breadcrumb\"},\"inLanguage\":\"de\",\"potentialAction\":[{\"@type\":\"ReadAction\",\"target\":[\"https:\\\/\\\/alice.ch\\\/de\\\/event\\\/internationale-fachtagung-zu-den-themen-ethik-und-menschenbild-ki-und-metaversum\\\/\"]}]},{\"@type\":\"ImageObject\",\"inLanguage\":\"de\",\"@id\":\"https:\\\/\\\/alice.ch\\\/de\\\/event\\\/internationale-fachtagung-zu-den-themen-ethik-und-menschenbild-ki-und-metaversum\\\/#primaryimage\",\"url\":\"https:\\\/\\\/alice.ch\\\/app\\\/uploads\\\/2023\\\/09\\\/marke-4.png\",\"contentUrl\":\"https:\\\/\\\/alice.ch\\\/app\\\/uploads\\\/2023\\\/09\\\/marke-4.png\",\"width\":742,\"height\":343},{\"@type\":\"BreadcrumbList\",\"@id\":\"https:\\\/\\\/alice.ch\\\/de\\\/event\\\/internationale-fachtagung-zu-den-themen-ethik-und-menschenbild-ki-und-metaversum\\\/#breadcrumb\",\"itemListElement\":[{\"@type\":\"ListItem\",\"position\":1,\"name\":\"Startseite\",\"item\":\"https:\\\/\\\/alice.ch\\\/de\\\/\"},{\"@type\":\"ListItem\",\"position\":2,\"name\":\"Events\",\"item\":\"https:\\\/\\\/alice.ch\\\/de\\\/event\\\/\"},{\"@type\":\"ListItem\",\"position\":3,\"name\":\"Internationale Fachtagung zu den Themen \u00abEthik und Menschenbild, KI und Metaversum\u00bb\"}]},{\"@type\":\"WebSite\",\"@id\":\"https:\\\/\\\/alice.ch\\\/de\\\/#website\",\"url\":\"https:\\\/\\\/alice.ch\\\/de\\\/\",\"name\":\"alice.ch (Adult Learning Information Center) ist das Portal der Weiterbildung in der Schweiz.\",\"description\":\"Schweizerischer Verband f\u00fcr Weiterbildung\",\"publisher\":{\"@id\":\"https:\\\/\\\/alice.ch\\\/de\\\/#organization\"},\"potentialAction\":[{\"@type\":\"SearchAction\",\"target\":{\"@type\":\"EntryPoint\",\"urlTemplate\":\"https:\\\/\\\/alice.ch\\\/de\\\/?s={search_term_string}\"},\"query-input\":{\"@type\":\"PropertyValueSpecification\",\"valueRequired\":true,\"valueName\":\"search_term_string\"}}],\"inLanguage\":\"de\"},{\"@type\":\"Organization\",\"@id\":\"https:\\\/\\\/alice.ch\\\/de\\\/#organization\",\"name\":\"SVEB Schweizerischer Verband f\u00fcr Weiterbildung\",\"url\":\"https:\\\/\\\/alice.ch\\\/de\\\/\",\"logo\":{\"@type\":\"ImageObject\",\"inLanguage\":\"de\",\"@id\":\"https:\\\/\\\/alice.ch\\\/de\\\/#\\\/schema\\\/logo\\\/image\\\/\",\"url\":\"https:\\\/\\\/alice.ch\\\/app\\\/uploads\\\/2022\\\/07\\\/logo-sveb.png\",\"contentUrl\":\"https:\\\/\\\/alice.ch\\\/app\\\/uploads\\\/2022\\\/07\\\/logo-sveb.png\",\"width\":145,\"height\":64,\"caption\":\"SVEB Schweizerischer Verband f\u00fcr Weiterbildung\"},\"image\":{\"@id\":\"https:\\\/\\\/alice.ch\\\/de\\\/#\\\/schema\\\/logo\\\/image\\\/\"},\"sameAs\":[\"https:\\\/\\\/www.linkedin.com\\\/company\\\/schweizerischer-verband-fr-weiterbildung-sveb\\\/\"]}]}<\/script>\n<!-- \/ Yoast SEO plugin. -->","yoast_head_json":{"title":"Internationale Fachtagung zu den Themen \u00abEthik und Menschenbild, KI und Metaversum\u00bb - SVEB","robots":{"index":"index","follow":"follow","max-snippet":"max-snippet:-1","max-image-preview":"max-image-preview:large","max-video-preview":"max-video-preview:-1"},"canonical":"https:\/\/alice.ch\/de\/event\/internationale-fachtagung-zu-den-themen-ethik-und-menschenbild-ki-und-metaversum\/","og_locale":"de_DE","og_type":"article","og_title":"Internationale Fachtagung zu den Themen \u00abEthik und Menschenbild, KI und Metaversum\u00bb - SVEB","og_description":"An der Internationale Fachtagung vom 5. Oktober in Basel geht es um solche ethischen und theologischen Fragen, um Bildung und [&hellip;]","og_url":"https:\/\/alice.ch\/de\/event\/internationale-fachtagung-zu-den-themen-ethik-und-menschenbild-ki-und-metaversum\/","og_site_name":"SVEB","article_modified_time":"2023-10-02T08:16:03+00:00","og_image":[{"width":742,"height":343,"url":"https:\/\/alice.ch\/app\/uploads\/2023\/09\/marke-4.png","type":"image\/png"}],"twitter_card":"summary_large_image","twitter_misc":{"Gesch\u00e4tzte Lesezeit":"1\u00a0Minute"},"schema":{"@context":"https:\/\/schema.org","@graph":[{"@type":"WebPage","@id":"https:\/\/alice.ch\/de\/event\/internationale-fachtagung-zu-den-themen-ethik-und-menschenbild-ki-und-metaversum\/","url":"https:\/\/alice.ch\/de\/event\/internationale-fachtagung-zu-den-themen-ethik-und-menschenbild-ki-und-metaversum\/","name":"Internationale Fachtagung zu den Themen \u00abEthik und Menschenbild, KI und Metaversum\u00bb - SVEB","isPartOf":{"@id":"https:\/\/alice.ch\/de\/#website"},"primaryImageOfPage":{"@id":"https:\/\/alice.ch\/de\/event\/internationale-fachtagung-zu-den-themen-ethik-und-menschenbild-ki-und-metaversum\/#primaryimage"},"image":{"@id":"https:\/\/alice.ch\/de\/event\/internationale-fachtagung-zu-den-themen-ethik-und-menschenbild-ki-und-metaversum\/#primaryimage"},"thumbnailUrl":"https:\/\/alice.ch\/app\/uploads\/2023\/09\/marke-4.png","datePublished":"2023-09-27T14:09:10+00:00","dateModified":"2023-10-02T08:16:03+00:00","breadcrumb":{"@id":"https:\/\/alice.ch\/de\/event\/internationale-fachtagung-zu-den-themen-ethik-und-menschenbild-ki-und-metaversum\/#breadcrumb"},"inLanguage":"de","potentialAction":[{"@type":"ReadAction","target":["https:\/\/alice.ch\/de\/event\/internationale-fachtagung-zu-den-themen-ethik-und-menschenbild-ki-und-metaversum\/"]}]},{"@type":"ImageObject","inLanguage":"de","@id":"https:\/\/alice.ch\/de\/event\/internationale-fachtagung-zu-den-themen-ethik-und-menschenbild-ki-und-metaversum\/#primaryimage","url":"https:\/\/alice.ch\/app\/uploads\/2023\/09\/marke-4.png","contentUrl":"https:\/\/alice.ch\/app\/uploads\/2023\/09\/marke-4.png","width":742,"height":343},{"@type":"BreadcrumbList","@id":"https:\/\/alice.ch\/de\/event\/internationale-fachtagung-zu-den-themen-ethik-und-menschenbild-ki-und-metaversum\/#breadcrumb","itemListElement":[{"@type":"ListItem","position":1,"name":"Startseite","item":"https:\/\/alice.ch\/de\/"},{"@type":"ListItem","position":2,"name":"Events","item":"https:\/\/alice.ch\/de\/event\/"},{"@type":"ListItem","position":3,"name":"Internationale Fachtagung zu den Themen \u00abEthik und Menschenbild, KI und Metaversum\u00bb"}]},{"@type":"WebSite","@id":"https:\/\/alice.ch\/de\/#website","url":"https:\/\/alice.ch\/de\/","name":"alice.ch (Adult Learning Information Center) ist das Portal der Weiterbildung in der Schweiz.","description":"Schweizerischer Verband f\u00fcr Weiterbildung","publisher":{"@id":"https:\/\/alice.ch\/de\/#organization"},"potentialAction":[{"@type":"SearchAction","target":{"@type":"EntryPoint","urlTemplate":"https:\/\/alice.ch\/de\/?s={search_term_string}"},"query-input":{"@type":"PropertyValueSpecification","valueRequired":true,"valueName":"search_term_string"}}],"inLanguage":"de"},{"@type":"Organization","@id":"https:\/\/alice.ch\/de\/#organization","name":"SVEB Schweizerischer Verband f\u00fcr Weiterbildung","url":"https:\/\/alice.ch\/de\/","logo":{"@type":"ImageObject","inLanguage":"de","@id":"https:\/\/alice.ch\/de\/#\/schema\/logo\/image\/","url":"https:\/\/alice.ch\/app\/uploads\/2022\/07\/logo-sveb.png","contentUrl":"https:\/\/alice.ch\/app\/uploads\/2022\/07\/logo-sveb.png","width":145,"height":64,"caption":"SVEB Schweizerischer Verband f\u00fcr Weiterbildung"},"image":{"@id":"https:\/\/alice.ch\/de\/#\/schema\/logo\/image\/"},"sameAs":["https:\/\/www.linkedin.com\/company\/schweizerischer-verband-fr-weiterbildung-sveb\/"]}]}},"_links":{"self":[{"href":"https:\/\/alice.ch\/de\/wp-json\/wp\/v2\/event\/54420","targetHints":{"allow":["GET"]}}],"collection":[{"href":"https:\/\/alice.ch\/de\/wp-json\/wp\/v2\/event"}],"about":[{"href":"https:\/\/alice.ch\/de\/wp-json\/wp\/v2\/types\/event"}],"author":[{"embeddable":true,"href":"https:\/\/alice.ch\/de\/wp-json\/wp\/v2\/users\/22"}],"version-history":[{"count":11,"href":"https:\/\/alice.ch\/de\/wp-json\/wp\/v2\/event\/54420\/revisions"}],"predecessor-version":[{"id":54518,"href":"https:\/\/alice.ch\/de\/wp-json\/wp\/v2\/event\/54420\/revisions\/54518"}],"wp:featuredmedia":[{"embeddable":true,"href":"https:\/\/alice.ch\/de\/wp-json\/wp\/v2\/media\/54456"}],"wp:attachment":[{"href":"https:\/\/alice.ch\/de\/wp-json\/wp\/v2\/media?parent=54420"}],"wp:term":[{"taxonomy":"event-category","embeddable":true,"href":"https:\/\/alice.ch\/de\/wp-json\/wp\/v2\/event-category?post=54420"},{"taxonomy":"event-tag","embeddable":true,"href":"https:\/\/alice.ch\/de\/wp-json\/wp\/v2\/event-tag?post=54420"},{"taxonomy":"event-status","embeddable":true,"href":"https:\/\/alice.ch\/de\/wp-json\/wp\/v2\/event-status?post=54420"},{"taxonomy":"event-language","embeddable":true,"href":"https:\/\/alice.ch\/de\/wp-json\/wp\/v2\/event-language?post=54420"},{"taxonomy":"global-category","embeddable":true,"href":"https:\/\/alice.ch\/de\/wp-json\/wp\/v2\/global-category?post=54420"}],"curies":[{"name":"wp","href":"https:\/\/api.w.org\/{rel}","templated":true}]}}

<p>An der Internationale <strong><a href="https://plusbildung.ch/d/wp-content/uploads/sites/2/2023/08/PLUSBILDUNG-Flyer-Fachtagung-de-web.pdf">Fachtagung</a> vom 5. Oktober in Basel</strong> geht es um solche ethischen und theologischen Fragen, um Bildung und KI und darum, wie wir sinnvoll mit der Tatsache umgehen, dass wir längst von künstlicher Intelligenz umgeben sind und nicht nur beim Einkaufen von ihr &#8211; und denjenigen, die sie programmiert haben &#8211; beeinflusst werden.</p>



<p>Die&nbsp;<strong>Frist für die Anmeldung wurde bis 1. Oktober 2023 verlängert</strong>, diese kann via <a href="https://plusbildung.ch/d/fachtagung_okt2023/">Online-Formular</a> erfolgen.</p>



<p>Der Verband&nbsp;<a href="https://plusbildung.ch/d/">plusbildung</a>&nbsp;ist seit 2013 die&nbsp;schweizerische Dachorganisation für non-for-male Bildung von Bildungshäusern, Fachstellen&nbsp;und Organisationen aus dem katholischen,&nbsp;evangelisch-reformierten und ökumenischen&nbsp;Umfeld.&nbsp;</p>

<!-- This site is optimized with the Yoast SEO plugin v27.3 - https://yoast.com/product/yoast-seo-wordpress/ -->
<title>Internationale Fachtagung zu den Themen «Ethik und Menschenbild, KI und Metaversum» - SVEB</title>
<meta name="robots" content="index, follow, max-snippet:-1, max-image-preview:large, max-video-preview:-1" />
<link rel="canonical" href="https://alice.ch/de/event/internationale-fachtagung-zu-den-themen-ethik-und-menschenbild-ki-und-metaversum/" />
<meta property="og:locale" content="de_DE" />
<meta property="og:type" content="article" />
<meta property="og:title" content="Internationale Fachtagung zu den Themen «Ethik und Menschenbild, KI und Metaversum» - SVEB" />
<meta property="og:description" content="An der Internationale Fachtagung vom 5. Oktober in Basel geht es um solche ethischen und theologischen Fragen, um Bildung und [&hellip;]" />
<meta property="og:url" content="https://alice.ch/de/event/internationale-fachtagung-zu-den-themen-ethik-und-menschenbild-ki-und-metaversum/" />
<meta property="og:site_name" content="SVEB" />
<meta property="article:modified_time" content="2023-10-02T08:16:03+00:00" />
<meta property="og:image" content="https://alice.ch/app/uploads/2023/09/marke-4.png" />
	<meta property="og:image:width" content="742" />
	<meta property="og:image:height" content="343" />
	<meta property="og:image:type" content="image/png" />
<meta name="twitter:card" content="summary_large_image" />
<meta name="twitter:label1" content="Geschätzte Lesezeit" />
	<meta name="twitter:data1" content="1 Minute" />
<script type="application/ld+json" class="yoast-schema-graph">{"@context":"https:\/\/schema.org","@graph":[{"@type":"WebPage","@id":"https:\/\/alice.ch\/de\/event\/internationale-fachtagung-zu-den-themen-ethik-und-menschenbild-ki-und-metaversum\/","url":"https:\/\/alice.ch\/de\/event\/internationale-fachtagung-zu-den-themen-ethik-und-menschenbild-ki-und-metaversum\/","name":"Internationale Fachtagung zu den Themen «Ethik und Menschenbild, KI und Metaversum» - SVEB","isPartOf":{"@id":"https:\/\/alice.ch\/de\/#website"},"primaryImageOfPage":{"@id":"https:\/\/alice.ch\/de\/event\/internationale-fachtagung-zu-den-themen-ethik-und-menschenbild-ki-und-metaversum\/#primaryimage"},"image":{"@id":"https:\/\/alice.ch\/de\/event\/internationale-fachtagung-zu-den-themen-ethik-und-menschenbild-ki-und-metaversum\/#primaryimage"},"thumbnailUrl":"https:\/\/alice.ch\/app\/uploads\/2023\/09\/marke-4.png","datePublished":"2023-09-27T14:09:10+00:00","dateModified":"2023-10-02T08:16:03+00:00","breadcrumb":{"@id":"https:\/\/alice.ch\/de\/event\/internationale-fachtagung-zu-den-themen-ethik-und-menschenbild-ki-und-metaversum\/#breadcrumb"},"inLanguage":"de","potentialAction":[{"@type":"ReadAction","target":["https:\/\/alice.ch\/de\/event\/internationale-fachtagung-zu-den-themen-ethik-und-menschenbild-ki-und-metaversum\/"]}]},{"@type":"ImageObject","inLanguage":"de","@id":"https:\/\/alice.ch\/de\/event\/internationale-fachtagung-zu-den-themen-ethik-und-menschenbild-ki-und-metaversum\/#primaryimage","url":"https:\/\/alice.ch\/app\/uploads\/2023\/09\/marke-4.png","contentUrl":"https:\/\/alice.ch\/app\/uploads\/2023\/09\/marke-4.png","width":742,"height":343},{"@type":"BreadcrumbList","@id":"https:\/\/alice.ch\/de\/event\/internationale-fachtagung-zu-den-themen-ethik-und-menschenbild-ki-und-metaversum\/#breadcrumb","itemListElement":[{"@type":"ListItem","position":1,"name":"Startseite","item":"https:\/\/alice.ch\/de\/"},{"@type":"ListItem","position":2,"name":"Events","item":"https:\/\/alice.ch\/de\/event\/"},{"@type":"ListItem","position":3,"name":"Internationale Fachtagung zu den Themen «Ethik und Menschenbild, KI und Metaversum»"}]},{"@type":"WebSite","@id":"https:\/\/alice.ch\/de\/#website","url":"https:\/\/alice.ch\/de\/","name":"alice.ch (Adult Learning Information Center) ist das Portal der Weiterbildung in der Schweiz.","description":"Schweizerischer Verband für Weiterbildung","publisher":{"@id":"https:\/\/alice.ch\/de\/#organization"},"potentialAction":[{"@type":"SearchAction","target":{"@type":"EntryPoint","urlTemplate":"https:\/\/alice.ch\/de\/?s={search_term_string}"},"query-input":{"@type":"PropertyValueSpecification","valueRequired":true,"valueName":"search_term_string"}}],"inLanguage":"de"},{"@type":"Organization","@id":"https:\/\/alice.ch\/de\/#organization","name":"SVEB Schweizerischer Verband für Weiterbildung","url":"https:\/\/alice.ch\/de\/","logo":{"@type":"ImageObject","inLanguage":"de","@id":"https:\/\/alice.ch\/de\/#\/schema\/logo\/image\/","url":"https:\/\/alice.ch\/app\/uploads\/2022\/07\/logo-sveb.png","contentUrl":"https:\/\/alice.ch\/app\/uploads\/2022\/07\/logo-sveb.png","width":145,"height":64,"caption":"SVEB Schweizerischer Verband für Weiterbildung"},"image":{"@id":"https:\/\/alice.ch\/de\/#\/schema\/logo\/image\/"},"sameAs":["https:\/\/www.linkedin.com\/company\/schweizerischer-verband-fr-weiterbildung-sveb\/"]}]}</script>
<!-- / Yoast SEO plugin. -->

Schweizerischer Verband für Weiterbildung

SVEB Schweizerischer Verband für Weiterbildung
