{"id":57854,"date":"2024-02-22T11:08:18","date_gmt":"2024-02-22T10:08:18","guid":{"rendered":"https:\/\/alice.ch\/?post_type=event&#038;p=57854"},"modified":"2024-04-17T18:02:03","modified_gmt":"2024-04-17T16:02:03","slug":"ausstellung-von-wort-zu-wort","status":"publish","type":"event","link":"https:\/\/alice.ch\/de\/event\/ausstellung-von-wort-zu-wort\/","title":{"rendered":"Ausstellung \u00abvon wOrt zu wOrt\u00bb"},"content":{"rendered":"\n<p>Ein Formular digital ausf\u00fcllen oder einen Rabatt ausrechnen: F\u00fcr diese allt\u00e4glichen Situationen braucht es Grundkompetenzen. Dieser Thematik widmet sich die Wanderausstellung \u00abvon wOrt zu wOrt\u00bb.&nbsp;<br><br>Besucher\/innen erfahren, was Grundkompetenzen beinhalten, wo Erwachsene im Alltag herausgefordert sind und wie sie damit umgehen.&nbsp;Die Ausstellung wurde von der Botschaftsgruppe Grundkompetenzen der Volkshochschule beider Basel initiiert und macht an diversen Orten in der Schweiz Halt. <br><br>Vom&nbsp;<strong>14. bis 20. M\u00e4rz 2024<\/strong>&nbsp;ist sie zu Gast an der EB Z\u00fcrich, Riesbachstrasse 11, 8008 Z\u00fcrich. <\/p>\n\n\n\n<p>Eintritt frei.<\/p>\n\n\n\n<p>Mehr Infos unter:\u00a0www.eb-zuerich.ch\/events\/von-wort-zu-wort\u00a0\u00a0<\/p>\n","protected":false},"excerpt":{"rendered":"<p>Ein Formular digital ausf\u00fcllen oder einen Rabatt ausrechnen: F\u00fcr diese allt\u00e4glichen Situationen braucht es Grundkompetenzen. Dieser Thematik widmet sich die [&hellip;]<\/p>\n","protected":false},"author":31,"featured_media":57862,"template":"","meta":{"_acf_changed":false,"inline_featured_image":false,"footnotes":""},"event-category":[152],"event-tag":[344],"event-status":[200],"event-language":[202],"global-category":[],"class_list":["post-57854","event","type-event","status-publish","has-post-thumbnail","hentry","event-category-externer-event","event-tag-344","event-status-archiv","event-language-deutsch"],"acf":[],"yoast_head":"<!-- This site is optimized with the Yoast SEO plugin v27.3 - https:\/\/yoast.com\/product\/yoast-seo-wordpress\/ -->\n<title>Ausstellung \u00abvon wOrt zu wOrt\u00bb - SVEB<\/title>\n<meta name=\"robots\" content=\"index, follow, max-snippet:-1, max-image-preview:large, max-video-preview:-1\" \/>\n<link rel=\"canonical\" href=\"https:\/\/alice.ch\/de\/event\/ausstellung-von-wort-zu-wort\/\" \/>\n<meta property=\"og:locale\" content=\"de_DE\" \/>\n<meta property=\"og:type\" content=\"article\" \/>\n<meta property=\"og:title\" content=\"Ausstellung \u00abvon wOrt zu wOrt\u00bb - SVEB\" \/>\n<meta property=\"og:description\" content=\"Ein Formular digital ausf\u00fcllen oder einen Rabatt ausrechnen: F\u00fcr diese allt\u00e4glichen Situationen braucht es Grundkompetenzen. Dieser Thematik widmet sich die [&hellip;]\" \/>\n<meta property=\"og:url\" content=\"https:\/\/alice.ch\/de\/event\/ausstellung-von-wort-zu-wort\/\" \/>\n<meta property=\"og:site_name\" content=\"SVEB\" \/>\n<meta property=\"article:modified_time\" content=\"2024-04-17T16:02:03+00:00\" \/>\n<meta property=\"og:image\" content=\"https:\/\/alice.ch\/app\/uploads\/2024\/02\/extern-wOrt-zu-wOrt24-weiss.jpg\" \/>\n\t<meta property=\"og:image:width\" content=\"493\" \/>\n\t<meta property=\"og:image:height\" content=\"247\" \/>\n\t<meta property=\"og:image:type\" content=\"image\/jpeg\" \/>\n<meta name=\"twitter:card\" content=\"summary_large_image\" \/>\n<script type=\"application\/ld+json\" class=\"yoast-schema-graph\">{\"@context\":\"https:\\\/\\\/schema.org\",\"@graph\":[{\"@type\":\"WebPage\",\"@id\":\"https:\\\/\\\/alice.ch\\\/de\\\/event\\\/ausstellung-von-wort-zu-wort\\\/\",\"url\":\"https:\\\/\\\/alice.ch\\\/de\\\/event\\\/ausstellung-von-wort-zu-wort\\\/\",\"name\":\"Ausstellung \u00abvon wOrt zu wOrt\u00bb - SVEB\",\"isPartOf\":{\"@id\":\"https:\\\/\\\/alice.ch\\\/de\\\/#website\"},\"primaryImageOfPage\":{\"@id\":\"https:\\\/\\\/alice.ch\\\/de\\\/event\\\/ausstellung-von-wort-zu-wort\\\/#primaryimage\"},\"image\":{\"@id\":\"https:\\\/\\\/alice.ch\\\/de\\\/event\\\/ausstellung-von-wort-zu-wort\\\/#primaryimage\"},\"thumbnailUrl\":\"https:\\\/\\\/alice.ch\\\/app\\\/uploads\\\/2024\\\/02\\\/extern-wOrt-zu-wOrt24-weiss.jpg\",\"datePublished\":\"2024-02-22T10:08:18+00:00\",\"dateModified\":\"2024-04-17T16:02:03+00:00\",\"breadcrumb\":{\"@id\":\"https:\\\/\\\/alice.ch\\\/de\\\/event\\\/ausstellung-von-wort-zu-wort\\\/#breadcrumb\"},\"inLanguage\":\"de\",\"potentialAction\":[{\"@type\":\"ReadAction\",\"target\":[\"https:\\\/\\\/alice.ch\\\/de\\\/event\\\/ausstellung-von-wort-zu-wort\\\/\"]}]},{\"@type\":\"ImageObject\",\"inLanguage\":\"de\",\"@id\":\"https:\\\/\\\/alice.ch\\\/de\\\/event\\\/ausstellung-von-wort-zu-wort\\\/#primaryimage\",\"url\":\"https:\\\/\\\/alice.ch\\\/app\\\/uploads\\\/2024\\\/02\\\/extern-wOrt-zu-wOrt24-weiss.jpg\",\"contentUrl\":\"https:\\\/\\\/alice.ch\\\/app\\\/uploads\\\/2024\\\/02\\\/extern-wOrt-zu-wOrt24-weiss.jpg\",\"width\":493,\"height\":247},{\"@type\":\"BreadcrumbList\",\"@id\":\"https:\\\/\\\/alice.ch\\\/de\\\/event\\\/ausstellung-von-wort-zu-wort\\\/#breadcrumb\",\"itemListElement\":[{\"@type\":\"ListItem\",\"position\":1,\"name\":\"Startseite\",\"item\":\"https:\\\/\\\/alice.ch\\\/de\\\/\"},{\"@type\":\"ListItem\",\"position\":2,\"name\":\"Events\",\"item\":\"https:\\\/\\\/alice.ch\\\/de\\\/event\\\/\"},{\"@type\":\"ListItem\",\"position\":3,\"name\":\"Ausstellung \u00abvon wOrt zu wOrt\u00bb\"}]},{\"@type\":\"WebSite\",\"@id\":\"https:\\\/\\\/alice.ch\\\/de\\\/#website\",\"url\":\"https:\\\/\\\/alice.ch\\\/de\\\/\",\"name\":\"alice.ch (Adult Learning Information Center) ist das Portal der Weiterbildung in der Schweiz.\",\"description\":\"Schweizerischer Verband f\u00fcr Weiterbildung\",\"publisher\":{\"@id\":\"https:\\\/\\\/alice.ch\\\/de\\\/#organization\"},\"potentialAction\":[{\"@type\":\"SearchAction\",\"target\":{\"@type\":\"EntryPoint\",\"urlTemplate\":\"https:\\\/\\\/alice.ch\\\/de\\\/?s={search_term_string}\"},\"query-input\":{\"@type\":\"PropertyValueSpecification\",\"valueRequired\":true,\"valueName\":\"search_term_string\"}}],\"inLanguage\":\"de\"},{\"@type\":\"Organization\",\"@id\":\"https:\\\/\\\/alice.ch\\\/de\\\/#organization\",\"name\":\"SVEB Schweizerischer Verband f\u00fcr Weiterbildung\",\"url\":\"https:\\\/\\\/alice.ch\\\/de\\\/\",\"logo\":{\"@type\":\"ImageObject\",\"inLanguage\":\"de\",\"@id\":\"https:\\\/\\\/alice.ch\\\/de\\\/#\\\/schema\\\/logo\\\/image\\\/\",\"url\":\"https:\\\/\\\/alice.ch\\\/app\\\/uploads\\\/2022\\\/07\\\/logo-sveb.png\",\"contentUrl\":\"https:\\\/\\\/alice.ch\\\/app\\\/uploads\\\/2022\\\/07\\\/logo-sveb.png\",\"width\":145,\"height\":64,\"caption\":\"SVEB Schweizerischer Verband f\u00fcr Weiterbildung\"},\"image\":{\"@id\":\"https:\\\/\\\/alice.ch\\\/de\\\/#\\\/schema\\\/logo\\\/image\\\/\"},\"sameAs\":[\"https:\\\/\\\/www.linkedin.com\\\/company\\\/schweizerischer-verband-fr-weiterbildung-sveb\\\/\"]}]}<\/script>\n<!-- \/ Yoast SEO plugin. -->","yoast_head_json":{"title":"Ausstellung \u00abvon wOrt zu wOrt\u00bb - SVEB","robots":{"index":"index","follow":"follow","max-snippet":"max-snippet:-1","max-image-preview":"max-image-preview:large","max-video-preview":"max-video-preview:-1"},"canonical":"https:\/\/alice.ch\/de\/event\/ausstellung-von-wort-zu-wort\/","og_locale":"de_DE","og_type":"article","og_title":"Ausstellung \u00abvon wOrt zu wOrt\u00bb - SVEB","og_description":"Ein Formular digital ausf\u00fcllen oder einen Rabatt ausrechnen: F\u00fcr diese allt\u00e4glichen Situationen braucht es Grundkompetenzen. Dieser Thematik widmet sich die [&hellip;]","og_url":"https:\/\/alice.ch\/de\/event\/ausstellung-von-wort-zu-wort\/","og_site_name":"SVEB","article_modified_time":"2024-04-17T16:02:03+00:00","og_image":[{"width":493,"height":247,"url":"https:\/\/alice.ch\/app\/uploads\/2024\/02\/extern-wOrt-zu-wOrt24-weiss.jpg","type":"image\/jpeg"}],"twitter_card":"summary_large_image","schema":{"@context":"https:\/\/schema.org","@graph":[{"@type":"WebPage","@id":"https:\/\/alice.ch\/de\/event\/ausstellung-von-wort-zu-wort\/","url":"https:\/\/alice.ch\/de\/event\/ausstellung-von-wort-zu-wort\/","name":"Ausstellung \u00abvon wOrt zu wOrt\u00bb - SVEB","isPartOf":{"@id":"https:\/\/alice.ch\/de\/#website"},"primaryImageOfPage":{"@id":"https:\/\/alice.ch\/de\/event\/ausstellung-von-wort-zu-wort\/#primaryimage"},"image":{"@id":"https:\/\/alice.ch\/de\/event\/ausstellung-von-wort-zu-wort\/#primaryimage"},"thumbnailUrl":"https:\/\/alice.ch\/app\/uploads\/2024\/02\/extern-wOrt-zu-wOrt24-weiss.jpg","datePublished":"2024-02-22T10:08:18+00:00","dateModified":"2024-04-17T16:02:03+00:00","breadcrumb":{"@id":"https:\/\/alice.ch\/de\/event\/ausstellung-von-wort-zu-wort\/#breadcrumb"},"inLanguage":"de","potentialAction":[{"@type":"ReadAction","target":["https:\/\/alice.ch\/de\/event\/ausstellung-von-wort-zu-wort\/"]}]},{"@type":"ImageObject","inLanguage":"de","@id":"https:\/\/alice.ch\/de\/event\/ausstellung-von-wort-zu-wort\/#primaryimage","url":"https:\/\/alice.ch\/app\/uploads\/2024\/02\/extern-wOrt-zu-wOrt24-weiss.jpg","contentUrl":"https:\/\/alice.ch\/app\/uploads\/2024\/02\/extern-wOrt-zu-wOrt24-weiss.jpg","width":493,"height":247},{"@type":"BreadcrumbList","@id":"https:\/\/alice.ch\/de\/event\/ausstellung-von-wort-zu-wort\/#breadcrumb","itemListElement":[{"@type":"ListItem","position":1,"name":"Startseite","item":"https:\/\/alice.ch\/de\/"},{"@type":"ListItem","position":2,"name":"Events","item":"https:\/\/alice.ch\/de\/event\/"},{"@type":"ListItem","position":3,"name":"Ausstellung \u00abvon wOrt zu wOrt\u00bb"}]},{"@type":"WebSite","@id":"https:\/\/alice.ch\/de\/#website","url":"https:\/\/alice.ch\/de\/","name":"alice.ch (Adult Learning Information Center) ist das Portal der Weiterbildung in der Schweiz.","description":"Schweizerischer Verband f\u00fcr Weiterbildung","publisher":{"@id":"https:\/\/alice.ch\/de\/#organization"},"potentialAction":[{"@type":"SearchAction","target":{"@type":"EntryPoint","urlTemplate":"https:\/\/alice.ch\/de\/?s={search_term_string}"},"query-input":{"@type":"PropertyValueSpecification","valueRequired":true,"valueName":"search_term_string"}}],"inLanguage":"de"},{"@type":"Organization","@id":"https:\/\/alice.ch\/de\/#organization","name":"SVEB Schweizerischer Verband f\u00fcr Weiterbildung","url":"https:\/\/alice.ch\/de\/","logo":{"@type":"ImageObject","inLanguage":"de","@id":"https:\/\/alice.ch\/de\/#\/schema\/logo\/image\/","url":"https:\/\/alice.ch\/app\/uploads\/2022\/07\/logo-sveb.png","contentUrl":"https:\/\/alice.ch\/app\/uploads\/2022\/07\/logo-sveb.png","width":145,"height":64,"caption":"SVEB Schweizerischer Verband f\u00fcr Weiterbildung"},"image":{"@id":"https:\/\/alice.ch\/de\/#\/schema\/logo\/image\/"},"sameAs":["https:\/\/www.linkedin.com\/company\/schweizerischer-verband-fr-weiterbildung-sveb\/"]}]}},"_links":{"self":[{"href":"https:\/\/alice.ch\/de\/wp-json\/wp\/v2\/event\/57854","targetHints":{"allow":["GET"]}}],"collection":[{"href":"https:\/\/alice.ch\/de\/wp-json\/wp\/v2\/event"}],"about":[{"href":"https:\/\/alice.ch\/de\/wp-json\/wp\/v2\/types\/event"}],"author":[{"embeddable":true,"href":"https:\/\/alice.ch\/de\/wp-json\/wp\/v2\/users\/31"}],"version-history":[{"count":7,"href":"https:\/\/alice.ch\/de\/wp-json\/wp\/v2\/event\/57854\/revisions"}],"predecessor-version":[{"id":59380,"href":"https:\/\/alice.ch\/de\/wp-json\/wp\/v2\/event\/57854\/revisions\/59380"}],"wp:featuredmedia":[{"embeddable":true,"href":"https:\/\/alice.ch\/de\/wp-json\/wp\/v2\/media\/57862"}],"wp:attachment":[{"href":"https:\/\/alice.ch\/de\/wp-json\/wp\/v2\/media?parent=57854"}],"wp:term":[{"taxonomy":"event-category","embeddable":true,"href":"https:\/\/alice.ch\/de\/wp-json\/wp\/v2\/event-category?post=57854"},{"taxonomy":"event-tag","embeddable":true,"href":"https:\/\/alice.ch\/de\/wp-json\/wp\/v2\/event-tag?post=57854"},{"taxonomy":"event-status","embeddable":true,"href":"https:\/\/alice.ch\/de\/wp-json\/wp\/v2\/event-status?post=57854"},{"taxonomy":"event-language","embeddable":true,"href":"https:\/\/alice.ch\/de\/wp-json\/wp\/v2\/event-language?post=57854"},{"taxonomy":"global-category","embeddable":true,"href":"https:\/\/alice.ch\/de\/wp-json\/wp\/v2\/global-category?post=57854"}],"curies":[{"name":"wp","href":"https:\/\/api.w.org\/{rel}","templated":true}]}}

<p>Ein Formular digital ausfüllen oder einen Rabatt ausrechnen: Für diese alltäglichen Situationen braucht es Grundkompetenzen. Dieser Thematik widmet sich die Wanderausstellung «von wOrt zu wOrt».&nbsp;<br><br>Besucher/innen erfahren, was Grundkompetenzen beinhalten, wo Erwachsene im Alltag herausgefordert sind und wie sie damit umgehen.&nbsp;Die Ausstellung wurde von der Botschaftsgruppe Grundkompetenzen der Volkshochschule beider Basel initiiert und macht an diversen Orten in der Schweiz Halt. <br><br>Vom&nbsp;<strong>14. bis 20. März 2024</strong>&nbsp;ist sie zu Gast an der EB Zürich, Riesbachstrasse 11, 8008 Zürich. </p>



<p>Eintritt frei.</p>



<p>Mehr Infos unter: www.eb-zuerich.ch/events/von-wort-zu-wort  </p>

<p>Ein Formular digital ausfüllen oder einen Rabatt ausrechnen: Für diese alltäglichen Situationen braucht es Grundkompetenzen. Dieser Thematik widmet sich die [&hellip;]</p>

<!-- This site is optimized with the Yoast SEO plugin v27.3 - https://yoast.com/product/yoast-seo-wordpress/ -->
<title>Ausstellung «von wOrt zu wOrt» - SVEB</title>
<meta name="robots" content="index, follow, max-snippet:-1, max-image-preview:large, max-video-preview:-1" />
<link rel="canonical" href="https://alice.ch/de/event/ausstellung-von-wort-zu-wort/" />
<meta property="og:locale" content="de_DE" />
<meta property="og:type" content="article" />
<meta property="og:title" content="Ausstellung «von wOrt zu wOrt» - SVEB" />
<meta property="og:description" content="Ein Formular digital ausfüllen oder einen Rabatt ausrechnen: Für diese alltäglichen Situationen braucht es Grundkompetenzen. Dieser Thematik widmet sich die [&hellip;]" />
<meta property="og:url" content="https://alice.ch/de/event/ausstellung-von-wort-zu-wort/" />
<meta property="og:site_name" content="SVEB" />
<meta property="article:modified_time" content="2024-04-17T16:02:03+00:00" />
<meta property="og:image" content="https://alice.ch/app/uploads/2024/02/extern-wOrt-zu-wOrt24-weiss.jpg" />
	<meta property="og:image:width" content="493" />
	<meta property="og:image:height" content="247" />
	<meta property="og:image:type" content="image/jpeg" />
<meta name="twitter:card" content="summary_large_image" />
<script type="application/ld+json" class="yoast-schema-graph">{"@context":"https:\/\/schema.org","@graph":[{"@type":"WebPage","@id":"https:\/\/alice.ch\/de\/event\/ausstellung-von-wort-zu-wort\/","url":"https:\/\/alice.ch\/de\/event\/ausstellung-von-wort-zu-wort\/","name":"Ausstellung «von wOrt zu wOrt» - SVEB","isPartOf":{"@id":"https:\/\/alice.ch\/de\/#website"},"primaryImageOfPage":{"@id":"https:\/\/alice.ch\/de\/event\/ausstellung-von-wort-zu-wort\/#primaryimage"},"image":{"@id":"https:\/\/alice.ch\/de\/event\/ausstellung-von-wort-zu-wort\/#primaryimage"},"thumbnailUrl":"https:\/\/alice.ch\/app\/uploads\/2024\/02\/extern-wOrt-zu-wOrt24-weiss.jpg","datePublished":"2024-02-22T10:08:18+00:00","dateModified":"2024-04-17T16:02:03+00:00","breadcrumb":{"@id":"https:\/\/alice.ch\/de\/event\/ausstellung-von-wort-zu-wort\/#breadcrumb"},"inLanguage":"de","potentialAction":[{"@type":"ReadAction","target":["https:\/\/alice.ch\/de\/event\/ausstellung-von-wort-zu-wort\/"]}]},{"@type":"ImageObject","inLanguage":"de","@id":"https:\/\/alice.ch\/de\/event\/ausstellung-von-wort-zu-wort\/#primaryimage","url":"https:\/\/alice.ch\/app\/uploads\/2024\/02\/extern-wOrt-zu-wOrt24-weiss.jpg","contentUrl":"https:\/\/alice.ch\/app\/uploads\/2024\/02\/extern-wOrt-zu-wOrt24-weiss.jpg","width":493,"height":247},{"@type":"BreadcrumbList","@id":"https:\/\/alice.ch\/de\/event\/ausstellung-von-wort-zu-wort\/#breadcrumb","itemListElement":[{"@type":"ListItem","position":1,"name":"Startseite","item":"https:\/\/alice.ch\/de\/"},{"@type":"ListItem","position":2,"name":"Events","item":"https:\/\/alice.ch\/de\/event\/"},{"@type":"ListItem","position":3,"name":"Ausstellung «von wOrt zu wOrt»"}]},{"@type":"WebSite","@id":"https:\/\/alice.ch\/de\/#website","url":"https:\/\/alice.ch\/de\/","name":"alice.ch (Adult Learning Information Center) ist das Portal der Weiterbildung in der Schweiz.","description":"Schweizerischer Verband für Weiterbildung","publisher":{"@id":"https:\/\/alice.ch\/de\/#organization"},"potentialAction":[{"@type":"SearchAction","target":{"@type":"EntryPoint","urlTemplate":"https:\/\/alice.ch\/de\/?s={search_term_string}"},"query-input":{"@type":"PropertyValueSpecification","valueRequired":true,"valueName":"search_term_string"}}],"inLanguage":"de"},{"@type":"Organization","@id":"https:\/\/alice.ch\/de\/#organization","name":"SVEB Schweizerischer Verband für Weiterbildung","url":"https:\/\/alice.ch\/de\/","logo":{"@type":"ImageObject","inLanguage":"de","@id":"https:\/\/alice.ch\/de\/#\/schema\/logo\/image\/","url":"https:\/\/alice.ch\/app\/uploads\/2022\/07\/logo-sveb.png","contentUrl":"https:\/\/alice.ch\/app\/uploads\/2022\/07\/logo-sveb.png","width":145,"height":64,"caption":"SVEB Schweizerischer Verband für Weiterbildung"},"image":{"@id":"https:\/\/alice.ch\/de\/#\/schema\/logo\/image\/"},"sameAs":["https:\/\/www.linkedin.com\/company\/schweizerischer-verband-fr-weiterbildung-sveb\/"]}]}</script>
<!-- / Yoast SEO plugin. -->

Ein Formular digital ausfüllen oder einen Rabatt ausrechnen: Für diese alltäglichen Situationen braucht es Grundkompetenzen. Dieser Thematik widmet sich die [&hellip;]

Schweizerischer Verband für Weiterbildung

SVEB Schweizerischer Verband für Weiterbildung
