{"id":62055,"date":"2024-09-04T09:54:24","date_gmt":"2024-09-04T07:54:24","guid":{"rendered":"https:\/\/alice.ch\/?post_type=event&#038;p=62055"},"modified":"2024-09-04T09:55:47","modified_gmt":"2024-09-04T07:55:47","slug":"nationale-fachtagung-grundkompetenzen-2","status":"publish","type":"event","link":"https:\/\/alice.ch\/de\/event\/nationale-fachtagung-grundkompetenzen-2\/","title":{"rendered":"Nationale Fachtagung Grundkompetenzen"},"content":{"rendered":"\n<h2 class=\"wp-block-heading\">Die Zielgruppe(n) Grundkompetenzen: Individuelle Bed\u00fcrfnisse und ganzheitliche F\u00f6rderung<\/h2>\n\n\n\n<p>Die Fachtagung beleuchtet die heterogene Gruppe von Menschen mit F\u00f6rderbedarf in den Grundkompetenzen. Es werden Kriterien der Segmentierung von Zielgruppen thematisiert und \u00fcber individuelle Bed\u00fcrfnisse und ganzheitliche F\u00f6rderans\u00e4tze anhand von folgenden Leitfragen diskutiert:<\/p>\n\n\n\n<p>Welche Bedeutung hat die Differenzierung in Zielgruppen in der Praxis der einzelnen Akteure und welche Auswirkungen sowie Herausforderungen ergeben sich daraus?<\/p>\n\n\n\n<p>Wie kann trotz Heterogenit\u00e4t der Zielgruppen eine ganzheitliche F\u00f6rderung der Grundkompetenzen erreicht werden, die den individuellen Bed\u00fcrfnissen von Personen mit F\u00f6rderbedarf gerecht wird?<\/p>\n\n\n\n<p>Die Zahl der Teilnehmenden ist begrenzt. <strong>Anmeldeschluss 4. November 2024.<\/strong><\/p>\n\n\n\n<div class=\"wp-block-buttons is-layout-flex wp-block-buttons-is-layout-flex\">\n<div class=\"wp-block-button is-style-outline is-style-outline--1\"><a class=\"wp-block-button__link has-background-color has-foreground-background-color has-text-color has-background has-link-color wp-element-button\" href=\"https:\/\/www.kompetence.ch\/de\/tagung-2024-information\/\">Anmeldung und weitere Informationen<\/a><\/div>\n<\/div>\n","protected":false},"excerpt":{"rendered":"<p>Die Zielgruppe(n) Grundkompetenzen: Individuelle Bed\u00fcrfnisse und ganzheitliche F\u00f6rderung Die Fachtagung beleuchtet die heterogene Gruppe von Menschen mit F\u00f6rderbedarf in den [&hellip;]<\/p>\n","protected":false},"author":31,"featured_media":62060,"template":"","meta":{"_acf_changed":false,"inline_featured_image":false,"footnotes":""},"event-category":[152],"event-tag":[344],"event-status":[200],"event-language":[202,203],"global-category":[49],"class_list":["post-62055","event","type-event","status-publish","has-post-thumbnail","hentry","event-category-externer-event","event-tag-344","event-status-archiv","event-language-deutsch","event-language-franzoesisch","global-category-grundkompetenzen"],"acf":[],"yoast_head":"<!-- This site is optimized with the Yoast SEO plugin v27.3 - https:\/\/yoast.com\/product\/yoast-seo-wordpress\/ -->\n<title>Nationale Fachtagung Grundkompetenzen - SVEB<\/title>\n<meta name=\"robots\" content=\"index, follow, max-snippet:-1, max-image-preview:large, max-video-preview:-1\" \/>\n<link rel=\"canonical\" href=\"https:\/\/alice.ch\/de\/event\/nationale-fachtagung-grundkompetenzen-2\/\" \/>\n<meta property=\"og:locale\" content=\"de_DE\" \/>\n<meta property=\"og:type\" content=\"article\" \/>\n<meta property=\"og:title\" content=\"Nationale Fachtagung Grundkompetenzen - SVEB\" \/>\n<meta property=\"og:description\" content=\"Die Zielgruppe(n) Grundkompetenzen: Individuelle Bed\u00fcrfnisse und ganzheitliche F\u00f6rderung Die Fachtagung beleuchtet die heterogene Gruppe von Menschen mit F\u00f6rderbedarf in den [&hellip;]\" \/>\n<meta property=\"og:url\" content=\"https:\/\/alice.ch\/de\/event\/nationale-fachtagung-grundkompetenzen-2\/\" \/>\n<meta property=\"og:site_name\" content=\"SVEB\" \/>\n<meta property=\"article:modified_time\" content=\"2024-09-04T07:55:47+00:00\" \/>\n<meta property=\"og:image\" content=\"https:\/\/alice.ch\/app\/uploads\/2024\/09\/extern-event-dvls.png\" \/>\n\t<meta property=\"og:image:width\" content=\"528\" \/>\n\t<meta property=\"og:image:height\" content=\"95\" \/>\n\t<meta property=\"og:image:type\" content=\"image\/png\" \/>\n<meta name=\"twitter:card\" content=\"summary_large_image\" \/>\n<meta name=\"twitter:label1\" content=\"Gesch\u00e4tzte Lesezeit\" \/>\n\t<meta name=\"twitter:data1\" content=\"1\u00a0Minute\" \/>\n<script type=\"application\/ld+json\" class=\"yoast-schema-graph\">{\"@context\":\"https:\\\/\\\/schema.org\",\"@graph\":[{\"@type\":\"WebPage\",\"@id\":\"https:\\\/\\\/alice.ch\\\/de\\\/event\\\/nationale-fachtagung-grundkompetenzen-2\\\/\",\"url\":\"https:\\\/\\\/alice.ch\\\/de\\\/event\\\/nationale-fachtagung-grundkompetenzen-2\\\/\",\"name\":\"Nationale Fachtagung Grundkompetenzen - SVEB\",\"isPartOf\":{\"@id\":\"https:\\\/\\\/alice.ch\\\/de\\\/#website\"},\"primaryImageOfPage\":{\"@id\":\"https:\\\/\\\/alice.ch\\\/de\\\/event\\\/nationale-fachtagung-grundkompetenzen-2\\\/#primaryimage\"},\"image\":{\"@id\":\"https:\\\/\\\/alice.ch\\\/de\\\/event\\\/nationale-fachtagung-grundkompetenzen-2\\\/#primaryimage\"},\"thumbnailUrl\":\"https:\\\/\\\/alice.ch\\\/app\\\/uploads\\\/2024\\\/09\\\/extern-event-dvls.png\",\"datePublished\":\"2024-09-04T07:54:24+00:00\",\"dateModified\":\"2024-09-04T07:55:47+00:00\",\"breadcrumb\":{\"@id\":\"https:\\\/\\\/alice.ch\\\/de\\\/event\\\/nationale-fachtagung-grundkompetenzen-2\\\/#breadcrumb\"},\"inLanguage\":\"de\",\"potentialAction\":[{\"@type\":\"ReadAction\",\"target\":[\"https:\\\/\\\/alice.ch\\\/de\\\/event\\\/nationale-fachtagung-grundkompetenzen-2\\\/\"]}]},{\"@type\":\"ImageObject\",\"inLanguage\":\"de\",\"@id\":\"https:\\\/\\\/alice.ch\\\/de\\\/event\\\/nationale-fachtagung-grundkompetenzen-2\\\/#primaryimage\",\"url\":\"https:\\\/\\\/alice.ch\\\/app\\\/uploads\\\/2024\\\/09\\\/extern-event-dvls.png\",\"contentUrl\":\"https:\\\/\\\/alice.ch\\\/app\\\/uploads\\\/2024\\\/09\\\/extern-event-dvls.png\",\"width\":528,\"height\":95},{\"@type\":\"BreadcrumbList\",\"@id\":\"https:\\\/\\\/alice.ch\\\/de\\\/event\\\/nationale-fachtagung-grundkompetenzen-2\\\/#breadcrumb\",\"itemListElement\":[{\"@type\":\"ListItem\",\"position\":1,\"name\":\"Startseite\",\"item\":\"https:\\\/\\\/alice.ch\\\/de\\\/\"},{\"@type\":\"ListItem\",\"position\":2,\"name\":\"Events\",\"item\":\"https:\\\/\\\/alice.ch\\\/de\\\/event\\\/\"},{\"@type\":\"ListItem\",\"position\":3,\"name\":\"Nationale Fachtagung Grundkompetenzen\"}]},{\"@type\":\"WebSite\",\"@id\":\"https:\\\/\\\/alice.ch\\\/de\\\/#website\",\"url\":\"https:\\\/\\\/alice.ch\\\/de\\\/\",\"name\":\"alice.ch (Adult Learning Information Center) ist das Portal der Weiterbildung in der Schweiz.\",\"description\":\"Schweizerischer Verband f\u00fcr Weiterbildung\",\"publisher\":{\"@id\":\"https:\\\/\\\/alice.ch\\\/de\\\/#organization\"},\"potentialAction\":[{\"@type\":\"SearchAction\",\"target\":{\"@type\":\"EntryPoint\",\"urlTemplate\":\"https:\\\/\\\/alice.ch\\\/de\\\/?s={search_term_string}\"},\"query-input\":{\"@type\":\"PropertyValueSpecification\",\"valueRequired\":true,\"valueName\":\"search_term_string\"}}],\"inLanguage\":\"de\"},{\"@type\":\"Organization\",\"@id\":\"https:\\\/\\\/alice.ch\\\/de\\\/#organization\",\"name\":\"SVEB Schweizerischer Verband f\u00fcr Weiterbildung\",\"url\":\"https:\\\/\\\/alice.ch\\\/de\\\/\",\"logo\":{\"@type\":\"ImageObject\",\"inLanguage\":\"de\",\"@id\":\"https:\\\/\\\/alice.ch\\\/de\\\/#\\\/schema\\\/logo\\\/image\\\/\",\"url\":\"https:\\\/\\\/alice.ch\\\/app\\\/uploads\\\/2022\\\/07\\\/logo-sveb.png\",\"contentUrl\":\"https:\\\/\\\/alice.ch\\\/app\\\/uploads\\\/2022\\\/07\\\/logo-sveb.png\",\"width\":145,\"height\":64,\"caption\":\"SVEB Schweizerischer Verband f\u00fcr Weiterbildung\"},\"image\":{\"@id\":\"https:\\\/\\\/alice.ch\\\/de\\\/#\\\/schema\\\/logo\\\/image\\\/\"},\"sameAs\":[\"https:\\\/\\\/www.linkedin.com\\\/company\\\/schweizerischer-verband-fr-weiterbildung-sveb\\\/\"]}]}<\/script>\n<!-- \/ Yoast SEO plugin. -->","yoast_head_json":{"title":"Nationale Fachtagung Grundkompetenzen - SVEB","robots":{"index":"index","follow":"follow","max-snippet":"max-snippet:-1","max-image-preview":"max-image-preview:large","max-video-preview":"max-video-preview:-1"},"canonical":"https:\/\/alice.ch\/de\/event\/nationale-fachtagung-grundkompetenzen-2\/","og_locale":"de_DE","og_type":"article","og_title":"Nationale Fachtagung Grundkompetenzen - SVEB","og_description":"Die Zielgruppe(n) Grundkompetenzen: Individuelle Bed\u00fcrfnisse und ganzheitliche F\u00f6rderung Die Fachtagung beleuchtet die heterogene Gruppe von Menschen mit F\u00f6rderbedarf in den [&hellip;]","og_url":"https:\/\/alice.ch\/de\/event\/nationale-fachtagung-grundkompetenzen-2\/","og_site_name":"SVEB","article_modified_time":"2024-09-04T07:55:47+00:00","og_image":[{"width":528,"height":95,"url":"https:\/\/alice.ch\/app\/uploads\/2024\/09\/extern-event-dvls.png","type":"image\/png"}],"twitter_card":"summary_large_image","twitter_misc":{"Gesch\u00e4tzte Lesezeit":"1\u00a0Minute"},"schema":{"@context":"https:\/\/schema.org","@graph":[{"@type":"WebPage","@id":"https:\/\/alice.ch\/de\/event\/nationale-fachtagung-grundkompetenzen-2\/","url":"https:\/\/alice.ch\/de\/event\/nationale-fachtagung-grundkompetenzen-2\/","name":"Nationale Fachtagung Grundkompetenzen - SVEB","isPartOf":{"@id":"https:\/\/alice.ch\/de\/#website"},"primaryImageOfPage":{"@id":"https:\/\/alice.ch\/de\/event\/nationale-fachtagung-grundkompetenzen-2\/#primaryimage"},"image":{"@id":"https:\/\/alice.ch\/de\/event\/nationale-fachtagung-grundkompetenzen-2\/#primaryimage"},"thumbnailUrl":"https:\/\/alice.ch\/app\/uploads\/2024\/09\/extern-event-dvls.png","datePublished":"2024-09-04T07:54:24+00:00","dateModified":"2024-09-04T07:55:47+00:00","breadcrumb":{"@id":"https:\/\/alice.ch\/de\/event\/nationale-fachtagung-grundkompetenzen-2\/#breadcrumb"},"inLanguage":"de","potentialAction":[{"@type":"ReadAction","target":["https:\/\/alice.ch\/de\/event\/nationale-fachtagung-grundkompetenzen-2\/"]}]},{"@type":"ImageObject","inLanguage":"de","@id":"https:\/\/alice.ch\/de\/event\/nationale-fachtagung-grundkompetenzen-2\/#primaryimage","url":"https:\/\/alice.ch\/app\/uploads\/2024\/09\/extern-event-dvls.png","contentUrl":"https:\/\/alice.ch\/app\/uploads\/2024\/09\/extern-event-dvls.png","width":528,"height":95},{"@type":"BreadcrumbList","@id":"https:\/\/alice.ch\/de\/event\/nationale-fachtagung-grundkompetenzen-2\/#breadcrumb","itemListElement":[{"@type":"ListItem","position":1,"name":"Startseite","item":"https:\/\/alice.ch\/de\/"},{"@type":"ListItem","position":2,"name":"Events","item":"https:\/\/alice.ch\/de\/event\/"},{"@type":"ListItem","position":3,"name":"Nationale Fachtagung Grundkompetenzen"}]},{"@type":"WebSite","@id":"https:\/\/alice.ch\/de\/#website","url":"https:\/\/alice.ch\/de\/","name":"alice.ch (Adult Learning Information Center) ist das Portal der Weiterbildung in der Schweiz.","description":"Schweizerischer Verband f\u00fcr Weiterbildung","publisher":{"@id":"https:\/\/alice.ch\/de\/#organization"},"potentialAction":[{"@type":"SearchAction","target":{"@type":"EntryPoint","urlTemplate":"https:\/\/alice.ch\/de\/?s={search_term_string}"},"query-input":{"@type":"PropertyValueSpecification","valueRequired":true,"valueName":"search_term_string"}}],"inLanguage":"de"},{"@type":"Organization","@id":"https:\/\/alice.ch\/de\/#organization","name":"SVEB Schweizerischer Verband f\u00fcr Weiterbildung","url":"https:\/\/alice.ch\/de\/","logo":{"@type":"ImageObject","inLanguage":"de","@id":"https:\/\/alice.ch\/de\/#\/schema\/logo\/image\/","url":"https:\/\/alice.ch\/app\/uploads\/2022\/07\/logo-sveb.png","contentUrl":"https:\/\/alice.ch\/app\/uploads\/2022\/07\/logo-sveb.png","width":145,"height":64,"caption":"SVEB Schweizerischer Verband f\u00fcr Weiterbildung"},"image":{"@id":"https:\/\/alice.ch\/de\/#\/schema\/logo\/image\/"},"sameAs":["https:\/\/www.linkedin.com\/company\/schweizerischer-verband-fr-weiterbildung-sveb\/"]}]}},"_links":{"self":[{"href":"https:\/\/alice.ch\/de\/wp-json\/wp\/v2\/event\/62055","targetHints":{"allow":["GET"]}}],"collection":[{"href":"https:\/\/alice.ch\/de\/wp-json\/wp\/v2\/event"}],"about":[{"href":"https:\/\/alice.ch\/de\/wp-json\/wp\/v2\/types\/event"}],"author":[{"embeddable":true,"href":"https:\/\/alice.ch\/de\/wp-json\/wp\/v2\/users\/31"}],"version-history":[{"count":7,"href":"https:\/\/alice.ch\/de\/wp-json\/wp\/v2\/event\/62055\/revisions"}],"predecessor-version":[{"id":62066,"href":"https:\/\/alice.ch\/de\/wp-json\/wp\/v2\/event\/62055\/revisions\/62066"}],"wp:featuredmedia":[{"embeddable":true,"href":"https:\/\/alice.ch\/de\/wp-json\/wp\/v2\/media\/62060"}],"wp:attachment":[{"href":"https:\/\/alice.ch\/de\/wp-json\/wp\/v2\/media?parent=62055"}],"wp:term":[{"taxonomy":"event-category","embeddable":true,"href":"https:\/\/alice.ch\/de\/wp-json\/wp\/v2\/event-category?post=62055"},{"taxonomy":"event-tag","embeddable":true,"href":"https:\/\/alice.ch\/de\/wp-json\/wp\/v2\/event-tag?post=62055"},{"taxonomy":"event-status","embeddable":true,"href":"https:\/\/alice.ch\/de\/wp-json\/wp\/v2\/event-status?post=62055"},{"taxonomy":"event-language","embeddable":true,"href":"https:\/\/alice.ch\/de\/wp-json\/wp\/v2\/event-language?post=62055"},{"taxonomy":"global-category","embeddable":true,"href":"https:\/\/alice.ch\/de\/wp-json\/wp\/v2\/global-category?post=62055"}],"curies":[{"name":"wp","href":"https:\/\/api.w.org\/{rel}","templated":true}]}}

<h2 class="wp-block-heading">Die Zielgruppe(n) Grundkompetenzen: Individuelle Bedürfnisse und ganzheitliche Förderung</h2>



<p>Die Fachtagung beleuchtet die heterogene Gruppe von Menschen mit Förderbedarf in den Grundkompetenzen. Es werden Kriterien der Segmentierung von Zielgruppen thematisiert und über individuelle Bedürfnisse und ganzheitliche Förderansätze anhand von folgenden Leitfragen diskutiert:</p>



<p>Welche Bedeutung hat die Differenzierung in Zielgruppen in der Praxis der einzelnen Akteure und welche Auswirkungen sowie Herausforderungen ergeben sich daraus?</p>



<p>Wie kann trotz Heterogenität der Zielgruppen eine ganzheitliche Förderung der Grundkompetenzen erreicht werden, die den individuellen Bedürfnissen von Personen mit Förderbedarf gerecht wird?</p>



<p>Die Zahl der Teilnehmenden ist begrenzt. <strong>Anmeldeschluss 4. November 2024.</strong></p>



<div class="wp-block-buttons is-layout-flex wp-block-buttons-is-layout-flex">
<div class="wp-block-button is-style-outline is-style-outline--1"><a class="wp-block-button__link has-background-color has-foreground-background-color has-text-color has-background has-link-color wp-element-button" href="https://www.kompetence.ch/de/tagung-2024-information/">Anmeldung und weitere Informationen</a></div>
</div>

<p>Die Zielgruppe(n) Grundkompetenzen: Individuelle Bedürfnisse und ganzheitliche Förderung Die Fachtagung beleuchtet die heterogene Gruppe von Menschen mit Förderbedarf in den [&hellip;]</p>

<!-- This site is optimized with the Yoast SEO plugin v27.3 - https://yoast.com/product/yoast-seo-wordpress/ -->
<title>Nationale Fachtagung Grundkompetenzen - SVEB</title>
<meta name="robots" content="index, follow, max-snippet:-1, max-image-preview:large, max-video-preview:-1" />
<link rel="canonical" href="https://alice.ch/de/event/nationale-fachtagung-grundkompetenzen-2/" />
<meta property="og:locale" content="de_DE" />
<meta property="og:type" content="article" />
<meta property="og:title" content="Nationale Fachtagung Grundkompetenzen - SVEB" />
<meta property="og:description" content="Die Zielgruppe(n) Grundkompetenzen: Individuelle Bedürfnisse und ganzheitliche Förderung Die Fachtagung beleuchtet die heterogene Gruppe von Menschen mit Förderbedarf in den [&hellip;]" />
<meta property="og:url" content="https://alice.ch/de/event/nationale-fachtagung-grundkompetenzen-2/" />
<meta property="og:site_name" content="SVEB" />
<meta property="article:modified_time" content="2024-09-04T07:55:47+00:00" />
<meta property="og:image" content="https://alice.ch/app/uploads/2024/09/extern-event-dvls.png" />
	<meta property="og:image:width" content="528" />
	<meta property="og:image:height" content="95" />
	<meta property="og:image:type" content="image/png" />
<meta name="twitter:card" content="summary_large_image" />
<meta name="twitter:label1" content="Geschätzte Lesezeit" />
	<meta name="twitter:data1" content="1 Minute" />
<script type="application/ld+json" class="yoast-schema-graph">{"@context":"https:\/\/schema.org","@graph":[{"@type":"WebPage","@id":"https:\/\/alice.ch\/de\/event\/nationale-fachtagung-grundkompetenzen-2\/","url":"https:\/\/alice.ch\/de\/event\/nationale-fachtagung-grundkompetenzen-2\/","name":"Nationale Fachtagung Grundkompetenzen - SVEB","isPartOf":{"@id":"https:\/\/alice.ch\/de\/#website"},"primaryImageOfPage":{"@id":"https:\/\/alice.ch\/de\/event\/nationale-fachtagung-grundkompetenzen-2\/#primaryimage"},"image":{"@id":"https:\/\/alice.ch\/de\/event\/nationale-fachtagung-grundkompetenzen-2\/#primaryimage"},"thumbnailUrl":"https:\/\/alice.ch\/app\/uploads\/2024\/09\/extern-event-dvls.png","datePublished":"2024-09-04T07:54:24+00:00","dateModified":"2024-09-04T07:55:47+00:00","breadcrumb":{"@id":"https:\/\/alice.ch\/de\/event\/nationale-fachtagung-grundkompetenzen-2\/#breadcrumb"},"inLanguage":"de","potentialAction":[{"@type":"ReadAction","target":["https:\/\/alice.ch\/de\/event\/nationale-fachtagung-grundkompetenzen-2\/"]}]},{"@type":"ImageObject","inLanguage":"de","@id":"https:\/\/alice.ch\/de\/event\/nationale-fachtagung-grundkompetenzen-2\/#primaryimage","url":"https:\/\/alice.ch\/app\/uploads\/2024\/09\/extern-event-dvls.png","contentUrl":"https:\/\/alice.ch\/app\/uploads\/2024\/09\/extern-event-dvls.png","width":528,"height":95},{"@type":"BreadcrumbList","@id":"https:\/\/alice.ch\/de\/event\/nationale-fachtagung-grundkompetenzen-2\/#breadcrumb","itemListElement":[{"@type":"ListItem","position":1,"name":"Startseite","item":"https:\/\/alice.ch\/de\/"},{"@type":"ListItem","position":2,"name":"Events","item":"https:\/\/alice.ch\/de\/event\/"},{"@type":"ListItem","position":3,"name":"Nationale Fachtagung Grundkompetenzen"}]},{"@type":"WebSite","@id":"https:\/\/alice.ch\/de\/#website","url":"https:\/\/alice.ch\/de\/","name":"alice.ch (Adult Learning Information Center) ist das Portal der Weiterbildung in der Schweiz.","description":"Schweizerischer Verband für Weiterbildung","publisher":{"@id":"https:\/\/alice.ch\/de\/#organization"},"potentialAction":[{"@type":"SearchAction","target":{"@type":"EntryPoint","urlTemplate":"https:\/\/alice.ch\/de\/?s={search_term_string}"},"query-input":{"@type":"PropertyValueSpecification","valueRequired":true,"valueName":"search_term_string"}}],"inLanguage":"de"},{"@type":"Organization","@id":"https:\/\/alice.ch\/de\/#organization","name":"SVEB Schweizerischer Verband für Weiterbildung","url":"https:\/\/alice.ch\/de\/","logo":{"@type":"ImageObject","inLanguage":"de","@id":"https:\/\/alice.ch\/de\/#\/schema\/logo\/image\/","url":"https:\/\/alice.ch\/app\/uploads\/2022\/07\/logo-sveb.png","contentUrl":"https:\/\/alice.ch\/app\/uploads\/2022\/07\/logo-sveb.png","width":145,"height":64,"caption":"SVEB Schweizerischer Verband für Weiterbildung"},"image":{"@id":"https:\/\/alice.ch\/de\/#\/schema\/logo\/image\/"},"sameAs":["https:\/\/www.linkedin.com\/company\/schweizerischer-verband-fr-weiterbildung-sveb\/"]}]}</script>
<!-- / Yoast SEO plugin. -->

Die Zielgruppe(n) Grundkompetenzen: Individuelle Bedürfnisse und ganzheitliche Förderung Die Fachtagung beleuchtet die heterogene Gruppe von Menschen mit Förderbedarf in den [&hellip;]

Schweizerischer Verband für Weiterbildung

SVEB Schweizerischer Verband für Weiterbildung
