{"id":13730,"date":"2022-11-16T17:08:07","date_gmt":"2022-11-16T16:08:07","guid":{"rendered":"https:\/\/projects.atxeit.ch\/sveb\/?post_type=event&#038;p=13730"},"modified":"2023-07-06T15:13:42","modified_gmt":"2023-07-06T13:13:42","slug":"nouveau-systeme-ffa-et-descriptifs-modulaires","status":"publish","type":"event","link":"https:\/\/alice.ch\/fr\/event\/nouveau-systeme-ffa-et-descriptifs-modulaires\/","title":{"rendered":"Nouveau syst\u00e8me FFA et descriptifs modulaires"},"content":{"rendered":"\n<p>Le nouveau syst\u00e8me FFA et les descriptifs modulaires ne manqueront pas de susciter de nombreuses questions. Avec des informations et des explications sur le syst\u00e8me et ces descriptifs, nous esp\u00e9rons vous soutenir. Vous aurez \u00e9galement l&rsquo;occasion de poser directement vos questions.<\/p>\n\n\n\n<p>C&rsquo;est avec grand plaisir que nous communiquons une \u00e9tape importante dans la r\u00e9vision du syst\u00e8me modulaire FFA. Les versions \u00ab\u00a0b\u00eata\u00a0\u00bb des descriptifs modulaires du brevet 2023 sont d\u00e9sormais disponibles sur notre site web.<br>Il s&rsquo;agit des descriptifs de modules obligatoires du niveau II, c&rsquo;est-\u00e0-dire les deux modules de d\u00e9veloppement \u00ab\u00a0Accompagnement\u00a0\u00bb et \u00ab\u00a0Didactique\u00a0\u00bb ainsi que le \u00ab\u00a0Module transversal\u00a0\u00bb et le \u00a0\u00bb Module d&rsquo;int\u00e9gration\u00a0\u00bb (modules obligatoires).<\/p>\n\n\n\n<p><a href=\"https:\/\/alice.ch\/fr\/devenir-formateurtrice\/le-systeme-modulaire-ffa\/\">Syst\u00e8me modulaire FFA<\/a><\/p>\n\n\n\n<p>Lors de cet \u00e9v\u00e9nement en ligne, nous vous donnerons des informations et des explications sur le nouveau syst\u00e8me FFA et ces descriptifs de modules, nous serons \u00e9galement heureux de r\u00e9pondre \u00e0 toutes vos questions.<\/p>\n\n\n\n<p>Veuillez vous inscrire \u00e0 l&rsquo;\u00e9v\u00e9nement afin que nous puissions vous envoyer le lien correspondant.<\/p>\n","protected":false},"excerpt":{"rendered":"<p>Le nouveau syst\u00e8me FFA et les descriptifs modulaires ne manqueront pas de susciter de nombreuses questions. Avec des informations et [&hellip;]<\/p>\n","protected":false},"author":11,"featured_media":19837,"template":"","meta":{"_acf_changed":false,"inline_featured_image":false,"footnotes":""},"event-category":[103],"event-tag":[],"event-status":[200,205],"event-language":[202,207,203],"global-category":[111],"class_list":["post-13730","event","type-event","status-publish","has-post-thumbnail","hentry","event-category-evenements-fsea-kooperation","event-status-archiv","event-status-archive","event-language-deutsch","event-language-francais","event-language-franzoesisch","global-category-professionalisierung-fr"],"acf":[],"yoast_head":"<!-- This site is optimized with the Yoast SEO plugin v27.3 - https:\/\/yoast.com\/product\/yoast-seo-wordpress\/ -->\n<title>Nouveau syst\u00e8me FFA et descriptifs modulaires - FSEA<\/title>\n<meta name=\"robots\" content=\"index, follow, max-snippet:-1, max-image-preview:large, max-video-preview:-1\" \/>\n<link rel=\"canonical\" href=\"https:\/\/alice.ch\/fr\/event\/nouveau-systeme-ffa-et-descriptifs-modulaires\/\" \/>\n<meta property=\"og:locale\" content=\"fr_FR\" \/>\n<meta property=\"og:type\" content=\"article\" \/>\n<meta property=\"og:title\" content=\"Nouveau syst\u00e8me FFA et descriptifs modulaires - FSEA\" \/>\n<meta property=\"og:description\" content=\"Le nouveau syst\u00e8me FFA et les descriptifs modulaires ne manqueront pas de susciter de nombreuses questions. Avec des informations et [&hellip;]\" \/>\n<meta property=\"og:url\" content=\"https:\/\/alice.ch\/fr\/event\/nouveau-systeme-ffa-et-descriptifs-modulaires\/\" \/>\n<meta property=\"og:site_name\" content=\"SVEB\" \/>\n<meta property=\"article:modified_time\" content=\"2023-07-06T13:13:42+00:00\" \/>\n<meta property=\"og:image\" content=\"https:\/\/alice.ch\/app\/uploads\/2022\/11\/agenda-systeme-ffa-descriptions-modules.jpg\" \/>\n\t<meta property=\"og:image:width\" content=\"370\" \/>\n\t<meta property=\"og:image:height\" content=\"185\" \/>\n\t<meta property=\"og:image:type\" content=\"image\/jpeg\" \/>\n<meta name=\"twitter:card\" content=\"summary_large_image\" \/>\n<script type=\"application\/ld+json\" class=\"yoast-schema-graph\">{\"@context\":\"https:\\\/\\\/schema.org\",\"@graph\":[{\"@type\":\"WebPage\",\"@id\":\"https:\\\/\\\/alice.ch\\\/fr\\\/event\\\/nouveau-systeme-ffa-et-descriptifs-modulaires\\\/\",\"url\":\"https:\\\/\\\/alice.ch\\\/fr\\\/event\\\/nouveau-systeme-ffa-et-descriptifs-modulaires\\\/\",\"name\":\"Nouveau syst\u00e8me FFA et descriptifs modulaires - FSEA\",\"isPartOf\":{\"@id\":\"https:\\\/\\\/alice.ch\\\/fr\\\/#website\"},\"primaryImageOfPage\":{\"@id\":\"https:\\\/\\\/alice.ch\\\/fr\\\/event\\\/nouveau-systeme-ffa-et-descriptifs-modulaires\\\/#primaryimage\"},\"image\":{\"@id\":\"https:\\\/\\\/alice.ch\\\/fr\\\/event\\\/nouveau-systeme-ffa-et-descriptifs-modulaires\\\/#primaryimage\"},\"thumbnailUrl\":\"https:\\\/\\\/alice.ch\\\/app\\\/uploads\\\/2022\\\/11\\\/agenda-systeme-ffa-descriptions-modules.jpg\",\"datePublished\":\"2022-11-16T16:08:07+00:00\",\"dateModified\":\"2023-07-06T13:13:42+00:00\",\"breadcrumb\":{\"@id\":\"https:\\\/\\\/alice.ch\\\/fr\\\/event\\\/nouveau-systeme-ffa-et-descriptifs-modulaires\\\/#breadcrumb\"},\"inLanguage\":\"fr-FR\",\"potentialAction\":[{\"@type\":\"ReadAction\",\"target\":[\"https:\\\/\\\/alice.ch\\\/fr\\\/event\\\/nouveau-systeme-ffa-et-descriptifs-modulaires\\\/\"]}]},{\"@type\":\"ImageObject\",\"inLanguage\":\"fr-FR\",\"@id\":\"https:\\\/\\\/alice.ch\\\/fr\\\/event\\\/nouveau-systeme-ffa-et-descriptifs-modulaires\\\/#primaryimage\",\"url\":\"https:\\\/\\\/alice.ch\\\/app\\\/uploads\\\/2022\\\/11\\\/agenda-systeme-ffa-descriptions-modules.jpg\",\"contentUrl\":\"https:\\\/\\\/alice.ch\\\/app\\\/uploads\\\/2022\\\/11\\\/agenda-systeme-ffa-descriptions-modules.jpg\",\"width\":370,\"height\":185},{\"@type\":\"BreadcrumbList\",\"@id\":\"https:\\\/\\\/alice.ch\\\/fr\\\/event\\\/nouveau-systeme-ffa-et-descriptifs-modulaires\\\/#breadcrumb\",\"itemListElement\":[{\"@type\":\"ListItem\",\"position\":1,\"name\":\"Page d'accueil\",\"item\":\"https:\\\/\\\/alice.ch\\\/fr\\\/\"},{\"@type\":\"ListItem\",\"position\":2,\"name\":\"Events\",\"item\":\"https:\\\/\\\/alice.ch\\\/fr\\\/event\\\/\"},{\"@type\":\"ListItem\",\"position\":3,\"name\":\"Nouveau syst\u00e8me FFA et descriptifs modulaires\"}]},{\"@type\":\"WebSite\",\"@id\":\"https:\\\/\\\/alice.ch\\\/fr\\\/#website\",\"url\":\"https:\\\/\\\/alice.ch\\\/fr\\\/\",\"name\":\"alice.ch (Adult Learning Information Center) ist das Portal der Weiterbildung in der Schweiz.\",\"description\":\"Schweizerischer Verband f\u00fcr Weiterbildung\",\"publisher\":{\"@id\":\"https:\\\/\\\/alice.ch\\\/fr\\\/#organization\"},\"potentialAction\":[{\"@type\":\"SearchAction\",\"target\":{\"@type\":\"EntryPoint\",\"urlTemplate\":\"https:\\\/\\\/alice.ch\\\/fr\\\/?s={search_term_string}\"},\"query-input\":{\"@type\":\"PropertyValueSpecification\",\"valueRequired\":true,\"valueName\":\"search_term_string\"}}],\"inLanguage\":\"fr-FR\"},{\"@type\":\"Organization\",\"@id\":\"https:\\\/\\\/alice.ch\\\/fr\\\/#organization\",\"name\":\"FSEA F\u00e9d\u00e9ration suisse pour la formation continue\",\"url\":\"https:\\\/\\\/alice.ch\\\/fr\\\/\",\"logo\":{\"@type\":\"ImageObject\",\"inLanguage\":\"fr-FR\",\"@id\":\"https:\\\/\\\/alice.ch\\\/fr\\\/#\\\/schema\\\/logo\\\/image\\\/\",\"url\":\"https:\\\/\\\/alice.ch\\\/app\\\/uploads\\\/2022\\\/07\\\/logo-sveb.png\",\"contentUrl\":\"https:\\\/\\\/alice.ch\\\/app\\\/uploads\\\/2022\\\/07\\\/logo-sveb.png\",\"width\":145,\"height\":64,\"caption\":\"FSEA F\u00e9d\u00e9ration suisse pour la formation continue\"},\"image\":{\"@id\":\"https:\\\/\\\/alice.ch\\\/fr\\\/#\\\/schema\\\/logo\\\/image\\\/\"},\"sameAs\":[\"https:\\\/\\\/www.linkedin.com\\\/company\\\/schweizerischer-verband-fr-weiterbildung-sveb\\\/\"]}]}<\/script>\n<!-- \/ Yoast SEO plugin. -->","yoast_head_json":{"title":"Nouveau syst\u00e8me FFA et descriptifs modulaires - FSEA","robots":{"index":"index","follow":"follow","max-snippet":"max-snippet:-1","max-image-preview":"max-image-preview:large","max-video-preview":"max-video-preview:-1"},"canonical":"https:\/\/alice.ch\/fr\/event\/nouveau-systeme-ffa-et-descriptifs-modulaires\/","og_locale":"fr_FR","og_type":"article","og_title":"Nouveau syst\u00e8me FFA et descriptifs modulaires - FSEA","og_description":"Le nouveau syst\u00e8me FFA et les descriptifs modulaires ne manqueront pas de susciter de nombreuses questions. Avec des informations et [&hellip;]","og_url":"https:\/\/alice.ch\/fr\/event\/nouveau-systeme-ffa-et-descriptifs-modulaires\/","og_site_name":"SVEB","article_modified_time":"2023-07-06T13:13:42+00:00","og_image":[{"width":370,"height":185,"url":"https:\/\/alice.ch\/app\/uploads\/2022\/11\/agenda-systeme-ffa-descriptions-modules.jpg","type":"image\/jpeg"}],"twitter_card":"summary_large_image","schema":{"@context":"https:\/\/schema.org","@graph":[{"@type":"WebPage","@id":"https:\/\/alice.ch\/fr\/event\/nouveau-systeme-ffa-et-descriptifs-modulaires\/","url":"https:\/\/alice.ch\/fr\/event\/nouveau-systeme-ffa-et-descriptifs-modulaires\/","name":"Nouveau syst\u00e8me FFA et descriptifs modulaires - FSEA","isPartOf":{"@id":"https:\/\/alice.ch\/fr\/#website"},"primaryImageOfPage":{"@id":"https:\/\/alice.ch\/fr\/event\/nouveau-systeme-ffa-et-descriptifs-modulaires\/#primaryimage"},"image":{"@id":"https:\/\/alice.ch\/fr\/event\/nouveau-systeme-ffa-et-descriptifs-modulaires\/#primaryimage"},"thumbnailUrl":"https:\/\/alice.ch\/app\/uploads\/2022\/11\/agenda-systeme-ffa-descriptions-modules.jpg","datePublished":"2022-11-16T16:08:07+00:00","dateModified":"2023-07-06T13:13:42+00:00","breadcrumb":{"@id":"https:\/\/alice.ch\/fr\/event\/nouveau-systeme-ffa-et-descriptifs-modulaires\/#breadcrumb"},"inLanguage":"fr-FR","potentialAction":[{"@type":"ReadAction","target":["https:\/\/alice.ch\/fr\/event\/nouveau-systeme-ffa-et-descriptifs-modulaires\/"]}]},{"@type":"ImageObject","inLanguage":"fr-FR","@id":"https:\/\/alice.ch\/fr\/event\/nouveau-systeme-ffa-et-descriptifs-modulaires\/#primaryimage","url":"https:\/\/alice.ch\/app\/uploads\/2022\/11\/agenda-systeme-ffa-descriptions-modules.jpg","contentUrl":"https:\/\/alice.ch\/app\/uploads\/2022\/11\/agenda-systeme-ffa-descriptions-modules.jpg","width":370,"height":185},{"@type":"BreadcrumbList","@id":"https:\/\/alice.ch\/fr\/event\/nouveau-systeme-ffa-et-descriptifs-modulaires\/#breadcrumb","itemListElement":[{"@type":"ListItem","position":1,"name":"Page d'accueil","item":"https:\/\/alice.ch\/fr\/"},{"@type":"ListItem","position":2,"name":"Events","item":"https:\/\/alice.ch\/fr\/event\/"},{"@type":"ListItem","position":3,"name":"Nouveau syst\u00e8me FFA et descriptifs modulaires"}]},{"@type":"WebSite","@id":"https:\/\/alice.ch\/fr\/#website","url":"https:\/\/alice.ch\/fr\/","name":"alice.ch (Adult Learning Information Center) ist das Portal der Weiterbildung in der Schweiz.","description":"Schweizerischer Verband f\u00fcr Weiterbildung","publisher":{"@id":"https:\/\/alice.ch\/fr\/#organization"},"potentialAction":[{"@type":"SearchAction","target":{"@type":"EntryPoint","urlTemplate":"https:\/\/alice.ch\/fr\/?s={search_term_string}"},"query-input":{"@type":"PropertyValueSpecification","valueRequired":true,"valueName":"search_term_string"}}],"inLanguage":"fr-FR"},{"@type":"Organization","@id":"https:\/\/alice.ch\/fr\/#organization","name":"FSEA F\u00e9d\u00e9ration suisse pour la formation continue","url":"https:\/\/alice.ch\/fr\/","logo":{"@type":"ImageObject","inLanguage":"fr-FR","@id":"https:\/\/alice.ch\/fr\/#\/schema\/logo\/image\/","url":"https:\/\/alice.ch\/app\/uploads\/2022\/07\/logo-sveb.png","contentUrl":"https:\/\/alice.ch\/app\/uploads\/2022\/07\/logo-sveb.png","width":145,"height":64,"caption":"FSEA F\u00e9d\u00e9ration suisse pour la formation continue"},"image":{"@id":"https:\/\/alice.ch\/fr\/#\/schema\/logo\/image\/"},"sameAs":["https:\/\/www.linkedin.com\/company\/schweizerischer-verband-fr-weiterbildung-sveb\/"]}]}},"_links":{"self":[{"href":"https:\/\/alice.ch\/fr\/wp-json\/wp\/v2\/event\/13730","targetHints":{"allow":["GET"]}}],"collection":[{"href":"https:\/\/alice.ch\/fr\/wp-json\/wp\/v2\/event"}],"about":[{"href":"https:\/\/alice.ch\/fr\/wp-json\/wp\/v2\/types\/event"}],"author":[{"embeddable":true,"href":"https:\/\/alice.ch\/fr\/wp-json\/wp\/v2\/users\/11"}],"version-history":[{"count":3,"href":"https:\/\/alice.ch\/fr\/wp-json\/wp\/v2\/event\/13730\/revisions"}],"predecessor-version":[{"id":52314,"href":"https:\/\/alice.ch\/fr\/wp-json\/wp\/v2\/event\/13730\/revisions\/52314"}],"wp:featuredmedia":[{"embeddable":true,"href":"https:\/\/alice.ch\/fr\/wp-json\/wp\/v2\/media\/19837"}],"wp:attachment":[{"href":"https:\/\/alice.ch\/fr\/wp-json\/wp\/v2\/media?parent=13730"}],"wp:term":[{"taxonomy":"event-category","embeddable":true,"href":"https:\/\/alice.ch\/fr\/wp-json\/wp\/v2\/event-category?post=13730"},{"taxonomy":"event-tag","embeddable":true,"href":"https:\/\/alice.ch\/fr\/wp-json\/wp\/v2\/event-tag?post=13730"},{"taxonomy":"event-status","embeddable":true,"href":"https:\/\/alice.ch\/fr\/wp-json\/wp\/v2\/event-status?post=13730"},{"taxonomy":"event-language","embeddable":true,"href":"https:\/\/alice.ch\/fr\/wp-json\/wp\/v2\/event-language?post=13730"},{"taxonomy":"global-category","embeddable":true,"href":"https:\/\/alice.ch\/fr\/wp-json\/wp\/v2\/global-category?post=13730"}],"curies":[{"name":"wp","href":"https:\/\/api.w.org\/{rel}","templated":true}]}}

Nouveau système FFA et descriptifs modulaires

<p>Le nouveau système FFA et les descriptifs modulaires ne manqueront pas de susciter de nombreuses questions. Avec des informations et des explications sur le système et ces descriptifs, nous espérons vous soutenir. Vous aurez également l&rsquo;occasion de poser directement vos questions.</p>



<p>C&rsquo;est avec grand plaisir que nous communiquons une étape importante dans la révision du système modulaire FFA. Les versions « bêta » des descriptifs modulaires du brevet 2023 sont désormais disponibles sur notre site web.<br>Il s&rsquo;agit des descriptifs de modules obligatoires du niveau II, c&rsquo;est-à-dire les deux modules de développement « Accompagnement » et « Didactique » ainsi que le « Module transversal » et le  » Module d&rsquo;intégration » (modules obligatoires).</p>



<p><a href="https://alice.ch/fr/devenir-formateurtrice/le-systeme-modulaire-ffa/">Système modulaire FFA</a></p>



<p>Lors de cet événement en ligne, nous vous donnerons des informations et des explications sur le nouveau système FFA et ces descriptifs de modules, nous serons également heureux de répondre à toutes vos questions.</p>



<p>Veuillez vous inscrire à l&rsquo;événement afin que nous puissions vous envoyer le lien correspondant.</p>

<p>Le nouveau système FFA et les descriptifs modulaires ne manqueront pas de susciter de nombreuses questions. Avec des informations et [&hellip;]</p>

<!-- This site is optimized with the Yoast SEO plugin v27.3 - https://yoast.com/product/yoast-seo-wordpress/ -->
<title>Nouveau système FFA et descriptifs modulaires - FSEA</title>
<meta name="robots" content="index, follow, max-snippet:-1, max-image-preview:large, max-video-preview:-1" />
<link rel="canonical" href="https://alice.ch/fr/event/nouveau-systeme-ffa-et-descriptifs-modulaires/" />
<meta property="og:locale" content="fr_FR" />
<meta property="og:type" content="article" />
<meta property="og:title" content="Nouveau système FFA et descriptifs modulaires - FSEA" />
<meta property="og:description" content="Le nouveau système FFA et les descriptifs modulaires ne manqueront pas de susciter de nombreuses questions. Avec des informations et [&hellip;]" />
<meta property="og:url" content="https://alice.ch/fr/event/nouveau-systeme-ffa-et-descriptifs-modulaires/" />
<meta property="og:site_name" content="SVEB" />
<meta property="article:modified_time" content="2023-07-06T13:13:42+00:00" />
<meta property="og:image" content="https://alice.ch/app/uploads/2022/11/agenda-systeme-ffa-descriptions-modules.jpg" />
	<meta property="og:image:width" content="370" />
	<meta property="og:image:height" content="185" />
	<meta property="og:image:type" content="image/jpeg" />
<meta name="twitter:card" content="summary_large_image" />
<script type="application/ld+json" class="yoast-schema-graph">{"@context":"https:\/\/schema.org","@graph":[{"@type":"WebPage","@id":"https:\/\/alice.ch\/fr\/event\/nouveau-systeme-ffa-et-descriptifs-modulaires\/","url":"https:\/\/alice.ch\/fr\/event\/nouveau-systeme-ffa-et-descriptifs-modulaires\/","name":"Nouveau système FFA et descriptifs modulaires - FSEA","isPartOf":{"@id":"https:\/\/alice.ch\/fr\/#website"},"primaryImageOfPage":{"@id":"https:\/\/alice.ch\/fr\/event\/nouveau-systeme-ffa-et-descriptifs-modulaires\/#primaryimage"},"image":{"@id":"https:\/\/alice.ch\/fr\/event\/nouveau-systeme-ffa-et-descriptifs-modulaires\/#primaryimage"},"thumbnailUrl":"https:\/\/alice.ch\/app\/uploads\/2022\/11\/agenda-systeme-ffa-descriptions-modules.jpg","datePublished":"2022-11-16T16:08:07+00:00","dateModified":"2023-07-06T13:13:42+00:00","breadcrumb":{"@id":"https:\/\/alice.ch\/fr\/event\/nouveau-systeme-ffa-et-descriptifs-modulaires\/#breadcrumb"},"inLanguage":"fr-FR","potentialAction":[{"@type":"ReadAction","target":["https:\/\/alice.ch\/fr\/event\/nouveau-systeme-ffa-et-descriptifs-modulaires\/"]}]},{"@type":"ImageObject","inLanguage":"fr-FR","@id":"https:\/\/alice.ch\/fr\/event\/nouveau-systeme-ffa-et-descriptifs-modulaires\/#primaryimage","url":"https:\/\/alice.ch\/app\/uploads\/2022\/11\/agenda-systeme-ffa-descriptions-modules.jpg","contentUrl":"https:\/\/alice.ch\/app\/uploads\/2022\/11\/agenda-systeme-ffa-descriptions-modules.jpg","width":370,"height":185},{"@type":"BreadcrumbList","@id":"https:\/\/alice.ch\/fr\/event\/nouveau-systeme-ffa-et-descriptifs-modulaires\/#breadcrumb","itemListElement":[{"@type":"ListItem","position":1,"name":"Page d'accueil","item":"https:\/\/alice.ch\/fr\/"},{"@type":"ListItem","position":2,"name":"Events","item":"https:\/\/alice.ch\/fr\/event\/"},{"@type":"ListItem","position":3,"name":"Nouveau système FFA et descriptifs modulaires"}]},{"@type":"WebSite","@id":"https:\/\/alice.ch\/fr\/#website","url":"https:\/\/alice.ch\/fr\/","name":"alice.ch (Adult Learning Information Center) ist das Portal der Weiterbildung in der Schweiz.","description":"Schweizerischer Verband für Weiterbildung","publisher":{"@id":"https:\/\/alice.ch\/fr\/#organization"},"potentialAction":[{"@type":"SearchAction","target":{"@type":"EntryPoint","urlTemplate":"https:\/\/alice.ch\/fr\/?s={search_term_string}"},"query-input":{"@type":"PropertyValueSpecification","valueRequired":true,"valueName":"search_term_string"}}],"inLanguage":"fr-FR"},{"@type":"Organization","@id":"https:\/\/alice.ch\/fr\/#organization","name":"FSEA Fédération suisse pour la formation continue","url":"https:\/\/alice.ch\/fr\/","logo":{"@type":"ImageObject","inLanguage":"fr-FR","@id":"https:\/\/alice.ch\/fr\/#\/schema\/logo\/image\/","url":"https:\/\/alice.ch\/app\/uploads\/2022\/07\/logo-sveb.png","contentUrl":"https:\/\/alice.ch\/app\/uploads\/2022\/07\/logo-sveb.png","width":145,"height":64,"caption":"FSEA Fédération suisse pour la formation continue"},"image":{"@id":"https:\/\/alice.ch\/fr\/#\/schema\/logo\/image\/"},"sameAs":["https:\/\/www.linkedin.com\/company\/schweizerischer-verband-fr-weiterbildung-sveb\/"]}]}</script>
<!-- / Yoast SEO plugin. -->

Nouveau système FFA et descriptifs modulaires - FSEA

Le nouveau système FFA et les descriptifs modulaires ne manqueront pas de susciter de nombreuses questions. Avec des informations et [&hellip;]

Schweizerischer Verband für Weiterbildung

FSEA Fédération suisse pour la formation continue
