{"id":13735,"date":"2022-11-16T17:13:26","date_gmt":"2022-11-16T16:13:26","guid":{"rendered":"https:\/\/projects.atxeit.ch\/sveb\/?post_type=event&#038;p=13735"},"modified":"2023-07-06T15:13:51","modified_gmt":"2023-07-06T13:13:51","slug":"fsea-assemblee-des-delegues-2021","status":"publish","type":"event","link":"https:\/\/alice.ch\/fr\/event\/fsea-assemblee-des-delegues-2021\/","title":{"rendered":"FSEA Assembl\u00e9e des d\u00e9l\u00e9gu\u00e9s 2021"},"content":{"rendered":"\n<p>Tous les membres de la FSEA sont cordialement invit\u00e9s cette ann\u00e9e \u00e0 assister \u00e0 la partie statutaire de l&rsquo;assembl\u00e9e des d\u00e9l\u00e9gu\u00e9s en ligne. Vous avez re\u00e7u l&rsquo;ordre du jour et tous les autres documents et informations pertinents par e-mail et par courrier le 9 avril.<\/p>\n\n\n\n<p>Faites usage de votre droit de vote lors de l&rsquo;assembl\u00e9e num\u00e9rique des d\u00e9l\u00e9gu\u00e9s de la FSEA ! Nous nous r\u00e9jouissons des nombreuses participations.<\/p>\n\n\n\n<p>Apr\u00e8s cette partie statutaire, restez en tant qu&rsquo;invit\u00e9 si vous voulez suivre notre programme festif pour l&rsquo;anniversaire de la FSEA (70 ans !) \u00e0 partir de 15h30.<\/p>\n","protected":false},"excerpt":{"rendered":"<p>Tous les membres de la FSEA sont cordialement invit\u00e9s cette ann\u00e9e \u00e0 assister \u00e0 la partie statutaire de l&rsquo;assembl\u00e9e des [&hellip;]<\/p>\n","protected":false},"author":11,"featured_media":19809,"template":"","meta":{"_acf_changed":false,"inline_featured_image":false,"footnotes":""},"event-category":[103],"event-tag":[],"event-status":[200,205],"event-language":[206,202,207,203],"global-category":[115],"class_list":["post-13735","event","type-event","status-publish","has-post-thumbnail","hentry","event-category-evenements-fsea-kooperation","event-status-archiv","event-status-archive","event-language-allemand","event-language-deutsch","event-language-francais","event-language-franzoesisch","global-category-sveb-fr"],"acf":[],"yoast_head":"<!-- This site is optimized with the Yoast SEO plugin v27.3 - https:\/\/yoast.com\/product\/yoast-seo-wordpress\/ -->\n<title>FSEA Assembl\u00e9e des d\u00e9l\u00e9gu\u00e9s 2021 - FSEA<\/title>\n<meta name=\"robots\" content=\"index, follow, max-snippet:-1, max-image-preview:large, max-video-preview:-1\" \/>\n<link rel=\"canonical\" href=\"https:\/\/alice.ch\/fr\/event\/fsea-assemblee-des-delegues-2021\/\" \/>\n<meta property=\"og:locale\" content=\"fr_FR\" \/>\n<meta property=\"og:type\" content=\"article\" \/>\n<meta property=\"og:title\" content=\"FSEA Assembl\u00e9e des d\u00e9l\u00e9gu\u00e9s 2021 - FSEA\" \/>\n<meta property=\"og:description\" content=\"Tous les membres de la FSEA sont cordialement invit\u00e9s cette ann\u00e9e \u00e0 assister \u00e0 la partie statutaire de l&rsquo;assembl\u00e9e des [&hellip;]\" \/>\n<meta property=\"og:url\" content=\"https:\/\/alice.ch\/fr\/event\/fsea-assemblee-des-delegues-2021\/\" \/>\n<meta property=\"og:site_name\" content=\"SVEB\" \/>\n<meta property=\"article:modified_time\" content=\"2023-07-06T13:13:51+00:00\" \/>\n<meta property=\"og:image\" content=\"https:\/\/alice.ch\/app\/uploads\/2022\/11\/agenda-fsea-assemblee-des-delegues-2021.jpg\" \/>\n\t<meta property=\"og:image:width\" content=\"771\" \/>\n\t<meta property=\"og:image:height\" content=\"385\" \/>\n\t<meta property=\"og:image:type\" content=\"image\/jpeg\" \/>\n<meta name=\"twitter:card\" content=\"summary_large_image\" \/>\n<script type=\"application\/ld+json\" class=\"yoast-schema-graph\">{\"@context\":\"https:\\\/\\\/schema.org\",\"@graph\":[{\"@type\":\"WebPage\",\"@id\":\"https:\\\/\\\/alice.ch\\\/fr\\\/event\\\/fsea-assemblee-des-delegues-2021\\\/\",\"url\":\"https:\\\/\\\/alice.ch\\\/fr\\\/event\\\/fsea-assemblee-des-delegues-2021\\\/\",\"name\":\"FSEA Assembl\u00e9e des d\u00e9l\u00e9gu\u00e9s 2021 - FSEA\",\"isPartOf\":{\"@id\":\"https:\\\/\\\/alice.ch\\\/fr\\\/#website\"},\"primaryImageOfPage\":{\"@id\":\"https:\\\/\\\/alice.ch\\\/fr\\\/event\\\/fsea-assemblee-des-delegues-2021\\\/#primaryimage\"},\"image\":{\"@id\":\"https:\\\/\\\/alice.ch\\\/fr\\\/event\\\/fsea-assemblee-des-delegues-2021\\\/#primaryimage\"},\"thumbnailUrl\":\"https:\\\/\\\/alice.ch\\\/app\\\/uploads\\\/2022\\\/11\\\/agenda-fsea-assemblee-des-delegues-2021.jpg\",\"datePublished\":\"2022-11-16T16:13:26+00:00\",\"dateModified\":\"2023-07-06T13:13:51+00:00\",\"breadcrumb\":{\"@id\":\"https:\\\/\\\/alice.ch\\\/fr\\\/event\\\/fsea-assemblee-des-delegues-2021\\\/#breadcrumb\"},\"inLanguage\":\"fr-FR\",\"potentialAction\":[{\"@type\":\"ReadAction\",\"target\":[\"https:\\\/\\\/alice.ch\\\/fr\\\/event\\\/fsea-assemblee-des-delegues-2021\\\/\"]}]},{\"@type\":\"ImageObject\",\"inLanguage\":\"fr-FR\",\"@id\":\"https:\\\/\\\/alice.ch\\\/fr\\\/event\\\/fsea-assemblee-des-delegues-2021\\\/#primaryimage\",\"url\":\"https:\\\/\\\/alice.ch\\\/app\\\/uploads\\\/2022\\\/11\\\/agenda-fsea-assemblee-des-delegues-2021.jpg\",\"contentUrl\":\"https:\\\/\\\/alice.ch\\\/app\\\/uploads\\\/2022\\\/11\\\/agenda-fsea-assemblee-des-delegues-2021.jpg\",\"width\":771,\"height\":385},{\"@type\":\"BreadcrumbList\",\"@id\":\"https:\\\/\\\/alice.ch\\\/fr\\\/event\\\/fsea-assemblee-des-delegues-2021\\\/#breadcrumb\",\"itemListElement\":[{\"@type\":\"ListItem\",\"position\":1,\"name\":\"Page d'accueil\",\"item\":\"https:\\\/\\\/alice.ch\\\/fr\\\/\"},{\"@type\":\"ListItem\",\"position\":2,\"name\":\"Events\",\"item\":\"https:\\\/\\\/alice.ch\\\/fr\\\/event\\\/\"},{\"@type\":\"ListItem\",\"position\":3,\"name\":\"FSEA Assembl\u00e9e des d\u00e9l\u00e9gu\u00e9s 2021\"}]},{\"@type\":\"WebSite\",\"@id\":\"https:\\\/\\\/alice.ch\\\/fr\\\/#website\",\"url\":\"https:\\\/\\\/alice.ch\\\/fr\\\/\",\"name\":\"alice.ch (Adult Learning Information Center) ist das Portal der Weiterbildung in der Schweiz.\",\"description\":\"Schweizerischer Verband f\u00fcr Weiterbildung\",\"publisher\":{\"@id\":\"https:\\\/\\\/alice.ch\\\/fr\\\/#organization\"},\"potentialAction\":[{\"@type\":\"SearchAction\",\"target\":{\"@type\":\"EntryPoint\",\"urlTemplate\":\"https:\\\/\\\/alice.ch\\\/fr\\\/?s={search_term_string}\"},\"query-input\":{\"@type\":\"PropertyValueSpecification\",\"valueRequired\":true,\"valueName\":\"search_term_string\"}}],\"inLanguage\":\"fr-FR\"},{\"@type\":\"Organization\",\"@id\":\"https:\\\/\\\/alice.ch\\\/fr\\\/#organization\",\"name\":\"FSEA F\u00e9d\u00e9ration suisse pour la formation continue\",\"url\":\"https:\\\/\\\/alice.ch\\\/fr\\\/\",\"logo\":{\"@type\":\"ImageObject\",\"inLanguage\":\"fr-FR\",\"@id\":\"https:\\\/\\\/alice.ch\\\/fr\\\/#\\\/schema\\\/logo\\\/image\\\/\",\"url\":\"https:\\\/\\\/alice.ch\\\/app\\\/uploads\\\/2022\\\/07\\\/logo-sveb.png\",\"contentUrl\":\"https:\\\/\\\/alice.ch\\\/app\\\/uploads\\\/2022\\\/07\\\/logo-sveb.png\",\"width\":145,\"height\":64,\"caption\":\"FSEA F\u00e9d\u00e9ration suisse pour la formation continue\"},\"image\":{\"@id\":\"https:\\\/\\\/alice.ch\\\/fr\\\/#\\\/schema\\\/logo\\\/image\\\/\"},\"sameAs\":[\"https:\\\/\\\/www.linkedin.com\\\/company\\\/schweizerischer-verband-fr-weiterbildung-sveb\\\/\"]}]}<\/script>\n<!-- \/ Yoast SEO plugin. -->","yoast_head_json":{"title":"FSEA Assembl\u00e9e des d\u00e9l\u00e9gu\u00e9s 2021 - FSEA","robots":{"index":"index","follow":"follow","max-snippet":"max-snippet:-1","max-image-preview":"max-image-preview:large","max-video-preview":"max-video-preview:-1"},"canonical":"https:\/\/alice.ch\/fr\/event\/fsea-assemblee-des-delegues-2021\/","og_locale":"fr_FR","og_type":"article","og_title":"FSEA Assembl\u00e9e des d\u00e9l\u00e9gu\u00e9s 2021 - FSEA","og_description":"Tous les membres de la FSEA sont cordialement invit\u00e9s cette ann\u00e9e \u00e0 assister \u00e0 la partie statutaire de l&rsquo;assembl\u00e9e des [&hellip;]","og_url":"https:\/\/alice.ch\/fr\/event\/fsea-assemblee-des-delegues-2021\/","og_site_name":"SVEB","article_modified_time":"2023-07-06T13:13:51+00:00","og_image":[{"width":771,"height":385,"url":"https:\/\/alice.ch\/app\/uploads\/2022\/11\/agenda-fsea-assemblee-des-delegues-2021.jpg","type":"image\/jpeg"}],"twitter_card":"summary_large_image","schema":{"@context":"https:\/\/schema.org","@graph":[{"@type":"WebPage","@id":"https:\/\/alice.ch\/fr\/event\/fsea-assemblee-des-delegues-2021\/","url":"https:\/\/alice.ch\/fr\/event\/fsea-assemblee-des-delegues-2021\/","name":"FSEA Assembl\u00e9e des d\u00e9l\u00e9gu\u00e9s 2021 - FSEA","isPartOf":{"@id":"https:\/\/alice.ch\/fr\/#website"},"primaryImageOfPage":{"@id":"https:\/\/alice.ch\/fr\/event\/fsea-assemblee-des-delegues-2021\/#primaryimage"},"image":{"@id":"https:\/\/alice.ch\/fr\/event\/fsea-assemblee-des-delegues-2021\/#primaryimage"},"thumbnailUrl":"https:\/\/alice.ch\/app\/uploads\/2022\/11\/agenda-fsea-assemblee-des-delegues-2021.jpg","datePublished":"2022-11-16T16:13:26+00:00","dateModified":"2023-07-06T13:13:51+00:00","breadcrumb":{"@id":"https:\/\/alice.ch\/fr\/event\/fsea-assemblee-des-delegues-2021\/#breadcrumb"},"inLanguage":"fr-FR","potentialAction":[{"@type":"ReadAction","target":["https:\/\/alice.ch\/fr\/event\/fsea-assemblee-des-delegues-2021\/"]}]},{"@type":"ImageObject","inLanguage":"fr-FR","@id":"https:\/\/alice.ch\/fr\/event\/fsea-assemblee-des-delegues-2021\/#primaryimage","url":"https:\/\/alice.ch\/app\/uploads\/2022\/11\/agenda-fsea-assemblee-des-delegues-2021.jpg","contentUrl":"https:\/\/alice.ch\/app\/uploads\/2022\/11\/agenda-fsea-assemblee-des-delegues-2021.jpg","width":771,"height":385},{"@type":"BreadcrumbList","@id":"https:\/\/alice.ch\/fr\/event\/fsea-assemblee-des-delegues-2021\/#breadcrumb","itemListElement":[{"@type":"ListItem","position":1,"name":"Page d'accueil","item":"https:\/\/alice.ch\/fr\/"},{"@type":"ListItem","position":2,"name":"Events","item":"https:\/\/alice.ch\/fr\/event\/"},{"@type":"ListItem","position":3,"name":"FSEA Assembl\u00e9e des d\u00e9l\u00e9gu\u00e9s 2021"}]},{"@type":"WebSite","@id":"https:\/\/alice.ch\/fr\/#website","url":"https:\/\/alice.ch\/fr\/","name":"alice.ch (Adult Learning Information Center) ist das Portal der Weiterbildung in der Schweiz.","description":"Schweizerischer Verband f\u00fcr Weiterbildung","publisher":{"@id":"https:\/\/alice.ch\/fr\/#organization"},"potentialAction":[{"@type":"SearchAction","target":{"@type":"EntryPoint","urlTemplate":"https:\/\/alice.ch\/fr\/?s={search_term_string}"},"query-input":{"@type":"PropertyValueSpecification","valueRequired":true,"valueName":"search_term_string"}}],"inLanguage":"fr-FR"},{"@type":"Organization","@id":"https:\/\/alice.ch\/fr\/#organization","name":"FSEA F\u00e9d\u00e9ration suisse pour la formation continue","url":"https:\/\/alice.ch\/fr\/","logo":{"@type":"ImageObject","inLanguage":"fr-FR","@id":"https:\/\/alice.ch\/fr\/#\/schema\/logo\/image\/","url":"https:\/\/alice.ch\/app\/uploads\/2022\/07\/logo-sveb.png","contentUrl":"https:\/\/alice.ch\/app\/uploads\/2022\/07\/logo-sveb.png","width":145,"height":64,"caption":"FSEA F\u00e9d\u00e9ration suisse pour la formation continue"},"image":{"@id":"https:\/\/alice.ch\/fr\/#\/schema\/logo\/image\/"},"sameAs":["https:\/\/www.linkedin.com\/company\/schweizerischer-verband-fr-weiterbildung-sveb\/"]}]}},"_links":{"self":[{"href":"https:\/\/alice.ch\/fr\/wp-json\/wp\/v2\/event\/13735","targetHints":{"allow":["GET"]}}],"collection":[{"href":"https:\/\/alice.ch\/fr\/wp-json\/wp\/v2\/event"}],"about":[{"href":"https:\/\/alice.ch\/fr\/wp-json\/wp\/v2\/types\/event"}],"author":[{"embeddable":true,"href":"https:\/\/alice.ch\/fr\/wp-json\/wp\/v2\/users\/11"}],"version-history":[{"count":4,"href":"https:\/\/alice.ch\/fr\/wp-json\/wp\/v2\/event\/13735\/revisions"}],"predecessor-version":[{"id":52315,"href":"https:\/\/alice.ch\/fr\/wp-json\/wp\/v2\/event\/13735\/revisions\/52315"}],"wp:featuredmedia":[{"embeddable":true,"href":"https:\/\/alice.ch\/fr\/wp-json\/wp\/v2\/media\/19809"}],"wp:attachment":[{"href":"https:\/\/alice.ch\/fr\/wp-json\/wp\/v2\/media?parent=13735"}],"wp:term":[{"taxonomy":"event-category","embeddable":true,"href":"https:\/\/alice.ch\/fr\/wp-json\/wp\/v2\/event-category?post=13735"},{"taxonomy":"event-tag","embeddable":true,"href":"https:\/\/alice.ch\/fr\/wp-json\/wp\/v2\/event-tag?post=13735"},{"taxonomy":"event-status","embeddable":true,"href":"https:\/\/alice.ch\/fr\/wp-json\/wp\/v2\/event-status?post=13735"},{"taxonomy":"event-language","embeddable":true,"href":"https:\/\/alice.ch\/fr\/wp-json\/wp\/v2\/event-language?post=13735"},{"taxonomy":"global-category","embeddable":true,"href":"https:\/\/alice.ch\/fr\/wp-json\/wp\/v2\/global-category?post=13735"}],"curies":[{"name":"wp","href":"https:\/\/api.w.org\/{rel}","templated":true}]}}

FSEA Assemblée des délégués 2021

<p>Tous les membres de la FSEA sont cordialement invités cette année à assister à la partie statutaire de l&rsquo;assemblée des délégués en ligne. Vous avez reçu l&rsquo;ordre du jour et tous les autres documents et informations pertinents par e-mail et par courrier le 9 avril.</p>



<p>Faites usage de votre droit de vote lors de l&rsquo;assemblée numérique des délégués de la FSEA ! Nous nous réjouissons des nombreuses participations.</p>



<p>Après cette partie statutaire, restez en tant qu&rsquo;invité si vous voulez suivre notre programme festif pour l&rsquo;anniversaire de la FSEA (70 ans !) à partir de 15h30.</p>

<p>Tous les membres de la FSEA sont cordialement invités cette année à assister à la partie statutaire de l&rsquo;assemblée des [&hellip;]</p>

<!-- This site is optimized with the Yoast SEO plugin v27.3 - https://yoast.com/product/yoast-seo-wordpress/ -->
<title>FSEA Assemblée des délégués 2021 - FSEA</title>
<meta name="robots" content="index, follow, max-snippet:-1, max-image-preview:large, max-video-preview:-1" />
<link rel="canonical" href="https://alice.ch/fr/event/fsea-assemblee-des-delegues-2021/" />
<meta property="og:locale" content="fr_FR" />
<meta property="og:type" content="article" />
<meta property="og:title" content="FSEA Assemblée des délégués 2021 - FSEA" />
<meta property="og:description" content="Tous les membres de la FSEA sont cordialement invités cette année à assister à la partie statutaire de l&rsquo;assemblée des [&hellip;]" />
<meta property="og:url" content="https://alice.ch/fr/event/fsea-assemblee-des-delegues-2021/" />
<meta property="og:site_name" content="SVEB" />
<meta property="article:modified_time" content="2023-07-06T13:13:51+00:00" />
<meta property="og:image" content="https://alice.ch/app/uploads/2022/11/agenda-fsea-assemblee-des-delegues-2021.jpg" />
	<meta property="og:image:width" content="771" />
	<meta property="og:image:height" content="385" />
	<meta property="og:image:type" content="image/jpeg" />
<meta name="twitter:card" content="summary_large_image" />
<script type="application/ld+json" class="yoast-schema-graph">{"@context":"https:\/\/schema.org","@graph":[{"@type":"WebPage","@id":"https:\/\/alice.ch\/fr\/event\/fsea-assemblee-des-delegues-2021\/","url":"https:\/\/alice.ch\/fr\/event\/fsea-assemblee-des-delegues-2021\/","name":"FSEA Assemblée des délégués 2021 - FSEA","isPartOf":{"@id":"https:\/\/alice.ch\/fr\/#website"},"primaryImageOfPage":{"@id":"https:\/\/alice.ch\/fr\/event\/fsea-assemblee-des-delegues-2021\/#primaryimage"},"image":{"@id":"https:\/\/alice.ch\/fr\/event\/fsea-assemblee-des-delegues-2021\/#primaryimage"},"thumbnailUrl":"https:\/\/alice.ch\/app\/uploads\/2022\/11\/agenda-fsea-assemblee-des-delegues-2021.jpg","datePublished":"2022-11-16T16:13:26+00:00","dateModified":"2023-07-06T13:13:51+00:00","breadcrumb":{"@id":"https:\/\/alice.ch\/fr\/event\/fsea-assemblee-des-delegues-2021\/#breadcrumb"},"inLanguage":"fr-FR","potentialAction":[{"@type":"ReadAction","target":["https:\/\/alice.ch\/fr\/event\/fsea-assemblee-des-delegues-2021\/"]}]},{"@type":"ImageObject","inLanguage":"fr-FR","@id":"https:\/\/alice.ch\/fr\/event\/fsea-assemblee-des-delegues-2021\/#primaryimage","url":"https:\/\/alice.ch\/app\/uploads\/2022\/11\/agenda-fsea-assemblee-des-delegues-2021.jpg","contentUrl":"https:\/\/alice.ch\/app\/uploads\/2022\/11\/agenda-fsea-assemblee-des-delegues-2021.jpg","width":771,"height":385},{"@type":"BreadcrumbList","@id":"https:\/\/alice.ch\/fr\/event\/fsea-assemblee-des-delegues-2021\/#breadcrumb","itemListElement":[{"@type":"ListItem","position":1,"name":"Page d'accueil","item":"https:\/\/alice.ch\/fr\/"},{"@type":"ListItem","position":2,"name":"Events","item":"https:\/\/alice.ch\/fr\/event\/"},{"@type":"ListItem","position":3,"name":"FSEA Assemblée des délégués 2021"}]},{"@type":"WebSite","@id":"https:\/\/alice.ch\/fr\/#website","url":"https:\/\/alice.ch\/fr\/","name":"alice.ch (Adult Learning Information Center) ist das Portal der Weiterbildung in der Schweiz.","description":"Schweizerischer Verband für Weiterbildung","publisher":{"@id":"https:\/\/alice.ch\/fr\/#organization"},"potentialAction":[{"@type":"SearchAction","target":{"@type":"EntryPoint","urlTemplate":"https:\/\/alice.ch\/fr\/?s={search_term_string}"},"query-input":{"@type":"PropertyValueSpecification","valueRequired":true,"valueName":"search_term_string"}}],"inLanguage":"fr-FR"},{"@type":"Organization","@id":"https:\/\/alice.ch\/fr\/#organization","name":"FSEA Fédération suisse pour la formation continue","url":"https:\/\/alice.ch\/fr\/","logo":{"@type":"ImageObject","inLanguage":"fr-FR","@id":"https:\/\/alice.ch\/fr\/#\/schema\/logo\/image\/","url":"https:\/\/alice.ch\/app\/uploads\/2022\/07\/logo-sveb.png","contentUrl":"https:\/\/alice.ch\/app\/uploads\/2022\/07\/logo-sveb.png","width":145,"height":64,"caption":"FSEA Fédération suisse pour la formation continue"},"image":{"@id":"https:\/\/alice.ch\/fr\/#\/schema\/logo\/image\/"},"sameAs":["https:\/\/www.linkedin.com\/company\/schweizerischer-verband-fr-weiterbildung-sveb\/"]}]}</script>
<!-- / Yoast SEO plugin. -->

FSEA Assemblée des délégués 2021 - FSEA

Tous les membres de la FSEA sont cordialement invités cette année à assister à la partie statutaire de l&rsquo;assemblée des [&hellip;]

Schweizerischer Verband für Weiterbildung

FSEA Fédération suisse pour la formation continue
