{"id":40803,"date":"2022-12-31T14:52:50","date_gmt":"2022-12-31T13:52:50","guid":{"rendered":"https:\/\/alice.ch\/?post_type=event&#038;p=40803"},"modified":"2023-07-06T15:12:27","modified_gmt":"2023-07-06T13:12:27","slug":"evaluez-vos-competences-numeriques","status":"publish","type":"event","link":"https:\/\/alice.ch\/fr\/event\/evaluez-vos-competences-numeriques\/","title":{"rendered":"Evaluez vos comp\u00e9tences num\u00e9riques !"},"content":{"rendered":"\n<p>Pour beaucoup de formateurs-trices, l&rsquo;utilisation des outils digitaux dans leurs cours est un \u00e9l\u00e9ment r\u00e9cent de leur pratique et certains souhaiteraient savoir o\u00f9 ils en sont : utilisent-ils les bons outils ? De mani\u00e8re s\u00e9cure ? Comment am\u00e9liorer et soutenir les apprenants gr\u00e2ce aux outils digitaux ?&nbsp;Lors de ce webinaire, nous vous pr\u00e9senterons les ressources d\u00e9velopp\u00e9es dans le cadre d&rsquo;un projet europ\u00e9en nomm\u00e9 \u00ab\u00a0DigitALAD\u00a0\u00bb (Digital Adult Educators).<\/p>\n\n\n\n<p>L&rsquo;objectif du projet DigitALAD est de soutenir les formateurs-trices dans la transition num\u00e9rique actuelle afin de leur fournir une \u00ab\u00a0base commune\u00a0\u00bb sur comment utiliser le num\u00e9rique dans leurs cours.<\/p>\n\n\n\n<p>Lors de ce rendez-vous en ligne d&rsquo;une heure et demie, vous en saurez plus sur le projet mais surtout sur sa plateforme d&rsquo;apprentissage qui permet de vous situer dans l&rsquo;utilisation des TIC. L&rsquo;une des ressources du projet est un manuel complet, bas\u00e9 autour de 22 comp\u00e9tences provenant du mod\u00e8le europ\u00e9en DIGICOMPEDU. Il peut \u00eatre t\u00e9l\u00e9charg\u00e9 <a href=\"https:\/\/digitaladproject.eu\/fr\/resources\" target=\"_blank\" rel=\"noreferrer noopener\">ici<\/a>&nbsp;au pr\u00e9alable du webinaire.<\/p>\n\n\n\n<p>Ce webinaire gratuit, sur inscription, s&rsquo;adresse \u00e0 toutes les personnes actives dans la formation continue d\u00e9sireuses de faire un bilan sur leurs comp\u00e9tences dans le domaine du digital, ou d&rsquo;en apprendre plus sur les outils digitaux \u00e0 leur disposition et sur leur utilisation pratique dans la formation.<br>Le projet DigitALAD est financ\u00e9 par Movetia, et le programme Erasmus+.<\/p>\n\n\n\n<p>Aucune connaissance pr\u00e9alable n&rsquo;est requise!<\/p>\n\n\n\n<p>Bienvenue !<\/p>\n\n\n\n<h3 class=\"wp-block-heading\"><a href=\"https:\/\/alice.ch\/app\/uploads\/2022\/12\/2021-digitalad.pdf\">Pr\u00e9sentation<\/a><\/h3>\n\n\n\n<h3 class=\"wp-block-heading\"><a href=\"https:\/\/alice.ch\/app\/uploads\/2022\/12\/2021-digitalad-liens.pdf\">Liste des liens<\/a><\/h3>\n","protected":false},"excerpt":{"rendered":"<p>Pour beaucoup de formateurs-trices, l&rsquo;utilisation des outils digitaux dans leurs cours est un \u00e9l\u00e9ment r\u00e9cent de leur pratique et certains [&hellip;]<\/p>\n","protected":false},"author":11,"featured_media":40804,"template":"","meta":{"_acf_changed":false,"inline_featured_image":false,"footnotes":""},"event-category":[103],"event-tag":[],"event-status":[205],"event-language":[207],"global-category":[119],"class_list":["post-40803","event","type-event","status-publish","has-post-thumbnail","hentry","event-category-evenements-fsea-kooperation","event-status-archive","event-language-francais","global-category-digitalisierung-fr"],"acf":[],"yoast_head":"<!-- This site is optimized with the Yoast SEO plugin v27.3 - https:\/\/yoast.com\/product\/yoast-seo-wordpress\/ -->\n<title>Evaluez vos comp\u00e9tences num\u00e9riques ! - FSEA<\/title>\n<meta name=\"robots\" content=\"index, follow, max-snippet:-1, max-image-preview:large, max-video-preview:-1\" \/>\n<link rel=\"canonical\" href=\"https:\/\/alice.ch\/fr\/event\/evaluez-vos-competences-numeriques\/\" \/>\n<meta property=\"og:locale\" content=\"fr_FR\" \/>\n<meta property=\"og:type\" content=\"article\" \/>\n<meta property=\"og:title\" content=\"Evaluez vos comp\u00e9tences num\u00e9riques ! - FSEA\" \/>\n<meta property=\"og:description\" content=\"Pour beaucoup de formateurs-trices, l&rsquo;utilisation des outils digitaux dans leurs cours est un \u00e9l\u00e9ment r\u00e9cent de leur pratique et certains [&hellip;]\" \/>\n<meta property=\"og:url\" content=\"https:\/\/alice.ch\/fr\/event\/evaluez-vos-competences-numeriques\/\" \/>\n<meta property=\"og:site_name\" content=\"SVEB\" \/>\n<meta property=\"article:modified_time\" content=\"2023-07-06T13:12:27+00:00\" \/>\n<meta property=\"og:image\" content=\"https:\/\/alice.ch\/app\/uploads\/2022\/12\/agenda-digital-land-2021.png\" \/>\n\t<meta property=\"og:image:width\" content=\"720\" \/>\n\t<meta property=\"og:image:height\" content=\"405\" \/>\n\t<meta property=\"og:image:type\" content=\"image\/png\" \/>\n<meta name=\"twitter:card\" content=\"summary_large_image\" \/>\n<script type=\"application\/ld+json\" class=\"yoast-schema-graph\">{\"@context\":\"https:\\\/\\\/schema.org\",\"@graph\":[{\"@type\":\"WebPage\",\"@id\":\"https:\\\/\\\/alice.ch\\\/fr\\\/event\\\/evaluez-vos-competences-numeriques\\\/\",\"url\":\"https:\\\/\\\/alice.ch\\\/fr\\\/event\\\/evaluez-vos-competences-numeriques\\\/\",\"name\":\"Evaluez vos comp\u00e9tences num\u00e9riques ! - FSEA\",\"isPartOf\":{\"@id\":\"https:\\\/\\\/alice.ch\\\/fr\\\/#website\"},\"primaryImageOfPage\":{\"@id\":\"https:\\\/\\\/alice.ch\\\/fr\\\/event\\\/evaluez-vos-competences-numeriques\\\/#primaryimage\"},\"image\":{\"@id\":\"https:\\\/\\\/alice.ch\\\/fr\\\/event\\\/evaluez-vos-competences-numeriques\\\/#primaryimage\"},\"thumbnailUrl\":\"https:\\\/\\\/alice.ch\\\/app\\\/uploads\\\/2022\\\/12\\\/agenda-digital-land-2021.png\",\"datePublished\":\"2022-12-31T13:52:50+00:00\",\"dateModified\":\"2023-07-06T13:12:27+00:00\",\"breadcrumb\":{\"@id\":\"https:\\\/\\\/alice.ch\\\/fr\\\/event\\\/evaluez-vos-competences-numeriques\\\/#breadcrumb\"},\"inLanguage\":\"fr-FR\",\"potentialAction\":[{\"@type\":\"ReadAction\",\"target\":[\"https:\\\/\\\/alice.ch\\\/fr\\\/event\\\/evaluez-vos-competences-numeriques\\\/\"]}]},{\"@type\":\"ImageObject\",\"inLanguage\":\"fr-FR\",\"@id\":\"https:\\\/\\\/alice.ch\\\/fr\\\/event\\\/evaluez-vos-competences-numeriques\\\/#primaryimage\",\"url\":\"https:\\\/\\\/alice.ch\\\/app\\\/uploads\\\/2022\\\/12\\\/agenda-digital-land-2021.png\",\"contentUrl\":\"https:\\\/\\\/alice.ch\\\/app\\\/uploads\\\/2022\\\/12\\\/agenda-digital-land-2021.png\",\"width\":720,\"height\":405},{\"@type\":\"BreadcrumbList\",\"@id\":\"https:\\\/\\\/alice.ch\\\/fr\\\/event\\\/evaluez-vos-competences-numeriques\\\/#breadcrumb\",\"itemListElement\":[{\"@type\":\"ListItem\",\"position\":1,\"name\":\"Page d'accueil\",\"item\":\"https:\\\/\\\/alice.ch\\\/fr\\\/\"},{\"@type\":\"ListItem\",\"position\":2,\"name\":\"Events\",\"item\":\"https:\\\/\\\/alice.ch\\\/fr\\\/event\\\/\"},{\"@type\":\"ListItem\",\"position\":3,\"name\":\"Evaluez vos comp\u00e9tences num\u00e9riques !\"}]},{\"@type\":\"WebSite\",\"@id\":\"https:\\\/\\\/alice.ch\\\/fr\\\/#website\",\"url\":\"https:\\\/\\\/alice.ch\\\/fr\\\/\",\"name\":\"alice.ch (Adult Learning Information Center) ist das Portal der Weiterbildung in der Schweiz.\",\"description\":\"Schweizerischer Verband f\u00fcr Weiterbildung\",\"publisher\":{\"@id\":\"https:\\\/\\\/alice.ch\\\/fr\\\/#organization\"},\"potentialAction\":[{\"@type\":\"SearchAction\",\"target\":{\"@type\":\"EntryPoint\",\"urlTemplate\":\"https:\\\/\\\/alice.ch\\\/fr\\\/?s={search_term_string}\"},\"query-input\":{\"@type\":\"PropertyValueSpecification\",\"valueRequired\":true,\"valueName\":\"search_term_string\"}}],\"inLanguage\":\"fr-FR\"},{\"@type\":\"Organization\",\"@id\":\"https:\\\/\\\/alice.ch\\\/fr\\\/#organization\",\"name\":\"FSEA F\u00e9d\u00e9ration suisse pour la formation continue\",\"url\":\"https:\\\/\\\/alice.ch\\\/fr\\\/\",\"logo\":{\"@type\":\"ImageObject\",\"inLanguage\":\"fr-FR\",\"@id\":\"https:\\\/\\\/alice.ch\\\/fr\\\/#\\\/schema\\\/logo\\\/image\\\/\",\"url\":\"https:\\\/\\\/alice.ch\\\/app\\\/uploads\\\/2022\\\/07\\\/logo-sveb.png\",\"contentUrl\":\"https:\\\/\\\/alice.ch\\\/app\\\/uploads\\\/2022\\\/07\\\/logo-sveb.png\",\"width\":145,\"height\":64,\"caption\":\"FSEA F\u00e9d\u00e9ration suisse pour la formation continue\"},\"image\":{\"@id\":\"https:\\\/\\\/alice.ch\\\/fr\\\/#\\\/schema\\\/logo\\\/image\\\/\"},\"sameAs\":[\"https:\\\/\\\/www.linkedin.com\\\/company\\\/schweizerischer-verband-fr-weiterbildung-sveb\\\/\"]}]}<\/script>\n<!-- \/ Yoast SEO plugin. -->","yoast_head_json":{"title":"Evaluez vos comp\u00e9tences num\u00e9riques ! - FSEA","robots":{"index":"index","follow":"follow","max-snippet":"max-snippet:-1","max-image-preview":"max-image-preview:large","max-video-preview":"max-video-preview:-1"},"canonical":"https:\/\/alice.ch\/fr\/event\/evaluez-vos-competences-numeriques\/","og_locale":"fr_FR","og_type":"article","og_title":"Evaluez vos comp\u00e9tences num\u00e9riques ! - FSEA","og_description":"Pour beaucoup de formateurs-trices, l&rsquo;utilisation des outils digitaux dans leurs cours est un \u00e9l\u00e9ment r\u00e9cent de leur pratique et certains [&hellip;]","og_url":"https:\/\/alice.ch\/fr\/event\/evaluez-vos-competences-numeriques\/","og_site_name":"SVEB","article_modified_time":"2023-07-06T13:12:27+00:00","og_image":[{"width":720,"height":405,"url":"https:\/\/alice.ch\/app\/uploads\/2022\/12\/agenda-digital-land-2021.png","type":"image\/png"}],"twitter_card":"summary_large_image","schema":{"@context":"https:\/\/schema.org","@graph":[{"@type":"WebPage","@id":"https:\/\/alice.ch\/fr\/event\/evaluez-vos-competences-numeriques\/","url":"https:\/\/alice.ch\/fr\/event\/evaluez-vos-competences-numeriques\/","name":"Evaluez vos comp\u00e9tences num\u00e9riques ! - FSEA","isPartOf":{"@id":"https:\/\/alice.ch\/fr\/#website"},"primaryImageOfPage":{"@id":"https:\/\/alice.ch\/fr\/event\/evaluez-vos-competences-numeriques\/#primaryimage"},"image":{"@id":"https:\/\/alice.ch\/fr\/event\/evaluez-vos-competences-numeriques\/#primaryimage"},"thumbnailUrl":"https:\/\/alice.ch\/app\/uploads\/2022\/12\/agenda-digital-land-2021.png","datePublished":"2022-12-31T13:52:50+00:00","dateModified":"2023-07-06T13:12:27+00:00","breadcrumb":{"@id":"https:\/\/alice.ch\/fr\/event\/evaluez-vos-competences-numeriques\/#breadcrumb"},"inLanguage":"fr-FR","potentialAction":[{"@type":"ReadAction","target":["https:\/\/alice.ch\/fr\/event\/evaluez-vos-competences-numeriques\/"]}]},{"@type":"ImageObject","inLanguage":"fr-FR","@id":"https:\/\/alice.ch\/fr\/event\/evaluez-vos-competences-numeriques\/#primaryimage","url":"https:\/\/alice.ch\/app\/uploads\/2022\/12\/agenda-digital-land-2021.png","contentUrl":"https:\/\/alice.ch\/app\/uploads\/2022\/12\/agenda-digital-land-2021.png","width":720,"height":405},{"@type":"BreadcrumbList","@id":"https:\/\/alice.ch\/fr\/event\/evaluez-vos-competences-numeriques\/#breadcrumb","itemListElement":[{"@type":"ListItem","position":1,"name":"Page d'accueil","item":"https:\/\/alice.ch\/fr\/"},{"@type":"ListItem","position":2,"name":"Events","item":"https:\/\/alice.ch\/fr\/event\/"},{"@type":"ListItem","position":3,"name":"Evaluez vos comp\u00e9tences num\u00e9riques !"}]},{"@type":"WebSite","@id":"https:\/\/alice.ch\/fr\/#website","url":"https:\/\/alice.ch\/fr\/","name":"alice.ch (Adult Learning Information Center) ist das Portal der Weiterbildung in der Schweiz.","description":"Schweizerischer Verband f\u00fcr Weiterbildung","publisher":{"@id":"https:\/\/alice.ch\/fr\/#organization"},"potentialAction":[{"@type":"SearchAction","target":{"@type":"EntryPoint","urlTemplate":"https:\/\/alice.ch\/fr\/?s={search_term_string}"},"query-input":{"@type":"PropertyValueSpecification","valueRequired":true,"valueName":"search_term_string"}}],"inLanguage":"fr-FR"},{"@type":"Organization","@id":"https:\/\/alice.ch\/fr\/#organization","name":"FSEA F\u00e9d\u00e9ration suisse pour la formation continue","url":"https:\/\/alice.ch\/fr\/","logo":{"@type":"ImageObject","inLanguage":"fr-FR","@id":"https:\/\/alice.ch\/fr\/#\/schema\/logo\/image\/","url":"https:\/\/alice.ch\/app\/uploads\/2022\/07\/logo-sveb.png","contentUrl":"https:\/\/alice.ch\/app\/uploads\/2022\/07\/logo-sveb.png","width":145,"height":64,"caption":"FSEA F\u00e9d\u00e9ration suisse pour la formation continue"},"image":{"@id":"https:\/\/alice.ch\/fr\/#\/schema\/logo\/image\/"},"sameAs":["https:\/\/www.linkedin.com\/company\/schweizerischer-verband-fr-weiterbildung-sveb\/"]}]}},"_links":{"self":[{"href":"https:\/\/alice.ch\/fr\/wp-json\/wp\/v2\/event\/40803","targetHints":{"allow":["GET"]}}],"collection":[{"href":"https:\/\/alice.ch\/fr\/wp-json\/wp\/v2\/event"}],"about":[{"href":"https:\/\/alice.ch\/fr\/wp-json\/wp\/v2\/types\/event"}],"author":[{"embeddable":true,"href":"https:\/\/alice.ch\/fr\/wp-json\/wp\/v2\/users\/11"}],"version-history":[{"count":3,"href":"https:\/\/alice.ch\/fr\/wp-json\/wp\/v2\/event\/40803\/revisions"}],"predecessor-version":[{"id":52306,"href":"https:\/\/alice.ch\/fr\/wp-json\/wp\/v2\/event\/40803\/revisions\/52306"}],"wp:featuredmedia":[{"embeddable":true,"href":"https:\/\/alice.ch\/fr\/wp-json\/wp\/v2\/media\/40804"}],"wp:attachment":[{"href":"https:\/\/alice.ch\/fr\/wp-json\/wp\/v2\/media?parent=40803"}],"wp:term":[{"taxonomy":"event-category","embeddable":true,"href":"https:\/\/alice.ch\/fr\/wp-json\/wp\/v2\/event-category?post=40803"},{"taxonomy":"event-tag","embeddable":true,"href":"https:\/\/alice.ch\/fr\/wp-json\/wp\/v2\/event-tag?post=40803"},{"taxonomy":"event-status","embeddable":true,"href":"https:\/\/alice.ch\/fr\/wp-json\/wp\/v2\/event-status?post=40803"},{"taxonomy":"event-language","embeddable":true,"href":"https:\/\/alice.ch\/fr\/wp-json\/wp\/v2\/event-language?post=40803"},{"taxonomy":"global-category","embeddable":true,"href":"https:\/\/alice.ch\/fr\/wp-json\/wp\/v2\/global-category?post=40803"}],"curies":[{"name":"wp","href":"https:\/\/api.w.org\/{rel}","templated":true}]}}

Evaluez vos compétences numériques !

<p>Pour beaucoup de formateurs-trices, l&rsquo;utilisation des outils digitaux dans leurs cours est un élément récent de leur pratique et certains souhaiteraient savoir où ils en sont : utilisent-ils les bons outils ? De manière sécure ? Comment améliorer et soutenir les apprenants grâce aux outils digitaux ?&nbsp;Lors de ce webinaire, nous vous présenterons les ressources développées dans le cadre d&rsquo;un projet européen nommé « DigitALAD » (Digital Adult Educators).</p>



<p>L&rsquo;objectif du projet DigitALAD est de soutenir les formateurs-trices dans la transition numérique actuelle afin de leur fournir une « base commune » sur comment utiliser le numérique dans leurs cours.</p>



<p>Lors de ce rendez-vous en ligne d&rsquo;une heure et demie, vous en saurez plus sur le projet mais surtout sur sa plateforme d&rsquo;apprentissage qui permet de vous situer dans l&rsquo;utilisation des TIC. L&rsquo;une des ressources du projet est un manuel complet, basé autour de 22 compétences provenant du modèle européen DIGICOMPEDU. Il peut être téléchargé <a href="https://digitaladproject.eu/fr/resources" target="_blank" rel="noreferrer noopener">ici</a>&nbsp;au préalable du webinaire.</p>



<p>Ce webinaire gratuit, sur inscription, s&rsquo;adresse à toutes les personnes actives dans la formation continue désireuses de faire un bilan sur leurs compétences dans le domaine du digital, ou d&rsquo;en apprendre plus sur les outils digitaux à leur disposition et sur leur utilisation pratique dans la formation.<br>Le projet DigitALAD est financé par Movetia, et le programme Erasmus+.</p>



<p>Aucune connaissance préalable n&rsquo;est requise!</p>



<p>Bienvenue !</p>



<h3 class="wp-block-heading"><a href="https://alice.ch/app/uploads/2022/12/2021-digitalad.pdf">Présentation</a></h3>



<h3 class="wp-block-heading"><a href="https://alice.ch/app/uploads/2022/12/2021-digitalad-liens.pdf">Liste des liens</a></h3>

<p>Pour beaucoup de formateurs-trices, l&rsquo;utilisation des outils digitaux dans leurs cours est un élément récent de leur pratique et certains [&hellip;]</p>

<!-- This site is optimized with the Yoast SEO plugin v27.3 - https://yoast.com/product/yoast-seo-wordpress/ -->
<title>Evaluez vos compétences numériques ! - FSEA</title>
<meta name="robots" content="index, follow, max-snippet:-1, max-image-preview:large, max-video-preview:-1" />
<link rel="canonical" href="https://alice.ch/fr/event/evaluez-vos-competences-numeriques/" />
<meta property="og:locale" content="fr_FR" />
<meta property="og:type" content="article" />
<meta property="og:title" content="Evaluez vos compétences numériques ! - FSEA" />
<meta property="og:description" content="Pour beaucoup de formateurs-trices, l&rsquo;utilisation des outils digitaux dans leurs cours est un élément récent de leur pratique et certains [&hellip;]" />
<meta property="og:url" content="https://alice.ch/fr/event/evaluez-vos-competences-numeriques/" />
<meta property="og:site_name" content="SVEB" />
<meta property="article:modified_time" content="2023-07-06T13:12:27+00:00" />
<meta property="og:image" content="https://alice.ch/app/uploads/2022/12/agenda-digital-land-2021.png" />
	<meta property="og:image:width" content="720" />
	<meta property="og:image:height" content="405" />
	<meta property="og:image:type" content="image/png" />
<meta name="twitter:card" content="summary_large_image" />
<script type="application/ld+json" class="yoast-schema-graph">{"@context":"https:\/\/schema.org","@graph":[{"@type":"WebPage","@id":"https:\/\/alice.ch\/fr\/event\/evaluez-vos-competences-numeriques\/","url":"https:\/\/alice.ch\/fr\/event\/evaluez-vos-competences-numeriques\/","name":"Evaluez vos compétences numériques ! - FSEA","isPartOf":{"@id":"https:\/\/alice.ch\/fr\/#website"},"primaryImageOfPage":{"@id":"https:\/\/alice.ch\/fr\/event\/evaluez-vos-competences-numeriques\/#primaryimage"},"image":{"@id":"https:\/\/alice.ch\/fr\/event\/evaluez-vos-competences-numeriques\/#primaryimage"},"thumbnailUrl":"https:\/\/alice.ch\/app\/uploads\/2022\/12\/agenda-digital-land-2021.png","datePublished":"2022-12-31T13:52:50+00:00","dateModified":"2023-07-06T13:12:27+00:00","breadcrumb":{"@id":"https:\/\/alice.ch\/fr\/event\/evaluez-vos-competences-numeriques\/#breadcrumb"},"inLanguage":"fr-FR","potentialAction":[{"@type":"ReadAction","target":["https:\/\/alice.ch\/fr\/event\/evaluez-vos-competences-numeriques\/"]}]},{"@type":"ImageObject","inLanguage":"fr-FR","@id":"https:\/\/alice.ch\/fr\/event\/evaluez-vos-competences-numeriques\/#primaryimage","url":"https:\/\/alice.ch\/app\/uploads\/2022\/12\/agenda-digital-land-2021.png","contentUrl":"https:\/\/alice.ch\/app\/uploads\/2022\/12\/agenda-digital-land-2021.png","width":720,"height":405},{"@type":"BreadcrumbList","@id":"https:\/\/alice.ch\/fr\/event\/evaluez-vos-competences-numeriques\/#breadcrumb","itemListElement":[{"@type":"ListItem","position":1,"name":"Page d'accueil","item":"https:\/\/alice.ch\/fr\/"},{"@type":"ListItem","position":2,"name":"Events","item":"https:\/\/alice.ch\/fr\/event\/"},{"@type":"ListItem","position":3,"name":"Evaluez vos compétences numériques !"}]},{"@type":"WebSite","@id":"https:\/\/alice.ch\/fr\/#website","url":"https:\/\/alice.ch\/fr\/","name":"alice.ch (Adult Learning Information Center) ist das Portal der Weiterbildung in der Schweiz.","description":"Schweizerischer Verband für Weiterbildung","publisher":{"@id":"https:\/\/alice.ch\/fr\/#organization"},"potentialAction":[{"@type":"SearchAction","target":{"@type":"EntryPoint","urlTemplate":"https:\/\/alice.ch\/fr\/?s={search_term_string}"},"query-input":{"@type":"PropertyValueSpecification","valueRequired":true,"valueName":"search_term_string"}}],"inLanguage":"fr-FR"},{"@type":"Organization","@id":"https:\/\/alice.ch\/fr\/#organization","name":"FSEA Fédération suisse pour la formation continue","url":"https:\/\/alice.ch\/fr\/","logo":{"@type":"ImageObject","inLanguage":"fr-FR","@id":"https:\/\/alice.ch\/fr\/#\/schema\/logo\/image\/","url":"https:\/\/alice.ch\/app\/uploads\/2022\/07\/logo-sveb.png","contentUrl":"https:\/\/alice.ch\/app\/uploads\/2022\/07\/logo-sveb.png","width":145,"height":64,"caption":"FSEA Fédération suisse pour la formation continue"},"image":{"@id":"https:\/\/alice.ch\/fr\/#\/schema\/logo\/image\/"},"sameAs":["https:\/\/www.linkedin.com\/company\/schweizerischer-verband-fr-weiterbildung-sveb\/"]}]}</script>
<!-- / Yoast SEO plugin. -->

Evaluez vos compétences numériques ! - FSEA

Pour beaucoup de formateurs-trices, l&rsquo;utilisation des outils digitaux dans leurs cours est un élément récent de leur pratique et certains [&hellip;]

Schweizerischer Verband für Weiterbildung

FSEA Fédération suisse pour la formation continue
