{"id":48479,"date":"2023-04-19T13:51:20","date_gmt":"2023-04-19T11:51:20","guid":{"rendered":"https:\/\/alice.ch\/?post_type=event&#038;p=48479"},"modified":"2023-07-06T15:02:28","modified_gmt":"2023-07-06T13:02:28","slug":"tag-der-schweizer-qualitaet-2023","status":"publish","type":"event","link":"https:\/\/alice.ch\/fr\/event\/tag-der-schweizer-qualitaet-2023\/","title":{"rendered":"Journ\u00e9e Suisse de la Qualit\u00e9 2023"},"content":{"rendered":"\n<h3 class=\"wp-block-heading\">Ce qui vous attend<\/h3>\n\n\n\n<p>Avec la transformation digitale et \u00e9cologique ainsi que les changements d\u00e9mographiques, les entreprises sont confront\u00e9es \u00e0 des grands challenges. Les organisations doivent s&rsquo;adapter, et d\u00e9velopper de nouvelles structures pour rester comp\u00e9titives dans cet environnement en constante \u00e9volution.<br>Mais comment faire ?<\/p>\n\n\n\n<p>Quelles formes d&rsquo;organisation, quelles m\u00e9thodes et quelles strat\u00e9gies peuvent y aider ?<br>Gardons-nous le capital humain au c\u0153ur de nos pr\u00e9occupations ou nous concentrons-nous sur de nouvelles approches de direction et de nouveaux concepts de gestion ?<br>Comment les entreprises peuvent-elles se positionner en tant qu&rsquo;acteurs responsables afin de rester attractives en tant qu&#8217;employeurs sur le march\u00e9 concurrentiel de la main-d&rsquo;\u0153uvre qualifi\u00e9e ?<\/p>\n\n\n\n<h3 class=\"wp-block-heading\"><a href=\"https:\/\/saq.ch\/fr\/evenements\/journee_suisse_de_la_qualite\/jsq-2023\/\">Programme et informations<\/a><\/h3>\n\n\n\n<p>Les membres de la FSEA b\u00e9n\u00e9ficient d&rsquo;un rabais de 15%.<\/p>\n","protected":false},"excerpt":{"rendered":"<p>Ce qui vous attend Avec la transformation digitale et \u00e9cologique ainsi que les changements d\u00e9mographiques, les entreprises sont confront\u00e9es \u00e0 [&hellip;]<\/p>\n","protected":false},"author":22,"featured_media":48467,"template":"","meta":{"_acf_changed":false,"inline_featured_image":false,"footnotes":""},"event-category":[165],"event-tag":[320],"event-status":[201,200,205],"event-language":[202,207],"global-category":[113],"class_list":["post-48479","event","type-event","status-publish","has-post-thumbnail","hentry","event-category-evenement-externe","event-tag-sveb-kooperation-events-fr","event-status-aktuell","event-status-archiv","event-status-archive","event-language-deutsch","event-language-francais","global-category-qualitaet-fr"],"acf":[],"yoast_head":"<!-- This site is optimized with the Yoast SEO plugin v27.3 - https:\/\/yoast.com\/product\/yoast-seo-wordpress\/ -->\n<title>Journ\u00e9e Suisse de la Qualit\u00e9 2023 - FSEA<\/title>\n<meta name=\"robots\" content=\"index, follow, max-snippet:-1, max-image-preview:large, max-video-preview:-1\" \/>\n<link rel=\"canonical\" href=\"https:\/\/alice.ch\/fr\/event\/tag-der-schweizer-qualitaet-2023\/\" \/>\n<meta property=\"og:locale\" content=\"fr_FR\" \/>\n<meta property=\"og:type\" content=\"article\" \/>\n<meta property=\"og:title\" content=\"Journ\u00e9e Suisse de la Qualit\u00e9 2023 - FSEA\" \/>\n<meta property=\"og:description\" content=\"Ce qui vous attend Avec la transformation digitale et \u00e9cologique ainsi que les changements d\u00e9mographiques, les entreprises sont confront\u00e9es \u00e0 [&hellip;]\" \/>\n<meta property=\"og:url\" content=\"https:\/\/alice.ch\/fr\/event\/tag-der-schweizer-qualitaet-2023\/\" \/>\n<meta property=\"og:site_name\" content=\"SVEB\" \/>\n<meta property=\"article:modified_time\" content=\"2023-07-06T13:02:28+00:00\" \/>\n<meta property=\"og:image\" content=\"https:\/\/alice.ch\/app\/uploads\/2023\/04\/Unknown.png\" \/>\n\t<meta property=\"og:image:width\" content=\"229\" \/>\n\t<meta property=\"og:image:height\" content=\"127\" \/>\n\t<meta property=\"og:image:type\" content=\"image\/png\" \/>\n<meta name=\"twitter:card\" content=\"summary_large_image\" \/>\n<script type=\"application\/ld+json\" class=\"yoast-schema-graph\">{\"@context\":\"https:\\\/\\\/schema.org\",\"@graph\":[{\"@type\":\"WebPage\",\"@id\":\"https:\\\/\\\/alice.ch\\\/fr\\\/event\\\/tag-der-schweizer-qualitaet-2023\\\/\",\"url\":\"https:\\\/\\\/alice.ch\\\/fr\\\/event\\\/tag-der-schweizer-qualitaet-2023\\\/\",\"name\":\"Journ\u00e9e Suisse de la Qualit\u00e9 2023 - FSEA\",\"isPartOf\":{\"@id\":\"https:\\\/\\\/alice.ch\\\/fr\\\/#website\"},\"primaryImageOfPage\":{\"@id\":\"https:\\\/\\\/alice.ch\\\/fr\\\/event\\\/tag-der-schweizer-qualitaet-2023\\\/#primaryimage\"},\"image\":{\"@id\":\"https:\\\/\\\/alice.ch\\\/fr\\\/event\\\/tag-der-schweizer-qualitaet-2023\\\/#primaryimage\"},\"thumbnailUrl\":\"https:\\\/\\\/alice.ch\\\/app\\\/uploads\\\/2023\\\/04\\\/Unknown.png\",\"datePublished\":\"2023-04-19T11:51:20+00:00\",\"dateModified\":\"2023-07-06T13:02:28+00:00\",\"breadcrumb\":{\"@id\":\"https:\\\/\\\/alice.ch\\\/fr\\\/event\\\/tag-der-schweizer-qualitaet-2023\\\/#breadcrumb\"},\"inLanguage\":\"fr-FR\",\"potentialAction\":[{\"@type\":\"ReadAction\",\"target\":[\"https:\\\/\\\/alice.ch\\\/fr\\\/event\\\/tag-der-schweizer-qualitaet-2023\\\/\"]}]},{\"@type\":\"ImageObject\",\"inLanguage\":\"fr-FR\",\"@id\":\"https:\\\/\\\/alice.ch\\\/fr\\\/event\\\/tag-der-schweizer-qualitaet-2023\\\/#primaryimage\",\"url\":\"https:\\\/\\\/alice.ch\\\/app\\\/uploads\\\/2023\\\/04\\\/Unknown.png\",\"contentUrl\":\"https:\\\/\\\/alice.ch\\\/app\\\/uploads\\\/2023\\\/04\\\/Unknown.png\",\"width\":229,\"height\":127,\"caption\":\"Saq.Tagung\"},{\"@type\":\"BreadcrumbList\",\"@id\":\"https:\\\/\\\/alice.ch\\\/fr\\\/event\\\/tag-der-schweizer-qualitaet-2023\\\/#breadcrumb\",\"itemListElement\":[{\"@type\":\"ListItem\",\"position\":1,\"name\":\"Page d'accueil\",\"item\":\"https:\\\/\\\/alice.ch\\\/fr\\\/\"},{\"@type\":\"ListItem\",\"position\":2,\"name\":\"Events\",\"item\":\"https:\\\/\\\/alice.ch\\\/fr\\\/event\\\/\"},{\"@type\":\"ListItem\",\"position\":3,\"name\":\"Journ\u00e9e Suisse de la Qualit\u00e9 2023\"}]},{\"@type\":\"WebSite\",\"@id\":\"https:\\\/\\\/alice.ch\\\/fr\\\/#website\",\"url\":\"https:\\\/\\\/alice.ch\\\/fr\\\/\",\"name\":\"alice.ch (Adult Learning Information Center) ist das Portal der Weiterbildung in der Schweiz.\",\"description\":\"Schweizerischer Verband f\u00fcr Weiterbildung\",\"publisher\":{\"@id\":\"https:\\\/\\\/alice.ch\\\/fr\\\/#organization\"},\"potentialAction\":[{\"@type\":\"SearchAction\",\"target\":{\"@type\":\"EntryPoint\",\"urlTemplate\":\"https:\\\/\\\/alice.ch\\\/fr\\\/?s={search_term_string}\"},\"query-input\":{\"@type\":\"PropertyValueSpecification\",\"valueRequired\":true,\"valueName\":\"search_term_string\"}}],\"inLanguage\":\"fr-FR\"},{\"@type\":\"Organization\",\"@id\":\"https:\\\/\\\/alice.ch\\\/fr\\\/#organization\",\"name\":\"FSEA F\u00e9d\u00e9ration suisse pour la formation continue\",\"url\":\"https:\\\/\\\/alice.ch\\\/fr\\\/\",\"logo\":{\"@type\":\"ImageObject\",\"inLanguage\":\"fr-FR\",\"@id\":\"https:\\\/\\\/alice.ch\\\/fr\\\/#\\\/schema\\\/logo\\\/image\\\/\",\"url\":\"https:\\\/\\\/alice.ch\\\/app\\\/uploads\\\/2022\\\/07\\\/logo-sveb.png\",\"contentUrl\":\"https:\\\/\\\/alice.ch\\\/app\\\/uploads\\\/2022\\\/07\\\/logo-sveb.png\",\"width\":145,\"height\":64,\"caption\":\"FSEA F\u00e9d\u00e9ration suisse pour la formation continue\"},\"image\":{\"@id\":\"https:\\\/\\\/alice.ch\\\/fr\\\/#\\\/schema\\\/logo\\\/image\\\/\"},\"sameAs\":[\"https:\\\/\\\/www.linkedin.com\\\/company\\\/schweizerischer-verband-fr-weiterbildung-sveb\\\/\"]}]}<\/script>\n<!-- \/ Yoast SEO plugin. -->","yoast_head_json":{"title":"Journ\u00e9e Suisse de la Qualit\u00e9 2023 - FSEA","robots":{"index":"index","follow":"follow","max-snippet":"max-snippet:-1","max-image-preview":"max-image-preview:large","max-video-preview":"max-video-preview:-1"},"canonical":"https:\/\/alice.ch\/fr\/event\/tag-der-schweizer-qualitaet-2023\/","og_locale":"fr_FR","og_type":"article","og_title":"Journ\u00e9e Suisse de la Qualit\u00e9 2023 - FSEA","og_description":"Ce qui vous attend Avec la transformation digitale et \u00e9cologique ainsi que les changements d\u00e9mographiques, les entreprises sont confront\u00e9es \u00e0 [&hellip;]","og_url":"https:\/\/alice.ch\/fr\/event\/tag-der-schweizer-qualitaet-2023\/","og_site_name":"SVEB","article_modified_time":"2023-07-06T13:02:28+00:00","og_image":[{"width":229,"height":127,"url":"https:\/\/alice.ch\/app\/uploads\/2023\/04\/Unknown.png","type":"image\/png"}],"twitter_card":"summary_large_image","schema":{"@context":"https:\/\/schema.org","@graph":[{"@type":"WebPage","@id":"https:\/\/alice.ch\/fr\/event\/tag-der-schweizer-qualitaet-2023\/","url":"https:\/\/alice.ch\/fr\/event\/tag-der-schweizer-qualitaet-2023\/","name":"Journ\u00e9e Suisse de la Qualit\u00e9 2023 - FSEA","isPartOf":{"@id":"https:\/\/alice.ch\/fr\/#website"},"primaryImageOfPage":{"@id":"https:\/\/alice.ch\/fr\/event\/tag-der-schweizer-qualitaet-2023\/#primaryimage"},"image":{"@id":"https:\/\/alice.ch\/fr\/event\/tag-der-schweizer-qualitaet-2023\/#primaryimage"},"thumbnailUrl":"https:\/\/alice.ch\/app\/uploads\/2023\/04\/Unknown.png","datePublished":"2023-04-19T11:51:20+00:00","dateModified":"2023-07-06T13:02:28+00:00","breadcrumb":{"@id":"https:\/\/alice.ch\/fr\/event\/tag-der-schweizer-qualitaet-2023\/#breadcrumb"},"inLanguage":"fr-FR","potentialAction":[{"@type":"ReadAction","target":["https:\/\/alice.ch\/fr\/event\/tag-der-schweizer-qualitaet-2023\/"]}]},{"@type":"ImageObject","inLanguage":"fr-FR","@id":"https:\/\/alice.ch\/fr\/event\/tag-der-schweizer-qualitaet-2023\/#primaryimage","url":"https:\/\/alice.ch\/app\/uploads\/2023\/04\/Unknown.png","contentUrl":"https:\/\/alice.ch\/app\/uploads\/2023\/04\/Unknown.png","width":229,"height":127,"caption":"Saq.Tagung"},{"@type":"BreadcrumbList","@id":"https:\/\/alice.ch\/fr\/event\/tag-der-schweizer-qualitaet-2023\/#breadcrumb","itemListElement":[{"@type":"ListItem","position":1,"name":"Page d'accueil","item":"https:\/\/alice.ch\/fr\/"},{"@type":"ListItem","position":2,"name":"Events","item":"https:\/\/alice.ch\/fr\/event\/"},{"@type":"ListItem","position":3,"name":"Journ\u00e9e Suisse de la Qualit\u00e9 2023"}]},{"@type":"WebSite","@id":"https:\/\/alice.ch\/fr\/#website","url":"https:\/\/alice.ch\/fr\/","name":"alice.ch (Adult Learning Information Center) ist das Portal der Weiterbildung in der Schweiz.","description":"Schweizerischer Verband f\u00fcr Weiterbildung","publisher":{"@id":"https:\/\/alice.ch\/fr\/#organization"},"potentialAction":[{"@type":"SearchAction","target":{"@type":"EntryPoint","urlTemplate":"https:\/\/alice.ch\/fr\/?s={search_term_string}"},"query-input":{"@type":"PropertyValueSpecification","valueRequired":true,"valueName":"search_term_string"}}],"inLanguage":"fr-FR"},{"@type":"Organization","@id":"https:\/\/alice.ch\/fr\/#organization","name":"FSEA F\u00e9d\u00e9ration suisse pour la formation continue","url":"https:\/\/alice.ch\/fr\/","logo":{"@type":"ImageObject","inLanguage":"fr-FR","@id":"https:\/\/alice.ch\/fr\/#\/schema\/logo\/image\/","url":"https:\/\/alice.ch\/app\/uploads\/2022\/07\/logo-sveb.png","contentUrl":"https:\/\/alice.ch\/app\/uploads\/2022\/07\/logo-sveb.png","width":145,"height":64,"caption":"FSEA F\u00e9d\u00e9ration suisse pour la formation continue"},"image":{"@id":"https:\/\/alice.ch\/fr\/#\/schema\/logo\/image\/"},"sameAs":["https:\/\/www.linkedin.com\/company\/schweizerischer-verband-fr-weiterbildung-sveb\/"]}]}},"_links":{"self":[{"href":"https:\/\/alice.ch\/fr\/wp-json\/wp\/v2\/event\/48479","targetHints":{"allow":["GET"]}}],"collection":[{"href":"https:\/\/alice.ch\/fr\/wp-json\/wp\/v2\/event"}],"about":[{"href":"https:\/\/alice.ch\/fr\/wp-json\/wp\/v2\/types\/event"}],"author":[{"embeddable":true,"href":"https:\/\/alice.ch\/fr\/wp-json\/wp\/v2\/users\/22"}],"version-history":[{"count":7,"href":"https:\/\/alice.ch\/fr\/wp-json\/wp\/v2\/event\/48479\/revisions"}],"predecessor-version":[{"id":52266,"href":"https:\/\/alice.ch\/fr\/wp-json\/wp\/v2\/event\/48479\/revisions\/52266"}],"wp:featuredmedia":[{"embeddable":true,"href":"https:\/\/alice.ch\/fr\/wp-json\/wp\/v2\/media\/48467"}],"wp:attachment":[{"href":"https:\/\/alice.ch\/fr\/wp-json\/wp\/v2\/media?parent=48479"}],"wp:term":[{"taxonomy":"event-category","embeddable":true,"href":"https:\/\/alice.ch\/fr\/wp-json\/wp\/v2\/event-category?post=48479"},{"taxonomy":"event-tag","embeddable":true,"href":"https:\/\/alice.ch\/fr\/wp-json\/wp\/v2\/event-tag?post=48479"},{"taxonomy":"event-status","embeddable":true,"href":"https:\/\/alice.ch\/fr\/wp-json\/wp\/v2\/event-status?post=48479"},{"taxonomy":"event-language","embeddable":true,"href":"https:\/\/alice.ch\/fr\/wp-json\/wp\/v2\/event-language?post=48479"},{"taxonomy":"global-category","embeddable":true,"href":"https:\/\/alice.ch\/fr\/wp-json\/wp\/v2\/global-category?post=48479"}],"curies":[{"name":"wp","href":"https:\/\/api.w.org\/{rel}","templated":true}]}}

Journée Suisse de la Qualité 2023

<h3 class="wp-block-heading">Ce qui vous attend</h3>



<p>Avec la transformation digitale et écologique ainsi que les changements démographiques, les entreprises sont confrontées à des grands challenges. Les organisations doivent s&rsquo;adapter, et développer de nouvelles structures pour rester compétitives dans cet environnement en constante évolution.<br>Mais comment faire ?</p>



<p>Quelles formes d&rsquo;organisation, quelles méthodes et quelles stratégies peuvent y aider ?<br>Gardons-nous le capital humain au cœur de nos préoccupations ou nous concentrons-nous sur de nouvelles approches de direction et de nouveaux concepts de gestion ?<br>Comment les entreprises peuvent-elles se positionner en tant qu&rsquo;acteurs responsables afin de rester attractives en tant qu&#8217;employeurs sur le marché concurrentiel de la main-d&rsquo;œuvre qualifiée ?</p>



<h3 class="wp-block-heading"><a href="https://saq.ch/fr/evenements/journee_suisse_de_la_qualite/jsq-2023/">Programme et informations</a></h3>



<p>Les membres de la FSEA bénéficient d&rsquo;un rabais de 15%.</p>

<p>Ce qui vous attend Avec la transformation digitale et écologique ainsi que les changements démographiques, les entreprises sont confrontées à [&hellip;]</p>

<!-- This site is optimized with the Yoast SEO plugin v27.3 - https://yoast.com/product/yoast-seo-wordpress/ -->
<title>Journée Suisse de la Qualité 2023 - FSEA</title>
<meta name="robots" content="index, follow, max-snippet:-1, max-image-preview:large, max-video-preview:-1" />
<link rel="canonical" href="https://alice.ch/fr/event/tag-der-schweizer-qualitaet-2023/" />
<meta property="og:locale" content="fr_FR" />
<meta property="og:type" content="article" />
<meta property="og:title" content="Journée Suisse de la Qualité 2023 - FSEA" />
<meta property="og:description" content="Ce qui vous attend Avec la transformation digitale et écologique ainsi que les changements démographiques, les entreprises sont confrontées à [&hellip;]" />
<meta property="og:url" content="https://alice.ch/fr/event/tag-der-schweizer-qualitaet-2023/" />
<meta property="og:site_name" content="SVEB" />
<meta property="article:modified_time" content="2023-07-06T13:02:28+00:00" />
<meta property="og:image" content="https://alice.ch/app/uploads/2023/04/Unknown.png" />
	<meta property="og:image:width" content="229" />
	<meta property="og:image:height" content="127" />
	<meta property="og:image:type" content="image/png" />
<meta name="twitter:card" content="summary_large_image" />
<script type="application/ld+json" class="yoast-schema-graph">{"@context":"https:\/\/schema.org","@graph":[{"@type":"WebPage","@id":"https:\/\/alice.ch\/fr\/event\/tag-der-schweizer-qualitaet-2023\/","url":"https:\/\/alice.ch\/fr\/event\/tag-der-schweizer-qualitaet-2023\/","name":"Journée Suisse de la Qualité 2023 - FSEA","isPartOf":{"@id":"https:\/\/alice.ch\/fr\/#website"},"primaryImageOfPage":{"@id":"https:\/\/alice.ch\/fr\/event\/tag-der-schweizer-qualitaet-2023\/#primaryimage"},"image":{"@id":"https:\/\/alice.ch\/fr\/event\/tag-der-schweizer-qualitaet-2023\/#primaryimage"},"thumbnailUrl":"https:\/\/alice.ch\/app\/uploads\/2023\/04\/Unknown.png","datePublished":"2023-04-19T11:51:20+00:00","dateModified":"2023-07-06T13:02:28+00:00","breadcrumb":{"@id":"https:\/\/alice.ch\/fr\/event\/tag-der-schweizer-qualitaet-2023\/#breadcrumb"},"inLanguage":"fr-FR","potentialAction":[{"@type":"ReadAction","target":["https:\/\/alice.ch\/fr\/event\/tag-der-schweizer-qualitaet-2023\/"]}]},{"@type":"ImageObject","inLanguage":"fr-FR","@id":"https:\/\/alice.ch\/fr\/event\/tag-der-schweizer-qualitaet-2023\/#primaryimage","url":"https:\/\/alice.ch\/app\/uploads\/2023\/04\/Unknown.png","contentUrl":"https:\/\/alice.ch\/app\/uploads\/2023\/04\/Unknown.png","width":229,"height":127,"caption":"Saq.Tagung"},{"@type":"BreadcrumbList","@id":"https:\/\/alice.ch\/fr\/event\/tag-der-schweizer-qualitaet-2023\/#breadcrumb","itemListElement":[{"@type":"ListItem","position":1,"name":"Page d'accueil","item":"https:\/\/alice.ch\/fr\/"},{"@type":"ListItem","position":2,"name":"Events","item":"https:\/\/alice.ch\/fr\/event\/"},{"@type":"ListItem","position":3,"name":"Journée Suisse de la Qualité 2023"}]},{"@type":"WebSite","@id":"https:\/\/alice.ch\/fr\/#website","url":"https:\/\/alice.ch\/fr\/","name":"alice.ch (Adult Learning Information Center) ist das Portal der Weiterbildung in der Schweiz.","description":"Schweizerischer Verband für Weiterbildung","publisher":{"@id":"https:\/\/alice.ch\/fr\/#organization"},"potentialAction":[{"@type":"SearchAction","target":{"@type":"EntryPoint","urlTemplate":"https:\/\/alice.ch\/fr\/?s={search_term_string}"},"query-input":{"@type":"PropertyValueSpecification","valueRequired":true,"valueName":"search_term_string"}}],"inLanguage":"fr-FR"},{"@type":"Organization","@id":"https:\/\/alice.ch\/fr\/#organization","name":"FSEA Fédération suisse pour la formation continue","url":"https:\/\/alice.ch\/fr\/","logo":{"@type":"ImageObject","inLanguage":"fr-FR","@id":"https:\/\/alice.ch\/fr\/#\/schema\/logo\/image\/","url":"https:\/\/alice.ch\/app\/uploads\/2022\/07\/logo-sveb.png","contentUrl":"https:\/\/alice.ch\/app\/uploads\/2022\/07\/logo-sveb.png","width":145,"height":64,"caption":"FSEA Fédération suisse pour la formation continue"},"image":{"@id":"https:\/\/alice.ch\/fr\/#\/schema\/logo\/image\/"},"sameAs":["https:\/\/www.linkedin.com\/company\/schweizerischer-verband-fr-weiterbildung-sveb\/"]}]}</script>
<!-- / Yoast SEO plugin. -->

Journée Suisse de la Qualité 2023 - FSEA

Ce qui vous attend Avec la transformation digitale et écologique ainsi que les changements démographiques, les entreprises sont confrontées à [&hellip;]

Schweizerischer Verband für Weiterbildung

FSEA Fédération suisse pour la formation continue
