{"id":67370,"date":"2025-04-09T16:21:56","date_gmt":"2025-04-09T14:21:56","guid":{"rendered":"https:\/\/alice.ch\/?post_type=event&#038;p=67370"},"modified":"2025-04-09T16:21:58","modified_gmt":"2025-04-09T14:21:58","slug":"colloque-de-cloture-du-projet-dora","status":"publish","type":"event","link":"https:\/\/alice.ch\/fr\/event\/colloque-de-cloture-du-projet-dora\/","title":{"rendered":"Colloque de cl\u00f4ture du projet DORA"},"content":{"rendered":"\n<h2 class=\"wp-block-heading\">D\u00e9fis et Opportunit\u00e9s du num\u00e9rique en formation de base \u2013 une Recherche Action<\/h2>\n\n\n\n<p>DORA est un projet de recherche-action participative impliquant 15 institutions romandes (Vaud, Valais et Gen\u00e8ve, prestataires de formations, financeurs et autorit\u00e9s), men\u00e9 par Daniele Beltrametti et Jessica Belperroud et encadr\u00e9 par la Professeure Nathalie Muller Mirza de l\u2019Universit\u00e9 de Gen\u00e8ve (Facult\u00e9 de Psychologie et Sciences de l\u2019\u00c9ducation1).<br><br>La finalit\u00e9 de DORA est de soutenir l\u2019ensemble des acteurs de la formation en comp\u00e9tences de base des adultes face au d\u00e9fi du num\u00e9rique et de la digitalisation, avec deux grands axes de recherche : l\u2019analyse des besoins des adultes et l\u2019\u00e9valuation de l\u2019impact du num\u00e9rique en formation.<br><br>La recherche DORA a d\u00e9marr\u00e9 en 2022 et se termine ce printemps 2025. Ce colloque conclusif vise \u00e0 pr\u00e9senter le projet dans son ensemble avec son d\u00e9roulement et sa m\u00e9thodologie ainsi que ses principaux r\u00e9sultats et produits. Certains ateliers permettront \u00e9galement de discuter de l\u2019apr\u00e8s projet en termes de souhaits et de besoins.<br>Pour en savoir plus sur le projet DORA et ses r\u00e9sultats : <a href=\"https:\/\/www.crfba.ch\/dora\/\" target=\"_blank\" rel=\"noreferrer noopener\">www.crfba.ch\/dora. <\/a><br>Plusieurs produits et rapports sont d\u00e9j\u00e0 \u00e0 disposition et d\u2019autres seront ajout\u00e9s dans les prochains mois.<\/p>\n\n\n\n<p>D\u00e9lai d&rsquo;inscription : 9 mai<\/p>\n\n\n\n<div class=\"wp-block-buttons is-layout-flex wp-block-buttons-is-layout-flex\">\n<div class=\"wp-block-button is-style-outline is-style-outline--1\"><a class=\"wp-block-button__link has-background-color has-foreground-background-color has-text-color has-background has-link-color wp-element-button\" href=\"https:\/\/formulaire.unige.ch\/outils\/limesurveyfac\/fapse\/index.php\/781445?lang=fr\" target=\"_blank\" rel=\"noreferrer noopener\">Inscription<\/a><\/div>\n<\/div>\n\n\n\n<p>Pour toute question veuillez contacter <a href=\"mailto:dora@unige.ch\" target=\"_blank\" rel=\"noreferrer noopener\">dora@unige.ch<\/a>.<\/p>\n\n\n\n<p><\/p>\n","protected":false},"excerpt":{"rendered":"<p>D\u00e9fis et Opportunit\u00e9s du num\u00e9rique en formation de base \u2013 une Recherche Action DORA est un projet de recherche-action participative [&hellip;]<\/p>\n","protected":false},"author":31,"featured_media":67374,"template":"","meta":{"_acf_changed":false,"inline_featured_image":false,"footnotes":""},"event-category":[165],"event-tag":[372],"event-status":[205],"event-language":[207],"global-category":[119,117],"class_list":["post-67370","event","type-event","status-publish","has-post-thumbnail","hentry","event-category-evenement-externe","event-tag-2025-2","event-status-archive","event-language-francais","global-category-digitalisierung-fr","global-category-grundkompetenzen-fr"],"acf":[],"yoast_head":"<!-- This site is optimized with the Yoast SEO plugin v27.3 - https:\/\/yoast.com\/product\/yoast-seo-wordpress\/ -->\n<title>Colloque de cl\u00f4ture du projet DORA - FSEA<\/title>\n<meta name=\"robots\" content=\"index, follow, max-snippet:-1, max-image-preview:large, max-video-preview:-1\" \/>\n<link rel=\"canonical\" href=\"https:\/\/alice.ch\/fr\/event\/colloque-de-cloture-du-projet-dora\/\" \/>\n<meta property=\"og:locale\" content=\"fr_FR\" \/>\n<meta property=\"og:type\" content=\"article\" \/>\n<meta property=\"og:title\" content=\"Colloque de cl\u00f4ture du projet DORA - FSEA\" \/>\n<meta property=\"og:description\" content=\"D\u00e9fis et Opportunit\u00e9s du num\u00e9rique en formation de base \u2013 une Recherche Action DORA est un projet de recherche-action participative [&hellip;]\" \/>\n<meta property=\"og:url\" content=\"https:\/\/alice.ch\/fr\/event\/colloque-de-cloture-du-projet-dora\/\" \/>\n<meta property=\"og:site_name\" content=\"SVEB\" \/>\n<meta property=\"article:modified_time\" content=\"2025-04-09T14:21:58+00:00\" \/>\n<meta property=\"og:image\" content=\"https:\/\/alice.ch\/app\/uploads\/2025\/04\/evenement-externe-dora.jpg\" \/>\n\t<meta property=\"og:image:width\" content=\"306\" \/>\n\t<meta property=\"og:image:height\" content=\"300\" \/>\n\t<meta property=\"og:image:type\" content=\"image\/jpeg\" \/>\n<meta name=\"twitter:card\" content=\"summary_large_image\" \/>\n<meta name=\"twitter:label1\" content=\"Dur\u00e9e de lecture estim\u00e9e\" \/>\n\t<meta name=\"twitter:data1\" content=\"1 minute\" \/>\n<script type=\"application\/ld+json\" class=\"yoast-schema-graph\">{\"@context\":\"https:\\\/\\\/schema.org\",\"@graph\":[{\"@type\":\"WebPage\",\"@id\":\"https:\\\/\\\/alice.ch\\\/fr\\\/event\\\/colloque-de-cloture-du-projet-dora\\\/\",\"url\":\"https:\\\/\\\/alice.ch\\\/fr\\\/event\\\/colloque-de-cloture-du-projet-dora\\\/\",\"name\":\"Colloque de cl\u00f4ture du projet DORA - FSEA\",\"isPartOf\":{\"@id\":\"https:\\\/\\\/alice.ch\\\/fr\\\/#website\"},\"primaryImageOfPage\":{\"@id\":\"https:\\\/\\\/alice.ch\\\/fr\\\/event\\\/colloque-de-cloture-du-projet-dora\\\/#primaryimage\"},\"image\":{\"@id\":\"https:\\\/\\\/alice.ch\\\/fr\\\/event\\\/colloque-de-cloture-du-projet-dora\\\/#primaryimage\"},\"thumbnailUrl\":\"https:\\\/\\\/alice.ch\\\/app\\\/uploads\\\/2025\\\/04\\\/evenement-externe-dora.jpg\",\"datePublished\":\"2025-04-09T14:21:56+00:00\",\"dateModified\":\"2025-04-09T14:21:58+00:00\",\"breadcrumb\":{\"@id\":\"https:\\\/\\\/alice.ch\\\/fr\\\/event\\\/colloque-de-cloture-du-projet-dora\\\/#breadcrumb\"},\"inLanguage\":\"fr-FR\",\"potentialAction\":[{\"@type\":\"ReadAction\",\"target\":[\"https:\\\/\\\/alice.ch\\\/fr\\\/event\\\/colloque-de-cloture-du-projet-dora\\\/\"]}]},{\"@type\":\"ImageObject\",\"inLanguage\":\"fr-FR\",\"@id\":\"https:\\\/\\\/alice.ch\\\/fr\\\/event\\\/colloque-de-cloture-du-projet-dora\\\/#primaryimage\",\"url\":\"https:\\\/\\\/alice.ch\\\/app\\\/uploads\\\/2025\\\/04\\\/evenement-externe-dora.jpg\",\"contentUrl\":\"https:\\\/\\\/alice.ch\\\/app\\\/uploads\\\/2025\\\/04\\\/evenement-externe-dora.jpg\",\"width\":306,\"height\":300},{\"@type\":\"BreadcrumbList\",\"@id\":\"https:\\\/\\\/alice.ch\\\/fr\\\/event\\\/colloque-de-cloture-du-projet-dora\\\/#breadcrumb\",\"itemListElement\":[{\"@type\":\"ListItem\",\"position\":1,\"name\":\"Page d'accueil\",\"item\":\"https:\\\/\\\/alice.ch\\\/fr\\\/\"},{\"@type\":\"ListItem\",\"position\":2,\"name\":\"Events\",\"item\":\"https:\\\/\\\/alice.ch\\\/fr\\\/event\\\/\"},{\"@type\":\"ListItem\",\"position\":3,\"name\":\"Colloque de cl\u00f4ture du projet DORA\"}]},{\"@type\":\"WebSite\",\"@id\":\"https:\\\/\\\/alice.ch\\\/fr\\\/#website\",\"url\":\"https:\\\/\\\/alice.ch\\\/fr\\\/\",\"name\":\"alice.ch (Adult Learning Information Center) ist das Portal der Weiterbildung in der Schweiz.\",\"description\":\"Schweizerischer Verband f\u00fcr Weiterbildung\",\"publisher\":{\"@id\":\"https:\\\/\\\/alice.ch\\\/fr\\\/#organization\"},\"potentialAction\":[{\"@type\":\"SearchAction\",\"target\":{\"@type\":\"EntryPoint\",\"urlTemplate\":\"https:\\\/\\\/alice.ch\\\/fr\\\/?s={search_term_string}\"},\"query-input\":{\"@type\":\"PropertyValueSpecification\",\"valueRequired\":true,\"valueName\":\"search_term_string\"}}],\"inLanguage\":\"fr-FR\"},{\"@type\":\"Organization\",\"@id\":\"https:\\\/\\\/alice.ch\\\/fr\\\/#organization\",\"name\":\"FSEA F\u00e9d\u00e9ration suisse pour la formation continue\",\"url\":\"https:\\\/\\\/alice.ch\\\/fr\\\/\",\"logo\":{\"@type\":\"ImageObject\",\"inLanguage\":\"fr-FR\",\"@id\":\"https:\\\/\\\/alice.ch\\\/fr\\\/#\\\/schema\\\/logo\\\/image\\\/\",\"url\":\"https:\\\/\\\/alice.ch\\\/app\\\/uploads\\\/2022\\\/07\\\/logo-sveb.png\",\"contentUrl\":\"https:\\\/\\\/alice.ch\\\/app\\\/uploads\\\/2022\\\/07\\\/logo-sveb.png\",\"width\":145,\"height\":64,\"caption\":\"FSEA F\u00e9d\u00e9ration suisse pour la formation continue\"},\"image\":{\"@id\":\"https:\\\/\\\/alice.ch\\\/fr\\\/#\\\/schema\\\/logo\\\/image\\\/\"},\"sameAs\":[\"https:\\\/\\\/www.linkedin.com\\\/company\\\/schweizerischer-verband-fr-weiterbildung-sveb\\\/\"]}]}<\/script>\n<!-- \/ Yoast SEO plugin. -->","yoast_head_json":{"title":"Colloque de cl\u00f4ture du projet DORA - FSEA","robots":{"index":"index","follow":"follow","max-snippet":"max-snippet:-1","max-image-preview":"max-image-preview:large","max-video-preview":"max-video-preview:-1"},"canonical":"https:\/\/alice.ch\/fr\/event\/colloque-de-cloture-du-projet-dora\/","og_locale":"fr_FR","og_type":"article","og_title":"Colloque de cl\u00f4ture du projet DORA - FSEA","og_description":"D\u00e9fis et Opportunit\u00e9s du num\u00e9rique en formation de base \u2013 une Recherche Action DORA est un projet de recherche-action participative [&hellip;]","og_url":"https:\/\/alice.ch\/fr\/event\/colloque-de-cloture-du-projet-dora\/","og_site_name":"SVEB","article_modified_time":"2025-04-09T14:21:58+00:00","og_image":[{"width":306,"height":300,"url":"https:\/\/alice.ch\/app\/uploads\/2025\/04\/evenement-externe-dora.jpg","type":"image\/jpeg"}],"twitter_card":"summary_large_image","twitter_misc":{"Dur\u00e9e de lecture estim\u00e9e":"1 minute"},"schema":{"@context":"https:\/\/schema.org","@graph":[{"@type":"WebPage","@id":"https:\/\/alice.ch\/fr\/event\/colloque-de-cloture-du-projet-dora\/","url":"https:\/\/alice.ch\/fr\/event\/colloque-de-cloture-du-projet-dora\/","name":"Colloque de cl\u00f4ture du projet DORA - FSEA","isPartOf":{"@id":"https:\/\/alice.ch\/fr\/#website"},"primaryImageOfPage":{"@id":"https:\/\/alice.ch\/fr\/event\/colloque-de-cloture-du-projet-dora\/#primaryimage"},"image":{"@id":"https:\/\/alice.ch\/fr\/event\/colloque-de-cloture-du-projet-dora\/#primaryimage"},"thumbnailUrl":"https:\/\/alice.ch\/app\/uploads\/2025\/04\/evenement-externe-dora.jpg","datePublished":"2025-04-09T14:21:56+00:00","dateModified":"2025-04-09T14:21:58+00:00","breadcrumb":{"@id":"https:\/\/alice.ch\/fr\/event\/colloque-de-cloture-du-projet-dora\/#breadcrumb"},"inLanguage":"fr-FR","potentialAction":[{"@type":"ReadAction","target":["https:\/\/alice.ch\/fr\/event\/colloque-de-cloture-du-projet-dora\/"]}]},{"@type":"ImageObject","inLanguage":"fr-FR","@id":"https:\/\/alice.ch\/fr\/event\/colloque-de-cloture-du-projet-dora\/#primaryimage","url":"https:\/\/alice.ch\/app\/uploads\/2025\/04\/evenement-externe-dora.jpg","contentUrl":"https:\/\/alice.ch\/app\/uploads\/2025\/04\/evenement-externe-dora.jpg","width":306,"height":300},{"@type":"BreadcrumbList","@id":"https:\/\/alice.ch\/fr\/event\/colloque-de-cloture-du-projet-dora\/#breadcrumb","itemListElement":[{"@type":"ListItem","position":1,"name":"Page d'accueil","item":"https:\/\/alice.ch\/fr\/"},{"@type":"ListItem","position":2,"name":"Events","item":"https:\/\/alice.ch\/fr\/event\/"},{"@type":"ListItem","position":3,"name":"Colloque de cl\u00f4ture du projet DORA"}]},{"@type":"WebSite","@id":"https:\/\/alice.ch\/fr\/#website","url":"https:\/\/alice.ch\/fr\/","name":"alice.ch (Adult Learning Information Center) ist das Portal der Weiterbildung in der Schweiz.","description":"Schweizerischer Verband f\u00fcr Weiterbildung","publisher":{"@id":"https:\/\/alice.ch\/fr\/#organization"},"potentialAction":[{"@type":"SearchAction","target":{"@type":"EntryPoint","urlTemplate":"https:\/\/alice.ch\/fr\/?s={search_term_string}"},"query-input":{"@type":"PropertyValueSpecification","valueRequired":true,"valueName":"search_term_string"}}],"inLanguage":"fr-FR"},{"@type":"Organization","@id":"https:\/\/alice.ch\/fr\/#organization","name":"FSEA F\u00e9d\u00e9ration suisse pour la formation continue","url":"https:\/\/alice.ch\/fr\/","logo":{"@type":"ImageObject","inLanguage":"fr-FR","@id":"https:\/\/alice.ch\/fr\/#\/schema\/logo\/image\/","url":"https:\/\/alice.ch\/app\/uploads\/2022\/07\/logo-sveb.png","contentUrl":"https:\/\/alice.ch\/app\/uploads\/2022\/07\/logo-sveb.png","width":145,"height":64,"caption":"FSEA F\u00e9d\u00e9ration suisse pour la formation continue"},"image":{"@id":"https:\/\/alice.ch\/fr\/#\/schema\/logo\/image\/"},"sameAs":["https:\/\/www.linkedin.com\/company\/schweizerischer-verband-fr-weiterbildung-sveb\/"]}]}},"_links":{"self":[{"href":"https:\/\/alice.ch\/fr\/wp-json\/wp\/v2\/event\/67370","targetHints":{"allow":["GET"]}}],"collection":[{"href":"https:\/\/alice.ch\/fr\/wp-json\/wp\/v2\/event"}],"about":[{"href":"https:\/\/alice.ch\/fr\/wp-json\/wp\/v2\/types\/event"}],"author":[{"embeddable":true,"href":"https:\/\/alice.ch\/fr\/wp-json\/wp\/v2\/users\/31"}],"version-history":[{"count":5,"href":"https:\/\/alice.ch\/fr\/wp-json\/wp\/v2\/event\/67370\/revisions"}],"predecessor-version":[{"id":67379,"href":"https:\/\/alice.ch\/fr\/wp-json\/wp\/v2\/event\/67370\/revisions\/67379"}],"wp:featuredmedia":[{"embeddable":true,"href":"https:\/\/alice.ch\/fr\/wp-json\/wp\/v2\/media\/67374"}],"wp:attachment":[{"href":"https:\/\/alice.ch\/fr\/wp-json\/wp\/v2\/media?parent=67370"}],"wp:term":[{"taxonomy":"event-category","embeddable":true,"href":"https:\/\/alice.ch\/fr\/wp-json\/wp\/v2\/event-category?post=67370"},{"taxonomy":"event-tag","embeddable":true,"href":"https:\/\/alice.ch\/fr\/wp-json\/wp\/v2\/event-tag?post=67370"},{"taxonomy":"event-status","embeddable":true,"href":"https:\/\/alice.ch\/fr\/wp-json\/wp\/v2\/event-status?post=67370"},{"taxonomy":"event-language","embeddable":true,"href":"https:\/\/alice.ch\/fr\/wp-json\/wp\/v2\/event-language?post=67370"},{"taxonomy":"global-category","embeddable":true,"href":"https:\/\/alice.ch\/fr\/wp-json\/wp\/v2\/global-category?post=67370"}],"curies":[{"name":"wp","href":"https:\/\/api.w.org\/{rel}","templated":true}]}}

Colloque de clôture du projet DORA

<h2 class="wp-block-heading">Défis et Opportunités du numérique en formation de base – une Recherche Action</h2>



<p>DORA est un projet de recherche-action participative impliquant 15 institutions romandes (Vaud, Valais et Genève, prestataires de formations, financeurs et autorités), mené par Daniele Beltrametti et Jessica Belperroud et encadré par la Professeure Nathalie Muller Mirza de l’Université de Genève (Faculté de Psychologie et Sciences de l’Éducation1).<br><br>La finalité de DORA est de soutenir l’ensemble des acteurs de la formation en compétences de base des adultes face au défi du numérique et de la digitalisation, avec deux grands axes de recherche : l’analyse des besoins des adultes et l’évaluation de l’impact du numérique en formation.<br><br>La recherche DORA a démarré en 2022 et se termine ce printemps 2025. Ce colloque conclusif vise à présenter le projet dans son ensemble avec son déroulement et sa méthodologie ainsi que ses principaux résultats et produits. Certains ateliers permettront également de discuter de l’après projet en termes de souhaits et de besoins.<br>Pour en savoir plus sur le projet DORA et ses résultats : <a href="https://www.crfba.ch/dora/" target="_blank" rel="noreferrer noopener">www.crfba.ch/dora. </a><br>Plusieurs produits et rapports sont déjà à disposition et d’autres seront ajoutés dans les prochains mois.</p>



<p>Délai d&rsquo;inscription : 9 mai</p>



<div class="wp-block-buttons is-layout-flex wp-block-buttons-is-layout-flex">
<div class="wp-block-button is-style-outline is-style-outline--1"><a class="wp-block-button__link has-background-color has-foreground-background-color has-text-color has-background has-link-color wp-element-button" href="https://formulaire.unige.ch/outils/limesurveyfac/fapse/index.php/781445?lang=fr" target="_blank" rel="noreferrer noopener">Inscription</a></div>
</div>



<p>Pour toute question veuillez contacter <a href="mailto:dora@unige.ch" target="_blank" rel="noreferrer noopener">dora@unige.ch</a>.</p>



<p></p>

<p>Défis et Opportunités du numérique en formation de base – une Recherche Action DORA est un projet de recherche-action participative [&hellip;]</p>

<!-- This site is optimized with the Yoast SEO plugin v27.3 - https://yoast.com/product/yoast-seo-wordpress/ -->
<title>Colloque de clôture du projet DORA - FSEA</title>
<meta name="robots" content="index, follow, max-snippet:-1, max-image-preview:large, max-video-preview:-1" />
<link rel="canonical" href="https://alice.ch/fr/event/colloque-de-cloture-du-projet-dora/" />
<meta property="og:locale" content="fr_FR" />
<meta property="og:type" content="article" />
<meta property="og:title" content="Colloque de clôture du projet DORA - FSEA" />
<meta property="og:description" content="Défis et Opportunités du numérique en formation de base – une Recherche Action DORA est un projet de recherche-action participative [&hellip;]" />
<meta property="og:url" content="https://alice.ch/fr/event/colloque-de-cloture-du-projet-dora/" />
<meta property="og:site_name" content="SVEB" />
<meta property="article:modified_time" content="2025-04-09T14:21:58+00:00" />
<meta property="og:image" content="https://alice.ch/app/uploads/2025/04/evenement-externe-dora.jpg" />
	<meta property="og:image:width" content="306" />
	<meta property="og:image:height" content="300" />
	<meta property="og:image:type" content="image/jpeg" />
<meta name="twitter:card" content="summary_large_image" />
<meta name="twitter:label1" content="Durée de lecture estimée" />
	<meta name="twitter:data1" content="1 minute" />
<script type="application/ld+json" class="yoast-schema-graph">{"@context":"https:\/\/schema.org","@graph":[{"@type":"WebPage","@id":"https:\/\/alice.ch\/fr\/event\/colloque-de-cloture-du-projet-dora\/","url":"https:\/\/alice.ch\/fr\/event\/colloque-de-cloture-du-projet-dora\/","name":"Colloque de clôture du projet DORA - FSEA","isPartOf":{"@id":"https:\/\/alice.ch\/fr\/#website"},"primaryImageOfPage":{"@id":"https:\/\/alice.ch\/fr\/event\/colloque-de-cloture-du-projet-dora\/#primaryimage"},"image":{"@id":"https:\/\/alice.ch\/fr\/event\/colloque-de-cloture-du-projet-dora\/#primaryimage"},"thumbnailUrl":"https:\/\/alice.ch\/app\/uploads\/2025\/04\/evenement-externe-dora.jpg","datePublished":"2025-04-09T14:21:56+00:00","dateModified":"2025-04-09T14:21:58+00:00","breadcrumb":{"@id":"https:\/\/alice.ch\/fr\/event\/colloque-de-cloture-du-projet-dora\/#breadcrumb"},"inLanguage":"fr-FR","potentialAction":[{"@type":"ReadAction","target":["https:\/\/alice.ch\/fr\/event\/colloque-de-cloture-du-projet-dora\/"]}]},{"@type":"ImageObject","inLanguage":"fr-FR","@id":"https:\/\/alice.ch\/fr\/event\/colloque-de-cloture-du-projet-dora\/#primaryimage","url":"https:\/\/alice.ch\/app\/uploads\/2025\/04\/evenement-externe-dora.jpg","contentUrl":"https:\/\/alice.ch\/app\/uploads\/2025\/04\/evenement-externe-dora.jpg","width":306,"height":300},{"@type":"BreadcrumbList","@id":"https:\/\/alice.ch\/fr\/event\/colloque-de-cloture-du-projet-dora\/#breadcrumb","itemListElement":[{"@type":"ListItem","position":1,"name":"Page d'accueil","item":"https:\/\/alice.ch\/fr\/"},{"@type":"ListItem","position":2,"name":"Events","item":"https:\/\/alice.ch\/fr\/event\/"},{"@type":"ListItem","position":3,"name":"Colloque de clôture du projet DORA"}]},{"@type":"WebSite","@id":"https:\/\/alice.ch\/fr\/#website","url":"https:\/\/alice.ch\/fr\/","name":"alice.ch (Adult Learning Information Center) ist das Portal der Weiterbildung in der Schweiz.","description":"Schweizerischer Verband für Weiterbildung","publisher":{"@id":"https:\/\/alice.ch\/fr\/#organization"},"potentialAction":[{"@type":"SearchAction","target":{"@type":"EntryPoint","urlTemplate":"https:\/\/alice.ch\/fr\/?s={search_term_string}"},"query-input":{"@type":"PropertyValueSpecification","valueRequired":true,"valueName":"search_term_string"}}],"inLanguage":"fr-FR"},{"@type":"Organization","@id":"https:\/\/alice.ch\/fr\/#organization","name":"FSEA Fédération suisse pour la formation continue","url":"https:\/\/alice.ch\/fr\/","logo":{"@type":"ImageObject","inLanguage":"fr-FR","@id":"https:\/\/alice.ch\/fr\/#\/schema\/logo\/image\/","url":"https:\/\/alice.ch\/app\/uploads\/2022\/07\/logo-sveb.png","contentUrl":"https:\/\/alice.ch\/app\/uploads\/2022\/07\/logo-sveb.png","width":145,"height":64,"caption":"FSEA Fédération suisse pour la formation continue"},"image":{"@id":"https:\/\/alice.ch\/fr\/#\/schema\/logo\/image\/"},"sameAs":["https:\/\/www.linkedin.com\/company\/schweizerischer-verband-fr-weiterbildung-sveb\/"]}]}</script>
<!-- / Yoast SEO plugin. -->

Colloque de clôture du projet DORA - FSEA

Défis et Opportunités du numérique en formation de base – une Recherche Action DORA est un projet de recherche-action participative [&hellip;]

Schweizerischer Verband für Weiterbildung

FSEA Fédération suisse pour la formation continue
