{"id":39784,"date":"2022-12-29T11:41:53","date_gmt":"2022-12-29T10:41:53","guid":{"rendered":"https:\/\/alice.ch\/?post_type=event&#038;p=39784"},"modified":"2023-07-06T15:36:09","modified_gmt":"2023-07-06T13:36:09","slug":"terza-giornata-nazionale-della-qualita","status":"publish","type":"event","link":"https:\/\/alice.ch\/it\/event\/terza-giornata-nazionale-della-qualita\/","title":{"rendered":"Giornata nazionale della qualit\u00e0 2019"},"content":{"rendered":"\n<p>In un&#8217;epoca di trasformazione digitale e di veloci cambiamenti, i prestatari di formazione continua si trovano di fronte a grandi sfide. Non solo i formati delle offerte di formazione, ma anche la gestione e le strutture aziendali devono essere ulteriormente sviluppate e concepite di modo da potere essere adeguate continuamente.<\/p>\n\n\n\n<p>Alla terza conferenza nazionale della Qualit\u00e0 saranno trattate tre tematiche centrali:<\/p>\n\n\n\n<ul class=\"wp-block-list\">\n<li>Quali sono le sfide le pi\u00f9 importanti che gli istituti di formazione continua devono affrontare attualmente e nel prossimo futuro?<\/li>\n\n\n\n<li>Come dovrebbero collocarsi gli enti di formazione continua in un ambiente complesso e dinamico, quali forme organizzative e metodi di lavoro sono adatti e di successo?<\/li>\n\n\n\n<li>Quali ripercussioni ha tutto ci\u00f2 per la gestione della qualit\u00e0 dei prestatari di formazione continua? Come garantire la qualit\u00e0 in un&#8217;organizzazione con dei metodi di lavoro agili e dei processi decisionali decentrati?<\/li>\n<\/ul>\n\n\n\n<p>Alla conferenza avrete la possibilit\u00e0 di conoscere meglio le attuali forme di gestione e d&#8217;organizzazione per i prestatari di formazione continua e di sviluppare opzioni concrete per la garanzia della qualit\u00e0 in strutture agili e orientate ai processi.<\/p>\n\n\n\n<h3 class=\"wp-block-heading\"><a href=\"https:\/\/alice.ch\/app\/uploads\/2022\/12\/2019-programme-journee-nationale-qualite.pdf\">Programma (in francese)<\/a><\/h3>\n\n\n\n<h3 class=\"wp-block-heading\"><a href=\"https:\/\/alice.ch\/app\/uploads\/2022\/12\/2019-round-tables-journee-nationale-qualite-resultats.pdf\">Presentazioni (in francese)<\/a><\/h3>\n\n\n\n<h3 class=\"wp-block-heading\"><a href=\"https:\/\/alice.ch\/app\/uploads\/2022\/12\/2019-round-tables-journee-nationale-qualite-resultats.pdf\">Risultati round tables (in francese)<\/a><\/h3>\n","protected":false},"excerpt":{"rendered":"<p>In un&#8217;epoca di trasformazione digitale e di veloci cambiamenti, i prestatari di formazione continua si trovano di fronte a grandi [&hellip;]<\/p>\n","protected":false},"author":11,"featured_media":39771,"template":"","meta":{"_acf_changed":false,"inline_featured_image":false,"footnotes":""},"event-category":[104],"event-tag":[],"event-status":[330,205,209],"event-language":[317,211,210],"global-category":[114],"class_list":["post-39784","event","type-event","status-publish","has-post-thumbnail","hentry","event-category-eventi-fsea-ed-in-cooperazione","event-status-archiv-fr","event-status-archive","event-status-archivio","event-language-deutsch-fr","event-language-francese","event-language-tedesco","global-category-qualitaet-it"],"acf":[],"yoast_head":"<!-- This site is optimized with the Yoast SEO plugin v27.3 - https:\/\/yoast.com\/product\/yoast-seo-wordpress\/ -->\n<title>Giornata nazionale della qualit\u00e0 2019 - FSEA<\/title>\n<meta name=\"robots\" content=\"index, follow, max-snippet:-1, max-image-preview:large, max-video-preview:-1\" \/>\n<link rel=\"canonical\" href=\"https:\/\/alice.ch\/it\/event\/terza-giornata-nazionale-della-qualita\/\" \/>\n<meta property=\"og:locale\" content=\"it_IT\" \/>\n<meta property=\"og:type\" content=\"article\" \/>\n<meta property=\"og:title\" content=\"Giornata nazionale della qualit\u00e0 2019 - FSEA\" \/>\n<meta property=\"og:description\" content=\"In un&#8217;epoca di trasformazione digitale e di veloci cambiamenti, i prestatari di formazione continua si trovano di fronte a grandi [&hellip;]\" \/>\n<meta property=\"og:url\" content=\"https:\/\/alice.ch\/it\/event\/terza-giornata-nazionale-della-qualita\/\" \/>\n<meta property=\"og:site_name\" content=\"SVEB\" \/>\n<meta property=\"article:modified_time\" content=\"2023-07-06T13:36:09+00:00\" \/>\n<meta property=\"og:image\" content=\"https:\/\/alice.ch\/app\/uploads\/2022\/12\/agenda-giornata-nazionale-qualita-2019.jpeg\" \/>\n\t<meta property=\"og:image:width\" content=\"493\" \/>\n\t<meta property=\"og:image:height\" content=\"247\" \/>\n\t<meta property=\"og:image:type\" content=\"image\/jpeg\" \/>\n<meta name=\"twitter:card\" content=\"summary_large_image\" \/>\n<script type=\"application\/ld+json\" class=\"yoast-schema-graph\">{\"@context\":\"https:\\\/\\\/schema.org\",\"@graph\":[{\"@type\":\"WebPage\",\"@id\":\"https:\\\/\\\/alice.ch\\\/it\\\/event\\\/terza-giornata-nazionale-della-qualita\\\/\",\"url\":\"https:\\\/\\\/alice.ch\\\/it\\\/event\\\/terza-giornata-nazionale-della-qualita\\\/\",\"name\":\"Giornata nazionale della qualit\u00e0 2019 - FSEA\",\"isPartOf\":{\"@id\":\"https:\\\/\\\/alice.ch\\\/it\\\/#website\"},\"primaryImageOfPage\":{\"@id\":\"https:\\\/\\\/alice.ch\\\/it\\\/event\\\/terza-giornata-nazionale-della-qualita\\\/#primaryimage\"},\"image\":{\"@id\":\"https:\\\/\\\/alice.ch\\\/it\\\/event\\\/terza-giornata-nazionale-della-qualita\\\/#primaryimage\"},\"thumbnailUrl\":\"https:\\\/\\\/alice.ch\\\/app\\\/uploads\\\/2022\\\/12\\\/agenda-giornata-nazionale-qualita-2019.jpeg\",\"datePublished\":\"2022-12-29T10:41:53+00:00\",\"dateModified\":\"2023-07-06T13:36:09+00:00\",\"breadcrumb\":{\"@id\":\"https:\\\/\\\/alice.ch\\\/it\\\/event\\\/terza-giornata-nazionale-della-qualita\\\/#breadcrumb\"},\"inLanguage\":\"it-IT\",\"potentialAction\":[{\"@type\":\"ReadAction\",\"target\":[\"https:\\\/\\\/alice.ch\\\/it\\\/event\\\/terza-giornata-nazionale-della-qualita\\\/\"]}]},{\"@type\":\"ImageObject\",\"inLanguage\":\"it-IT\",\"@id\":\"https:\\\/\\\/alice.ch\\\/it\\\/event\\\/terza-giornata-nazionale-della-qualita\\\/#primaryimage\",\"url\":\"https:\\\/\\\/alice.ch\\\/app\\\/uploads\\\/2022\\\/12\\\/agenda-giornata-nazionale-qualita-2019.jpeg\",\"contentUrl\":\"https:\\\/\\\/alice.ch\\\/app\\\/uploads\\\/2022\\\/12\\\/agenda-giornata-nazionale-qualita-2019.jpeg\",\"width\":493,\"height\":247},{\"@type\":\"BreadcrumbList\",\"@id\":\"https:\\\/\\\/alice.ch\\\/it\\\/event\\\/terza-giornata-nazionale-della-qualita\\\/#breadcrumb\",\"itemListElement\":[{\"@type\":\"ListItem\",\"position\":1,\"name\":\"Pagina iniziale\",\"item\":\"https:\\\/\\\/alice.ch\\\/it\\\/\"},{\"@type\":\"ListItem\",\"position\":2,\"name\":\"Events\",\"item\":\"https:\\\/\\\/alice.ch\\\/it\\\/event\\\/\"},{\"@type\":\"ListItem\",\"position\":3,\"name\":\"Giornata nazionale della qualit\u00e0 2019\"}]},{\"@type\":\"WebSite\",\"@id\":\"https:\\\/\\\/alice.ch\\\/it\\\/#website\",\"url\":\"https:\\\/\\\/alice.ch\\\/it\\\/\",\"name\":\"alice.ch (Adult Learning Information Center) ist das Portal der Weiterbildung in der Schweiz.\",\"description\":\"Schweizerischer Verband f\u00fcr Weiterbildung\",\"publisher\":{\"@id\":\"https:\\\/\\\/alice.ch\\\/it\\\/#organization\"},\"potentialAction\":[{\"@type\":\"SearchAction\",\"target\":{\"@type\":\"EntryPoint\",\"urlTemplate\":\"https:\\\/\\\/alice.ch\\\/it\\\/?s={search_term_string}\"},\"query-input\":{\"@type\":\"PropertyValueSpecification\",\"valueRequired\":true,\"valueName\":\"search_term_string\"}}],\"inLanguage\":\"it-IT\"},{\"@type\":\"Organization\",\"@id\":\"https:\\\/\\\/alice.ch\\\/it\\\/#organization\",\"name\":\"FSEA Federazione svizzera per la formazione continua\",\"url\":\"https:\\\/\\\/alice.ch\\\/it\\\/\",\"logo\":{\"@type\":\"ImageObject\",\"inLanguage\":\"it-IT\",\"@id\":\"https:\\\/\\\/alice.ch\\\/it\\\/#\\\/schema\\\/logo\\\/image\\\/\",\"url\":\"https:\\\/\\\/alice.ch\\\/app\\\/uploads\\\/2022\\\/07\\\/logo-sveb.png\",\"contentUrl\":\"https:\\\/\\\/alice.ch\\\/app\\\/uploads\\\/2022\\\/07\\\/logo-sveb.png\",\"width\":145,\"height\":64,\"caption\":\"FSEA Federazione svizzera per la formazione continua\"},\"image\":{\"@id\":\"https:\\\/\\\/alice.ch\\\/it\\\/#\\\/schema\\\/logo\\\/image\\\/\"},\"sameAs\":[\"https:\\\/\\\/www.linkedin.com\\\/company\\\/schweizerischer-verband-fr-weiterbildung-sveb\\\/\"]}]}<\/script>\n<!-- \/ Yoast SEO plugin. -->","yoast_head_json":{"title":"Giornata nazionale della qualit\u00e0 2019 - FSEA","robots":{"index":"index","follow":"follow","max-snippet":"max-snippet:-1","max-image-preview":"max-image-preview:large","max-video-preview":"max-video-preview:-1"},"canonical":"https:\/\/alice.ch\/it\/event\/terza-giornata-nazionale-della-qualita\/","og_locale":"it_IT","og_type":"article","og_title":"Giornata nazionale della qualit\u00e0 2019 - FSEA","og_description":"In un&#8217;epoca di trasformazione digitale e di veloci cambiamenti, i prestatari di formazione continua si trovano di fronte a grandi [&hellip;]","og_url":"https:\/\/alice.ch\/it\/event\/terza-giornata-nazionale-della-qualita\/","og_site_name":"SVEB","article_modified_time":"2023-07-06T13:36:09+00:00","og_image":[{"width":493,"height":247,"url":"https:\/\/alice.ch\/app\/uploads\/2022\/12\/agenda-giornata-nazionale-qualita-2019.jpeg","type":"image\/jpeg"}],"twitter_card":"summary_large_image","schema":{"@context":"https:\/\/schema.org","@graph":[{"@type":"WebPage","@id":"https:\/\/alice.ch\/it\/event\/terza-giornata-nazionale-della-qualita\/","url":"https:\/\/alice.ch\/it\/event\/terza-giornata-nazionale-della-qualita\/","name":"Giornata nazionale della qualit\u00e0 2019 - FSEA","isPartOf":{"@id":"https:\/\/alice.ch\/it\/#website"},"primaryImageOfPage":{"@id":"https:\/\/alice.ch\/it\/event\/terza-giornata-nazionale-della-qualita\/#primaryimage"},"image":{"@id":"https:\/\/alice.ch\/it\/event\/terza-giornata-nazionale-della-qualita\/#primaryimage"},"thumbnailUrl":"https:\/\/alice.ch\/app\/uploads\/2022\/12\/agenda-giornata-nazionale-qualita-2019.jpeg","datePublished":"2022-12-29T10:41:53+00:00","dateModified":"2023-07-06T13:36:09+00:00","breadcrumb":{"@id":"https:\/\/alice.ch\/it\/event\/terza-giornata-nazionale-della-qualita\/#breadcrumb"},"inLanguage":"it-IT","potentialAction":[{"@type":"ReadAction","target":["https:\/\/alice.ch\/it\/event\/terza-giornata-nazionale-della-qualita\/"]}]},{"@type":"ImageObject","inLanguage":"it-IT","@id":"https:\/\/alice.ch\/it\/event\/terza-giornata-nazionale-della-qualita\/#primaryimage","url":"https:\/\/alice.ch\/app\/uploads\/2022\/12\/agenda-giornata-nazionale-qualita-2019.jpeg","contentUrl":"https:\/\/alice.ch\/app\/uploads\/2022\/12\/agenda-giornata-nazionale-qualita-2019.jpeg","width":493,"height":247},{"@type":"BreadcrumbList","@id":"https:\/\/alice.ch\/it\/event\/terza-giornata-nazionale-della-qualita\/#breadcrumb","itemListElement":[{"@type":"ListItem","position":1,"name":"Pagina iniziale","item":"https:\/\/alice.ch\/it\/"},{"@type":"ListItem","position":2,"name":"Events","item":"https:\/\/alice.ch\/it\/event\/"},{"@type":"ListItem","position":3,"name":"Giornata nazionale della qualit\u00e0 2019"}]},{"@type":"WebSite","@id":"https:\/\/alice.ch\/it\/#website","url":"https:\/\/alice.ch\/it\/","name":"alice.ch (Adult Learning Information Center) ist das Portal der Weiterbildung in der Schweiz.","description":"Schweizerischer Verband f\u00fcr Weiterbildung","publisher":{"@id":"https:\/\/alice.ch\/it\/#organization"},"potentialAction":[{"@type":"SearchAction","target":{"@type":"EntryPoint","urlTemplate":"https:\/\/alice.ch\/it\/?s={search_term_string}"},"query-input":{"@type":"PropertyValueSpecification","valueRequired":true,"valueName":"search_term_string"}}],"inLanguage":"it-IT"},{"@type":"Organization","@id":"https:\/\/alice.ch\/it\/#organization","name":"FSEA Federazione svizzera per la formazione continua","url":"https:\/\/alice.ch\/it\/","logo":{"@type":"ImageObject","inLanguage":"it-IT","@id":"https:\/\/alice.ch\/it\/#\/schema\/logo\/image\/","url":"https:\/\/alice.ch\/app\/uploads\/2022\/07\/logo-sveb.png","contentUrl":"https:\/\/alice.ch\/app\/uploads\/2022\/07\/logo-sveb.png","width":145,"height":64,"caption":"FSEA Federazione svizzera per la formazione continua"},"image":{"@id":"https:\/\/alice.ch\/it\/#\/schema\/logo\/image\/"},"sameAs":["https:\/\/www.linkedin.com\/company\/schweizerischer-verband-fr-weiterbildung-sveb\/"]}]}},"_links":{"self":[{"href":"https:\/\/alice.ch\/it\/wp-json\/wp\/v2\/event\/39784","targetHints":{"allow":["GET"]}}],"collection":[{"href":"https:\/\/alice.ch\/it\/wp-json\/wp\/v2\/event"}],"about":[{"href":"https:\/\/alice.ch\/it\/wp-json\/wp\/v2\/types\/event"}],"author":[{"embeddable":true,"href":"https:\/\/alice.ch\/it\/wp-json\/wp\/v2\/users\/11"}],"version-history":[{"count":5,"href":"https:\/\/alice.ch\/it\/wp-json\/wp\/v2\/event\/39784\/revisions"}],"predecessor-version":[{"id":52388,"href":"https:\/\/alice.ch\/it\/wp-json\/wp\/v2\/event\/39784\/revisions\/52388"}],"wp:featuredmedia":[{"embeddable":true,"href":"https:\/\/alice.ch\/it\/wp-json\/wp\/v2\/media\/39771"}],"wp:attachment":[{"href":"https:\/\/alice.ch\/it\/wp-json\/wp\/v2\/media?parent=39784"}],"wp:term":[{"taxonomy":"event-category","embeddable":true,"href":"https:\/\/alice.ch\/it\/wp-json\/wp\/v2\/event-category?post=39784"},{"taxonomy":"event-tag","embeddable":true,"href":"https:\/\/alice.ch\/it\/wp-json\/wp\/v2\/event-tag?post=39784"},{"taxonomy":"event-status","embeddable":true,"href":"https:\/\/alice.ch\/it\/wp-json\/wp\/v2\/event-status?post=39784"},{"taxonomy":"event-language","embeddable":true,"href":"https:\/\/alice.ch\/it\/wp-json\/wp\/v2\/event-language?post=39784"},{"taxonomy":"global-category","embeddable":true,"href":"https:\/\/alice.ch\/it\/wp-json\/wp\/v2\/global-category?post=39784"}],"curies":[{"name":"wp","href":"https:\/\/api.w.org\/{rel}","templated":true}]}}

Giornata nazionale della qualità 2019

<p>In un&#8217;epoca di trasformazione digitale e di veloci cambiamenti, i prestatari di formazione continua si trovano di fronte a grandi sfide. Non solo i formati delle offerte di formazione, ma anche la gestione e le strutture aziendali devono essere ulteriormente sviluppate e concepite di modo da potere essere adeguate continuamente.</p>



<p>Alla terza conferenza nazionale della Qualità saranno trattate tre tematiche centrali:</p>



<ul class="wp-block-list">
<li>Quali sono le sfide le più importanti che gli istituti di formazione continua devono affrontare attualmente e nel prossimo futuro?</li>



<li>Come dovrebbero collocarsi gli enti di formazione continua in un ambiente complesso e dinamico, quali forme organizzative e metodi di lavoro sono adatti e di successo?</li>



<li>Quali ripercussioni ha tutto ciò per la gestione della qualità dei prestatari di formazione continua? Come garantire la qualità in un&#8217;organizzazione con dei metodi di lavoro agili e dei processi decisionali decentrati?</li>
</ul>



<p>Alla conferenza avrete la possibilità di conoscere meglio le attuali forme di gestione e d&#8217;organizzazione per i prestatari di formazione continua e di sviluppare opzioni concrete per la garanzia della qualità in strutture agili e orientate ai processi.</p>



<h3 class="wp-block-heading"><a href="https://alice.ch/app/uploads/2022/12/2019-programme-journee-nationale-qualite.pdf">Programma (in francese)</a></h3>



<h3 class="wp-block-heading"><a href="https://alice.ch/app/uploads/2022/12/2019-round-tables-journee-nationale-qualite-resultats.pdf">Presentazioni (in francese)</a></h3>



<h3 class="wp-block-heading"><a href="https://alice.ch/app/uploads/2022/12/2019-round-tables-journee-nationale-qualite-resultats.pdf">Risultati round tables (in francese)</a></h3>

<!-- This site is optimized with the Yoast SEO plugin v27.3 - https://yoast.com/product/yoast-seo-wordpress/ -->
<title>Giornata nazionale della qualità 2019 - FSEA</title>
<meta name="robots" content="index, follow, max-snippet:-1, max-image-preview:large, max-video-preview:-1" />
<link rel="canonical" href="https://alice.ch/it/event/terza-giornata-nazionale-della-qualita/" />
<meta property="og:locale" content="it_IT" />
<meta property="og:type" content="article" />
<meta property="og:title" content="Giornata nazionale della qualità 2019 - FSEA" />
<meta property="og:description" content="In un&#8217;epoca di trasformazione digitale e di veloci cambiamenti, i prestatari di formazione continua si trovano di fronte a grandi [&hellip;]" />
<meta property="og:url" content="https://alice.ch/it/event/terza-giornata-nazionale-della-qualita/" />
<meta property="og:site_name" content="SVEB" />
<meta property="article:modified_time" content="2023-07-06T13:36:09+00:00" />
<meta property="og:image" content="https://alice.ch/app/uploads/2022/12/agenda-giornata-nazionale-qualita-2019.jpeg" />
	<meta property="og:image:width" content="493" />
	<meta property="og:image:height" content="247" />
	<meta property="og:image:type" content="image/jpeg" />
<meta name="twitter:card" content="summary_large_image" />
<script type="application/ld+json" class="yoast-schema-graph">{"@context":"https:\/\/schema.org","@graph":[{"@type":"WebPage","@id":"https:\/\/alice.ch\/it\/event\/terza-giornata-nazionale-della-qualita\/","url":"https:\/\/alice.ch\/it\/event\/terza-giornata-nazionale-della-qualita\/","name":"Giornata nazionale della qualità 2019 - FSEA","isPartOf":{"@id":"https:\/\/alice.ch\/it\/#website"},"primaryImageOfPage":{"@id":"https:\/\/alice.ch\/it\/event\/terza-giornata-nazionale-della-qualita\/#primaryimage"},"image":{"@id":"https:\/\/alice.ch\/it\/event\/terza-giornata-nazionale-della-qualita\/#primaryimage"},"thumbnailUrl":"https:\/\/alice.ch\/app\/uploads\/2022\/12\/agenda-giornata-nazionale-qualita-2019.jpeg","datePublished":"2022-12-29T10:41:53+00:00","dateModified":"2023-07-06T13:36:09+00:00","breadcrumb":{"@id":"https:\/\/alice.ch\/it\/event\/terza-giornata-nazionale-della-qualita\/#breadcrumb"},"inLanguage":"it-IT","potentialAction":[{"@type":"ReadAction","target":["https:\/\/alice.ch\/it\/event\/terza-giornata-nazionale-della-qualita\/"]}]},{"@type":"ImageObject","inLanguage":"it-IT","@id":"https:\/\/alice.ch\/it\/event\/terza-giornata-nazionale-della-qualita\/#primaryimage","url":"https:\/\/alice.ch\/app\/uploads\/2022\/12\/agenda-giornata-nazionale-qualita-2019.jpeg","contentUrl":"https:\/\/alice.ch\/app\/uploads\/2022\/12\/agenda-giornata-nazionale-qualita-2019.jpeg","width":493,"height":247},{"@type":"BreadcrumbList","@id":"https:\/\/alice.ch\/it\/event\/terza-giornata-nazionale-della-qualita\/#breadcrumb","itemListElement":[{"@type":"ListItem","position":1,"name":"Pagina iniziale","item":"https:\/\/alice.ch\/it\/"},{"@type":"ListItem","position":2,"name":"Events","item":"https:\/\/alice.ch\/it\/event\/"},{"@type":"ListItem","position":3,"name":"Giornata nazionale della qualità 2019"}]},{"@type":"WebSite","@id":"https:\/\/alice.ch\/it\/#website","url":"https:\/\/alice.ch\/it\/","name":"alice.ch (Adult Learning Information Center) ist das Portal der Weiterbildung in der Schweiz.","description":"Schweizerischer Verband für Weiterbildung","publisher":{"@id":"https:\/\/alice.ch\/it\/#organization"},"potentialAction":[{"@type":"SearchAction","target":{"@type":"EntryPoint","urlTemplate":"https:\/\/alice.ch\/it\/?s={search_term_string}"},"query-input":{"@type":"PropertyValueSpecification","valueRequired":true,"valueName":"search_term_string"}}],"inLanguage":"it-IT"},{"@type":"Organization","@id":"https:\/\/alice.ch\/it\/#organization","name":"FSEA Federazione svizzera per la formazione continua","url":"https:\/\/alice.ch\/it\/","logo":{"@type":"ImageObject","inLanguage":"it-IT","@id":"https:\/\/alice.ch\/it\/#\/schema\/logo\/image\/","url":"https:\/\/alice.ch\/app\/uploads\/2022\/07\/logo-sveb.png","contentUrl":"https:\/\/alice.ch\/app\/uploads\/2022\/07\/logo-sveb.png","width":145,"height":64,"caption":"FSEA Federazione svizzera per la formazione continua"},"image":{"@id":"https:\/\/alice.ch\/it\/#\/schema\/logo\/image\/"},"sameAs":["https:\/\/www.linkedin.com\/company\/schweizerischer-verband-fr-weiterbildung-sveb\/"]}]}</script>
<!-- / Yoast SEO plugin. -->

Giornata nazionale della qualità 2019 - FSEA

Schweizerischer Verband für Weiterbildung
