{"id":40889,"date":"2022-12-19T15:56:00","date_gmt":"2022-12-19T14:56:00","guid":{"rendered":"https:\/\/alice.ch\/?post_type=event&#038;p=40889"},"modified":"2023-07-06T15:36:23","modified_gmt":"2023-07-06T13:36:23","slug":"assemblea-dei-delegati","status":"publish","type":"event","link":"https:\/\/alice.ch\/it\/event\/assemblea-dei-delegati\/","title":{"rendered":"Assemblea dei delegati"},"content":{"rendered":"\n<p>A differenza degli anni scorsi, quest&#8217;anno l&#8217;Assemblea dei delegati non si terr\u00e0 sotto forma di evento. Reagendo alla situazione attuale vi proponiamo di prendere parte alla parte statutaria attraverso una procedura di circolazione degli atti in formato digitale che vi permetter\u00e0 di esercitare il vostro diritto di voto.<\/p>\n\n\n\n<p>Potete votare fino a luned\u00ec 11.5.2020 (18:00). I documenti per l&#8217;Assemblea dei delegati e le istruzioni per l&#8217;utilizzo del sistema di voto online vi saranno resi noti mercoled\u00ec 8.4.2020.<\/p>\n\n\n\n<p>Luned\u00ec 6.05.2020 alle 10:00 si terr\u00e0 una sessione online durante la quale si potr\u00e0 interloquire con domande e risposte con il comitato direttivo e la direzione della FSEA.<\/p>\n\n\n\n<p>I risultati della votazione saranno comunicati venerd\u00ec 15.5.2020 sul nostro sito web e via e-mail.<\/p>\n\n\n\n<p>L&#8217;Assemblea dei delegati in questa forma \u00e8 per noi una nuova ed emozionante esperienza. Ci rallegriamo della vostra partecipazione attiva.<\/p>\n","protected":false},"excerpt":{"rendered":"<p>A differenza degli anni scorsi, quest&#8217;anno l&#8217;Assemblea dei delegati non si terr\u00e0 sotto forma di evento. Reagendo alla situazione attuale [&hellip;]<\/p>\n","protected":false},"author":11,"featured_media":37804,"template":"","meta":{"_acf_changed":false,"inline_featured_image":false,"footnotes":""},"event-category":[104],"event-tag":[],"event-status":[200,209],"event-language":[202,211,210],"global-category":[116],"class_list":["post-40889","event","type-event","status-publish","has-post-thumbnail","hentry","event-category-eventi-fsea-ed-in-cooperazione","event-status-archiv","event-status-archivio","event-language-deutsch","event-language-francese","event-language-tedesco","global-category-sveb-it"],"acf":[],"yoast_head":"<!-- This site is optimized with the Yoast SEO plugin v27.3 - https:\/\/yoast.com\/product\/yoast-seo-wordpress\/ -->\n<title>Assemblea dei delegati - FSEA<\/title>\n<meta name=\"robots\" content=\"index, follow, max-snippet:-1, max-image-preview:large, max-video-preview:-1\" \/>\n<link rel=\"canonical\" href=\"https:\/\/alice.ch\/it\/event\/assemblea-dei-delegati\/\" \/>\n<meta property=\"og:locale\" content=\"it_IT\" \/>\n<meta property=\"og:type\" content=\"article\" \/>\n<meta property=\"og:title\" content=\"Assemblea dei delegati - FSEA\" \/>\n<meta property=\"og:description\" content=\"A differenza degli anni scorsi, quest&#8217;anno l&#8217;Assemblea dei delegati non si terr\u00e0 sotto forma di evento. Reagendo alla situazione attuale [&hellip;]\" \/>\n<meta property=\"og:url\" content=\"https:\/\/alice.ch\/it\/event\/assemblea-dei-delegati\/\" \/>\n<meta property=\"og:site_name\" content=\"SVEB\" \/>\n<meta property=\"article:modified_time\" content=\"2023-07-06T13:36:23+00:00\" \/>\n<meta property=\"og:image\" content=\"https:\/\/alice.ch\/app\/uploads\/2022\/12\/agenda-sveb-delegiertenversammlung-2020.jpeg\" \/>\n\t<meta property=\"og:image:width\" content=\"750\" \/>\n\t<meta property=\"og:image:height\" content=\"375\" \/>\n\t<meta property=\"og:image:type\" content=\"image\/jpeg\" \/>\n<meta name=\"twitter:card\" content=\"summary_large_image\" \/>\n<script type=\"application\/ld+json\" class=\"yoast-schema-graph\">{\"@context\":\"https:\\\/\\\/schema.org\",\"@graph\":[{\"@type\":\"WebPage\",\"@id\":\"https:\\\/\\\/alice.ch\\\/it\\\/event\\\/assemblea-dei-delegati\\\/\",\"url\":\"https:\\\/\\\/alice.ch\\\/it\\\/event\\\/assemblea-dei-delegati\\\/\",\"name\":\"Assemblea dei delegati - FSEA\",\"isPartOf\":{\"@id\":\"https:\\\/\\\/alice.ch\\\/it\\\/#website\"},\"primaryImageOfPage\":{\"@id\":\"https:\\\/\\\/alice.ch\\\/it\\\/event\\\/assemblea-dei-delegati\\\/#primaryimage\"},\"image\":{\"@id\":\"https:\\\/\\\/alice.ch\\\/it\\\/event\\\/assemblea-dei-delegati\\\/#primaryimage\"},\"thumbnailUrl\":\"https:\\\/\\\/alice.ch\\\/app\\\/uploads\\\/2022\\\/12\\\/agenda-sveb-delegiertenversammlung-2020.jpeg\",\"datePublished\":\"2022-12-19T14:56:00+00:00\",\"dateModified\":\"2023-07-06T13:36:23+00:00\",\"breadcrumb\":{\"@id\":\"https:\\\/\\\/alice.ch\\\/it\\\/event\\\/assemblea-dei-delegati\\\/#breadcrumb\"},\"inLanguage\":\"it-IT\",\"potentialAction\":[{\"@type\":\"ReadAction\",\"target\":[\"https:\\\/\\\/alice.ch\\\/it\\\/event\\\/assemblea-dei-delegati\\\/\"]}]},{\"@type\":\"ImageObject\",\"inLanguage\":\"it-IT\",\"@id\":\"https:\\\/\\\/alice.ch\\\/it\\\/event\\\/assemblea-dei-delegati\\\/#primaryimage\",\"url\":\"https:\\\/\\\/alice.ch\\\/app\\\/uploads\\\/2022\\\/12\\\/agenda-sveb-delegiertenversammlung-2020.jpeg\",\"contentUrl\":\"https:\\\/\\\/alice.ch\\\/app\\\/uploads\\\/2022\\\/12\\\/agenda-sveb-delegiertenversammlung-2020.jpeg\",\"width\":750,\"height\":375},{\"@type\":\"BreadcrumbList\",\"@id\":\"https:\\\/\\\/alice.ch\\\/it\\\/event\\\/assemblea-dei-delegati\\\/#breadcrumb\",\"itemListElement\":[{\"@type\":\"ListItem\",\"position\":1,\"name\":\"Pagina iniziale\",\"item\":\"https:\\\/\\\/alice.ch\\\/it\\\/\"},{\"@type\":\"ListItem\",\"position\":2,\"name\":\"Events\",\"item\":\"https:\\\/\\\/alice.ch\\\/it\\\/event\\\/\"},{\"@type\":\"ListItem\",\"position\":3,\"name\":\"Assemblea dei delegati\"}]},{\"@type\":\"WebSite\",\"@id\":\"https:\\\/\\\/alice.ch\\\/it\\\/#website\",\"url\":\"https:\\\/\\\/alice.ch\\\/it\\\/\",\"name\":\"alice.ch (Adult Learning Information Center) ist das Portal der Weiterbildung in der Schweiz.\",\"description\":\"Schweizerischer Verband f\u00fcr Weiterbildung\",\"publisher\":{\"@id\":\"https:\\\/\\\/alice.ch\\\/it\\\/#organization\"},\"potentialAction\":[{\"@type\":\"SearchAction\",\"target\":{\"@type\":\"EntryPoint\",\"urlTemplate\":\"https:\\\/\\\/alice.ch\\\/it\\\/?s={search_term_string}\"},\"query-input\":{\"@type\":\"PropertyValueSpecification\",\"valueRequired\":true,\"valueName\":\"search_term_string\"}}],\"inLanguage\":\"it-IT\"},{\"@type\":\"Organization\",\"@id\":\"https:\\\/\\\/alice.ch\\\/it\\\/#organization\",\"name\":\"FSEA Federazione svizzera per la formazione continua\",\"url\":\"https:\\\/\\\/alice.ch\\\/it\\\/\",\"logo\":{\"@type\":\"ImageObject\",\"inLanguage\":\"it-IT\",\"@id\":\"https:\\\/\\\/alice.ch\\\/it\\\/#\\\/schema\\\/logo\\\/image\\\/\",\"url\":\"https:\\\/\\\/alice.ch\\\/app\\\/uploads\\\/2022\\\/07\\\/logo-sveb.png\",\"contentUrl\":\"https:\\\/\\\/alice.ch\\\/app\\\/uploads\\\/2022\\\/07\\\/logo-sveb.png\",\"width\":145,\"height\":64,\"caption\":\"FSEA Federazione svizzera per la formazione continua\"},\"image\":{\"@id\":\"https:\\\/\\\/alice.ch\\\/it\\\/#\\\/schema\\\/logo\\\/image\\\/\"},\"sameAs\":[\"https:\\\/\\\/www.linkedin.com\\\/company\\\/schweizerischer-verband-fr-weiterbildung-sveb\\\/\"]}]}<\/script>\n<!-- \/ Yoast SEO plugin. -->","yoast_head_json":{"title":"Assemblea dei delegati - FSEA","robots":{"index":"index","follow":"follow","max-snippet":"max-snippet:-1","max-image-preview":"max-image-preview:large","max-video-preview":"max-video-preview:-1"},"canonical":"https:\/\/alice.ch\/it\/event\/assemblea-dei-delegati\/","og_locale":"it_IT","og_type":"article","og_title":"Assemblea dei delegati - FSEA","og_description":"A differenza degli anni scorsi, quest&#8217;anno l&#8217;Assemblea dei delegati non si terr\u00e0 sotto forma di evento. Reagendo alla situazione attuale [&hellip;]","og_url":"https:\/\/alice.ch\/it\/event\/assemblea-dei-delegati\/","og_site_name":"SVEB","article_modified_time":"2023-07-06T13:36:23+00:00","og_image":[{"width":750,"height":375,"url":"https:\/\/alice.ch\/app\/uploads\/2022\/12\/agenda-sveb-delegiertenversammlung-2020.jpeg","type":"image\/jpeg"}],"twitter_card":"summary_large_image","schema":{"@context":"https:\/\/schema.org","@graph":[{"@type":"WebPage","@id":"https:\/\/alice.ch\/it\/event\/assemblea-dei-delegati\/","url":"https:\/\/alice.ch\/it\/event\/assemblea-dei-delegati\/","name":"Assemblea dei delegati - FSEA","isPartOf":{"@id":"https:\/\/alice.ch\/it\/#website"},"primaryImageOfPage":{"@id":"https:\/\/alice.ch\/it\/event\/assemblea-dei-delegati\/#primaryimage"},"image":{"@id":"https:\/\/alice.ch\/it\/event\/assemblea-dei-delegati\/#primaryimage"},"thumbnailUrl":"https:\/\/alice.ch\/app\/uploads\/2022\/12\/agenda-sveb-delegiertenversammlung-2020.jpeg","datePublished":"2022-12-19T14:56:00+00:00","dateModified":"2023-07-06T13:36:23+00:00","breadcrumb":{"@id":"https:\/\/alice.ch\/it\/event\/assemblea-dei-delegati\/#breadcrumb"},"inLanguage":"it-IT","potentialAction":[{"@type":"ReadAction","target":["https:\/\/alice.ch\/it\/event\/assemblea-dei-delegati\/"]}]},{"@type":"ImageObject","inLanguage":"it-IT","@id":"https:\/\/alice.ch\/it\/event\/assemblea-dei-delegati\/#primaryimage","url":"https:\/\/alice.ch\/app\/uploads\/2022\/12\/agenda-sveb-delegiertenversammlung-2020.jpeg","contentUrl":"https:\/\/alice.ch\/app\/uploads\/2022\/12\/agenda-sveb-delegiertenversammlung-2020.jpeg","width":750,"height":375},{"@type":"BreadcrumbList","@id":"https:\/\/alice.ch\/it\/event\/assemblea-dei-delegati\/#breadcrumb","itemListElement":[{"@type":"ListItem","position":1,"name":"Pagina iniziale","item":"https:\/\/alice.ch\/it\/"},{"@type":"ListItem","position":2,"name":"Events","item":"https:\/\/alice.ch\/it\/event\/"},{"@type":"ListItem","position":3,"name":"Assemblea dei delegati"}]},{"@type":"WebSite","@id":"https:\/\/alice.ch\/it\/#website","url":"https:\/\/alice.ch\/it\/","name":"alice.ch (Adult Learning Information Center) ist das Portal der Weiterbildung in der Schweiz.","description":"Schweizerischer Verband f\u00fcr Weiterbildung","publisher":{"@id":"https:\/\/alice.ch\/it\/#organization"},"potentialAction":[{"@type":"SearchAction","target":{"@type":"EntryPoint","urlTemplate":"https:\/\/alice.ch\/it\/?s={search_term_string}"},"query-input":{"@type":"PropertyValueSpecification","valueRequired":true,"valueName":"search_term_string"}}],"inLanguage":"it-IT"},{"@type":"Organization","@id":"https:\/\/alice.ch\/it\/#organization","name":"FSEA Federazione svizzera per la formazione continua","url":"https:\/\/alice.ch\/it\/","logo":{"@type":"ImageObject","inLanguage":"it-IT","@id":"https:\/\/alice.ch\/it\/#\/schema\/logo\/image\/","url":"https:\/\/alice.ch\/app\/uploads\/2022\/07\/logo-sveb.png","contentUrl":"https:\/\/alice.ch\/app\/uploads\/2022\/07\/logo-sveb.png","width":145,"height":64,"caption":"FSEA Federazione svizzera per la formazione continua"},"image":{"@id":"https:\/\/alice.ch\/it\/#\/schema\/logo\/image\/"},"sameAs":["https:\/\/www.linkedin.com\/company\/schweizerischer-verband-fr-weiterbildung-sveb\/"]}]}},"_links":{"self":[{"href":"https:\/\/alice.ch\/it\/wp-json\/wp\/v2\/event\/40889","targetHints":{"allow":["GET"]}}],"collection":[{"href":"https:\/\/alice.ch\/it\/wp-json\/wp\/v2\/event"}],"about":[{"href":"https:\/\/alice.ch\/it\/wp-json\/wp\/v2\/types\/event"}],"author":[{"embeddable":true,"href":"https:\/\/alice.ch\/it\/wp-json\/wp\/v2\/users\/11"}],"version-history":[{"count":2,"href":"https:\/\/alice.ch\/it\/wp-json\/wp\/v2\/event\/40889\/revisions"}],"predecessor-version":[{"id":52390,"href":"https:\/\/alice.ch\/it\/wp-json\/wp\/v2\/event\/40889\/revisions\/52390"}],"wp:featuredmedia":[{"embeddable":true,"href":"https:\/\/alice.ch\/it\/wp-json\/wp\/v2\/media\/37804"}],"wp:attachment":[{"href":"https:\/\/alice.ch\/it\/wp-json\/wp\/v2\/media?parent=40889"}],"wp:term":[{"taxonomy":"event-category","embeddable":true,"href":"https:\/\/alice.ch\/it\/wp-json\/wp\/v2\/event-category?post=40889"},{"taxonomy":"event-tag","embeddable":true,"href":"https:\/\/alice.ch\/it\/wp-json\/wp\/v2\/event-tag?post=40889"},{"taxonomy":"event-status","embeddable":true,"href":"https:\/\/alice.ch\/it\/wp-json\/wp\/v2\/event-status?post=40889"},{"taxonomy":"event-language","embeddable":true,"href":"https:\/\/alice.ch\/it\/wp-json\/wp\/v2\/event-language?post=40889"},{"taxonomy":"global-category","embeddable":true,"href":"https:\/\/alice.ch\/it\/wp-json\/wp\/v2\/global-category?post=40889"}],"curies":[{"name":"wp","href":"https:\/\/api.w.org\/{rel}","templated":true}]}}

<p>A differenza degli anni scorsi, quest&#8217;anno l&#8217;Assemblea dei delegati non si terrà sotto forma di evento. Reagendo alla situazione attuale vi proponiamo di prendere parte alla parte statutaria attraverso una procedura di circolazione degli atti in formato digitale che vi permetterà di esercitare il vostro diritto di voto.</p>



<p>Potete votare fino a lunedì 11.5.2020 (18:00). I documenti per l&#8217;Assemblea dei delegati e le istruzioni per l&#8217;utilizzo del sistema di voto online vi saranno resi noti mercoledì 8.4.2020.</p>



<p>Lunedì 6.05.2020 alle 10:00 si terrà una sessione online durante la quale si potrà interloquire con domande e risposte con il comitato direttivo e la direzione della FSEA.</p>



<p>I risultati della votazione saranno comunicati venerdì 15.5.2020 sul nostro sito web e via e-mail.</p>



<p>L&#8217;Assemblea dei delegati in questa forma è per noi una nuova ed emozionante esperienza. Ci rallegriamo della vostra partecipazione attiva.</p>

<p>A differenza degli anni scorsi, quest&#8217;anno l&#8217;Assemblea dei delegati non si terrà sotto forma di evento. Reagendo alla situazione attuale [&hellip;]</p>

<!-- This site is optimized with the Yoast SEO plugin v27.3 - https://yoast.com/product/yoast-seo-wordpress/ -->
<title>Assemblea dei delegati - FSEA</title>
<meta name="robots" content="index, follow, max-snippet:-1, max-image-preview:large, max-video-preview:-1" />
<link rel="canonical" href="https://alice.ch/it/event/assemblea-dei-delegati/" />
<meta property="og:locale" content="it_IT" />
<meta property="og:type" content="article" />
<meta property="og:title" content="Assemblea dei delegati - FSEA" />
<meta property="og:description" content="A differenza degli anni scorsi, quest&#8217;anno l&#8217;Assemblea dei delegati non si terrà sotto forma di evento. Reagendo alla situazione attuale [&hellip;]" />
<meta property="og:url" content="https://alice.ch/it/event/assemblea-dei-delegati/" />
<meta property="og:site_name" content="SVEB" />
<meta property="article:modified_time" content="2023-07-06T13:36:23+00:00" />
<meta property="og:image" content="https://alice.ch/app/uploads/2022/12/agenda-sveb-delegiertenversammlung-2020.jpeg" />
	<meta property="og:image:width" content="750" />
	<meta property="og:image:height" content="375" />
	<meta property="og:image:type" content="image/jpeg" />
<meta name="twitter:card" content="summary_large_image" />
<script type="application/ld+json" class="yoast-schema-graph">{"@context":"https:\/\/schema.org","@graph":[{"@type":"WebPage","@id":"https:\/\/alice.ch\/it\/event\/assemblea-dei-delegati\/","url":"https:\/\/alice.ch\/it\/event\/assemblea-dei-delegati\/","name":"Assemblea dei delegati - FSEA","isPartOf":{"@id":"https:\/\/alice.ch\/it\/#website"},"primaryImageOfPage":{"@id":"https:\/\/alice.ch\/it\/event\/assemblea-dei-delegati\/#primaryimage"},"image":{"@id":"https:\/\/alice.ch\/it\/event\/assemblea-dei-delegati\/#primaryimage"},"thumbnailUrl":"https:\/\/alice.ch\/app\/uploads\/2022\/12\/agenda-sveb-delegiertenversammlung-2020.jpeg","datePublished":"2022-12-19T14:56:00+00:00","dateModified":"2023-07-06T13:36:23+00:00","breadcrumb":{"@id":"https:\/\/alice.ch\/it\/event\/assemblea-dei-delegati\/#breadcrumb"},"inLanguage":"it-IT","potentialAction":[{"@type":"ReadAction","target":["https:\/\/alice.ch\/it\/event\/assemblea-dei-delegati\/"]}]},{"@type":"ImageObject","inLanguage":"it-IT","@id":"https:\/\/alice.ch\/it\/event\/assemblea-dei-delegati\/#primaryimage","url":"https:\/\/alice.ch\/app\/uploads\/2022\/12\/agenda-sveb-delegiertenversammlung-2020.jpeg","contentUrl":"https:\/\/alice.ch\/app\/uploads\/2022\/12\/agenda-sveb-delegiertenversammlung-2020.jpeg","width":750,"height":375},{"@type":"BreadcrumbList","@id":"https:\/\/alice.ch\/it\/event\/assemblea-dei-delegati\/#breadcrumb","itemListElement":[{"@type":"ListItem","position":1,"name":"Pagina iniziale","item":"https:\/\/alice.ch\/it\/"},{"@type":"ListItem","position":2,"name":"Events","item":"https:\/\/alice.ch\/it\/event\/"},{"@type":"ListItem","position":3,"name":"Assemblea dei delegati"}]},{"@type":"WebSite","@id":"https:\/\/alice.ch\/it\/#website","url":"https:\/\/alice.ch\/it\/","name":"alice.ch (Adult Learning Information Center) ist das Portal der Weiterbildung in der Schweiz.","description":"Schweizerischer Verband für Weiterbildung","publisher":{"@id":"https:\/\/alice.ch\/it\/#organization"},"potentialAction":[{"@type":"SearchAction","target":{"@type":"EntryPoint","urlTemplate":"https:\/\/alice.ch\/it\/?s={search_term_string}"},"query-input":{"@type":"PropertyValueSpecification","valueRequired":true,"valueName":"search_term_string"}}],"inLanguage":"it-IT"},{"@type":"Organization","@id":"https:\/\/alice.ch\/it\/#organization","name":"FSEA Federazione svizzera per la formazione continua","url":"https:\/\/alice.ch\/it\/","logo":{"@type":"ImageObject","inLanguage":"it-IT","@id":"https:\/\/alice.ch\/it\/#\/schema\/logo\/image\/","url":"https:\/\/alice.ch\/app\/uploads\/2022\/07\/logo-sveb.png","contentUrl":"https:\/\/alice.ch\/app\/uploads\/2022\/07\/logo-sveb.png","width":145,"height":64,"caption":"FSEA Federazione svizzera per la formazione continua"},"image":{"@id":"https:\/\/alice.ch\/it\/#\/schema\/logo\/image\/"},"sameAs":["https:\/\/www.linkedin.com\/company\/schweizerischer-verband-fr-weiterbildung-sveb\/"]}]}</script>
<!-- / Yoast SEO plugin. -->

A differenza degli anni scorsi, quest&#8217;anno l&#8217;Assemblea dei delegati non si terrà sotto forma di evento. Reagendo alla situazione attuale [&hellip;]

Schweizerischer Verband für Weiterbildung
