{"id":58959,"date":"2024-04-08T15:50:55","date_gmt":"2024-04-08T13:50:55","guid":{"rendered":"https:\/\/alice.ch\/?post_type=event&#038;p=58959"},"modified":"2024-10-07T20:32:45","modified_gmt":"2024-10-07T18:32:45","slug":"giornata-della-qualita-2024","status":"publish","type":"event","link":"https:\/\/alice.ch\/it\/event\/giornata-della-qualita-2024\/","title":{"rendered":"Giornata della qualit\u00e0 2024"},"content":{"rendered":"\n<p class=\"is-style-lead\">Le misure di risparmio e di riduzione dei costi, sia nel settore pubblico sia in quello privato, fanno s\u00ec che gli investimenti in misure di formazione continua vengano esaminati e verificati in maniera sempre pi\u00f9 critica e attenta allo scopo di valutarne l\u2019efficacia. Particolare rilevanza viene data alla valutazione del trasferimento (transfer) dei saperi. <\/p>\n\n\n\n<p class=\"is-style-default\">Un trasferimento di successo permette di implementare le nuove conoscenze e i comportamenti appresi dai\/dalle dipendenti durante la formazione nelle attivit\u00e0 lavorative quotidiane.<\/p>\n\n\n\n<p>Questa valutazione solleva delle domande fondamentali: si pu\u00f2 misurare l\u2019efficacia del transfer dell\u2019apprendimento? Se s\u00ec, quali strumenti sono disponibili per ottenere dei risultati significativi? Durante la Giornata della qualit\u00e0 verranno presentate due modalit\u00e0 che da punti di vista diversi, affrontano il tema di come si pu\u00f2 misurare efficacemente il transfer dell\u2019apprendimento.<\/p>\n\n\n\n<p><a href=\"https:\/\/alice.ch\/fr\/event\/journee-nationale-sur-la-qualite-2024\/\">Cliccare qui per ulteriori informazioni sulla Giornata della qualit\u00e0 2024 e sull\u2019iscrizione (versione francese).<\/a><\/p>\n","protected":false},"excerpt":{"rendered":"<p>Le misure di risparmio e di riduzione dei costi, sia nel settore pubblico sia in quello privato, fanno s\u00ec che [&hellip;]<\/p>\n","protected":false},"author":31,"featured_media":58960,"template":"","meta":{"_acf_changed":false,"inline_featured_image":false,"footnotes":""},"event-category":[104],"event-tag":[355],"event-status":[209],"event-language":[211,210],"global-category":[],"class_list":["post-58959","event","type-event","status-publish","has-post-thumbnail","hentry","event-category-eventi-fsea-ed-in-cooperazione","event-tag-2024-3","event-status-archivio","event-language-francese","event-language-tedesco"],"acf":[],"yoast_head":"<!-- This site is optimized with the Yoast SEO plugin v27.3 - https:\/\/yoast.com\/product\/yoast-seo-wordpress\/ -->\n<title>Giornata della qualit\u00e0 2024 - FSEA<\/title>\n<meta name=\"robots\" content=\"index, follow, max-snippet:-1, max-image-preview:large, max-video-preview:-1\" \/>\n<link rel=\"canonical\" href=\"https:\/\/alice.ch\/it\/event\/giornata-della-qualita-2024\/\" \/>\n<meta property=\"og:locale\" content=\"it_IT\" \/>\n<meta property=\"og:type\" content=\"article\" \/>\n<meta property=\"og:title\" content=\"Giornata della qualit\u00e0 2024 - FSEA\" \/>\n<meta property=\"og:description\" content=\"Le misure di risparmio e di riduzione dei costi, sia nel settore pubblico sia in quello privato, fanno s\u00ec che [&hellip;]\" \/>\n<meta property=\"og:url\" content=\"https:\/\/alice.ch\/it\/event\/giornata-della-qualita-2024\/\" \/>\n<meta property=\"og:site_name\" content=\"SVEB\" \/>\n<meta property=\"article:modified_time\" content=\"2024-10-07T18:32:45+00:00\" \/>\n<meta property=\"og:image\" content=\"https:\/\/alice.ch\/app\/uploads\/2024\/04\/agenda-giornata-qualita-2024.jpg\" \/>\n\t<meta property=\"og:image:width\" content=\"493\" \/>\n\t<meta property=\"og:image:height\" content=\"247\" \/>\n\t<meta property=\"og:image:type\" content=\"image\/jpeg\" \/>\n<meta name=\"twitter:card\" content=\"summary_large_image\" \/>\n<script type=\"application\/ld+json\" class=\"yoast-schema-graph\">{\"@context\":\"https:\\\/\\\/schema.org\",\"@graph\":[{\"@type\":\"WebPage\",\"@id\":\"https:\\\/\\\/alice.ch\\\/it\\\/event\\\/giornata-della-qualita-2024\\\/\",\"url\":\"https:\\\/\\\/alice.ch\\\/it\\\/event\\\/giornata-della-qualita-2024\\\/\",\"name\":\"Giornata della qualit\u00e0 2024 - FSEA\",\"isPartOf\":{\"@id\":\"https:\\\/\\\/alice.ch\\\/it\\\/#website\"},\"primaryImageOfPage\":{\"@id\":\"https:\\\/\\\/alice.ch\\\/it\\\/event\\\/giornata-della-qualita-2024\\\/#primaryimage\"},\"image\":{\"@id\":\"https:\\\/\\\/alice.ch\\\/it\\\/event\\\/giornata-della-qualita-2024\\\/#primaryimage\"},\"thumbnailUrl\":\"https:\\\/\\\/alice.ch\\\/app\\\/uploads\\\/2024\\\/04\\\/agenda-giornata-qualita-2024.jpg\",\"datePublished\":\"2024-04-08T13:50:55+00:00\",\"dateModified\":\"2024-10-07T18:32:45+00:00\",\"breadcrumb\":{\"@id\":\"https:\\\/\\\/alice.ch\\\/it\\\/event\\\/giornata-della-qualita-2024\\\/#breadcrumb\"},\"inLanguage\":\"it-IT\",\"potentialAction\":[{\"@type\":\"ReadAction\",\"target\":[\"https:\\\/\\\/alice.ch\\\/it\\\/event\\\/giornata-della-qualita-2024\\\/\"]}]},{\"@type\":\"ImageObject\",\"inLanguage\":\"it-IT\",\"@id\":\"https:\\\/\\\/alice.ch\\\/it\\\/event\\\/giornata-della-qualita-2024\\\/#primaryimage\",\"url\":\"https:\\\/\\\/alice.ch\\\/app\\\/uploads\\\/2024\\\/04\\\/agenda-giornata-qualita-2024.jpg\",\"contentUrl\":\"https:\\\/\\\/alice.ch\\\/app\\\/uploads\\\/2024\\\/04\\\/agenda-giornata-qualita-2024.jpg\",\"width\":493,\"height\":247},{\"@type\":\"BreadcrumbList\",\"@id\":\"https:\\\/\\\/alice.ch\\\/it\\\/event\\\/giornata-della-qualita-2024\\\/#breadcrumb\",\"itemListElement\":[{\"@type\":\"ListItem\",\"position\":1,\"name\":\"Pagina iniziale\",\"item\":\"https:\\\/\\\/alice.ch\\\/it\\\/\"},{\"@type\":\"ListItem\",\"position\":2,\"name\":\"Events\",\"item\":\"https:\\\/\\\/alice.ch\\\/it\\\/event\\\/\"},{\"@type\":\"ListItem\",\"position\":3,\"name\":\"Giornata della qualit\u00e0 2024\"}]},{\"@type\":\"WebSite\",\"@id\":\"https:\\\/\\\/alice.ch\\\/it\\\/#website\",\"url\":\"https:\\\/\\\/alice.ch\\\/it\\\/\",\"name\":\"alice.ch (Adult Learning Information Center) ist das Portal der Weiterbildung in der Schweiz.\",\"description\":\"Schweizerischer Verband f\u00fcr Weiterbildung\",\"publisher\":{\"@id\":\"https:\\\/\\\/alice.ch\\\/it\\\/#organization\"},\"potentialAction\":[{\"@type\":\"SearchAction\",\"target\":{\"@type\":\"EntryPoint\",\"urlTemplate\":\"https:\\\/\\\/alice.ch\\\/it\\\/?s={search_term_string}\"},\"query-input\":{\"@type\":\"PropertyValueSpecification\",\"valueRequired\":true,\"valueName\":\"search_term_string\"}}],\"inLanguage\":\"it-IT\"},{\"@type\":\"Organization\",\"@id\":\"https:\\\/\\\/alice.ch\\\/it\\\/#organization\",\"name\":\"FSEA Federazione svizzera per la formazione continua\",\"url\":\"https:\\\/\\\/alice.ch\\\/it\\\/\",\"logo\":{\"@type\":\"ImageObject\",\"inLanguage\":\"it-IT\",\"@id\":\"https:\\\/\\\/alice.ch\\\/it\\\/#\\\/schema\\\/logo\\\/image\\\/\",\"url\":\"https:\\\/\\\/alice.ch\\\/app\\\/uploads\\\/2022\\\/07\\\/logo-sveb.png\",\"contentUrl\":\"https:\\\/\\\/alice.ch\\\/app\\\/uploads\\\/2022\\\/07\\\/logo-sveb.png\",\"width\":145,\"height\":64,\"caption\":\"FSEA Federazione svizzera per la formazione continua\"},\"image\":{\"@id\":\"https:\\\/\\\/alice.ch\\\/it\\\/#\\\/schema\\\/logo\\\/image\\\/\"},\"sameAs\":[\"https:\\\/\\\/www.linkedin.com\\\/company\\\/schweizerischer-verband-fr-weiterbildung-sveb\\\/\"]}]}<\/script>\n<!-- \/ Yoast SEO plugin. -->","yoast_head_json":{"title":"Giornata della qualit\u00e0 2024 - FSEA","robots":{"index":"index","follow":"follow","max-snippet":"max-snippet:-1","max-image-preview":"max-image-preview:large","max-video-preview":"max-video-preview:-1"},"canonical":"https:\/\/alice.ch\/it\/event\/giornata-della-qualita-2024\/","og_locale":"it_IT","og_type":"article","og_title":"Giornata della qualit\u00e0 2024 - FSEA","og_description":"Le misure di risparmio e di riduzione dei costi, sia nel settore pubblico sia in quello privato, fanno s\u00ec che [&hellip;]","og_url":"https:\/\/alice.ch\/it\/event\/giornata-della-qualita-2024\/","og_site_name":"SVEB","article_modified_time":"2024-10-07T18:32:45+00:00","og_image":[{"width":493,"height":247,"url":"https:\/\/alice.ch\/app\/uploads\/2024\/04\/agenda-giornata-qualita-2024.jpg","type":"image\/jpeg"}],"twitter_card":"summary_large_image","schema":{"@context":"https:\/\/schema.org","@graph":[{"@type":"WebPage","@id":"https:\/\/alice.ch\/it\/event\/giornata-della-qualita-2024\/","url":"https:\/\/alice.ch\/it\/event\/giornata-della-qualita-2024\/","name":"Giornata della qualit\u00e0 2024 - FSEA","isPartOf":{"@id":"https:\/\/alice.ch\/it\/#website"},"primaryImageOfPage":{"@id":"https:\/\/alice.ch\/it\/event\/giornata-della-qualita-2024\/#primaryimage"},"image":{"@id":"https:\/\/alice.ch\/it\/event\/giornata-della-qualita-2024\/#primaryimage"},"thumbnailUrl":"https:\/\/alice.ch\/app\/uploads\/2024\/04\/agenda-giornata-qualita-2024.jpg","datePublished":"2024-04-08T13:50:55+00:00","dateModified":"2024-10-07T18:32:45+00:00","breadcrumb":{"@id":"https:\/\/alice.ch\/it\/event\/giornata-della-qualita-2024\/#breadcrumb"},"inLanguage":"it-IT","potentialAction":[{"@type":"ReadAction","target":["https:\/\/alice.ch\/it\/event\/giornata-della-qualita-2024\/"]}]},{"@type":"ImageObject","inLanguage":"it-IT","@id":"https:\/\/alice.ch\/it\/event\/giornata-della-qualita-2024\/#primaryimage","url":"https:\/\/alice.ch\/app\/uploads\/2024\/04\/agenda-giornata-qualita-2024.jpg","contentUrl":"https:\/\/alice.ch\/app\/uploads\/2024\/04\/agenda-giornata-qualita-2024.jpg","width":493,"height":247},{"@type":"BreadcrumbList","@id":"https:\/\/alice.ch\/it\/event\/giornata-della-qualita-2024\/#breadcrumb","itemListElement":[{"@type":"ListItem","position":1,"name":"Pagina iniziale","item":"https:\/\/alice.ch\/it\/"},{"@type":"ListItem","position":2,"name":"Events","item":"https:\/\/alice.ch\/it\/event\/"},{"@type":"ListItem","position":3,"name":"Giornata della qualit\u00e0 2024"}]},{"@type":"WebSite","@id":"https:\/\/alice.ch\/it\/#website","url":"https:\/\/alice.ch\/it\/","name":"alice.ch (Adult Learning Information Center) ist das Portal der Weiterbildung in der Schweiz.","description":"Schweizerischer Verband f\u00fcr Weiterbildung","publisher":{"@id":"https:\/\/alice.ch\/it\/#organization"},"potentialAction":[{"@type":"SearchAction","target":{"@type":"EntryPoint","urlTemplate":"https:\/\/alice.ch\/it\/?s={search_term_string}"},"query-input":{"@type":"PropertyValueSpecification","valueRequired":true,"valueName":"search_term_string"}}],"inLanguage":"it-IT"},{"@type":"Organization","@id":"https:\/\/alice.ch\/it\/#organization","name":"FSEA Federazione svizzera per la formazione continua","url":"https:\/\/alice.ch\/it\/","logo":{"@type":"ImageObject","inLanguage":"it-IT","@id":"https:\/\/alice.ch\/it\/#\/schema\/logo\/image\/","url":"https:\/\/alice.ch\/app\/uploads\/2022\/07\/logo-sveb.png","contentUrl":"https:\/\/alice.ch\/app\/uploads\/2022\/07\/logo-sveb.png","width":145,"height":64,"caption":"FSEA Federazione svizzera per la formazione continua"},"image":{"@id":"https:\/\/alice.ch\/it\/#\/schema\/logo\/image\/"},"sameAs":["https:\/\/www.linkedin.com\/company\/schweizerischer-verband-fr-weiterbildung-sveb\/"]}]}},"_links":{"self":[{"href":"https:\/\/alice.ch\/it\/wp-json\/wp\/v2\/event\/58959","targetHints":{"allow":["GET"]}}],"collection":[{"href":"https:\/\/alice.ch\/it\/wp-json\/wp\/v2\/event"}],"about":[{"href":"https:\/\/alice.ch\/it\/wp-json\/wp\/v2\/types\/event"}],"author":[{"embeddable":true,"href":"https:\/\/alice.ch\/it\/wp-json\/wp\/v2\/users\/31"}],"version-history":[{"count":5,"href":"https:\/\/alice.ch\/it\/wp-json\/wp\/v2\/event\/58959\/revisions"}],"predecessor-version":[{"id":63017,"href":"https:\/\/alice.ch\/it\/wp-json\/wp\/v2\/event\/58959\/revisions\/63017"}],"wp:featuredmedia":[{"embeddable":true,"href":"https:\/\/alice.ch\/it\/wp-json\/wp\/v2\/media\/58960"}],"wp:attachment":[{"href":"https:\/\/alice.ch\/it\/wp-json\/wp\/v2\/media?parent=58959"}],"wp:term":[{"taxonomy":"event-category","embeddable":true,"href":"https:\/\/alice.ch\/it\/wp-json\/wp\/v2\/event-category?post=58959"},{"taxonomy":"event-tag","embeddable":true,"href":"https:\/\/alice.ch\/it\/wp-json\/wp\/v2\/event-tag?post=58959"},{"taxonomy":"event-status","embeddable":true,"href":"https:\/\/alice.ch\/it\/wp-json\/wp\/v2\/event-status?post=58959"},{"taxonomy":"event-language","embeddable":true,"href":"https:\/\/alice.ch\/it\/wp-json\/wp\/v2\/event-language?post=58959"},{"taxonomy":"global-category","embeddable":true,"href":"https:\/\/alice.ch\/it\/wp-json\/wp\/v2\/global-category?post=58959"}],"curies":[{"name":"wp","href":"https:\/\/api.w.org\/{rel}","templated":true}]}}

Giornata della qualità 2024

<p class="is-style-lead">Le misure di risparmio e di riduzione dei costi, sia nel settore pubblico sia in quello privato, fanno sì che gli investimenti in misure di formazione continua vengano esaminati e verificati in maniera sempre più critica e attenta allo scopo di valutarne l’efficacia. Particolare rilevanza viene data alla valutazione del trasferimento (transfer) dei saperi. </p>



<p class="is-style-default">Un trasferimento di successo permette di implementare le nuove conoscenze e i comportamenti appresi dai/dalle dipendenti durante la formazione nelle attività lavorative quotidiane.</p>



<p>Questa valutazione solleva delle domande fondamentali: si può misurare l’efficacia del transfer dell’apprendimento? Se sì, quali strumenti sono disponibili per ottenere dei risultati significativi? Durante la Giornata della qualità verranno presentate due modalità che da punti di vista diversi, affrontano il tema di come si può misurare efficacemente il transfer dell’apprendimento.</p>



<p><a href="https://alice.ch/fr/event/journee-nationale-sur-la-qualite-2024/">Cliccare qui per ulteriori informazioni sulla Giornata della qualità 2024 e sull’iscrizione (versione francese).</a></p>

<p>Le misure di risparmio e di riduzione dei costi, sia nel settore pubblico sia in quello privato, fanno sì che [&hellip;]</p>

<!-- This site is optimized with the Yoast SEO plugin v27.3 - https://yoast.com/product/yoast-seo-wordpress/ -->
<title>Giornata della qualità 2024 - FSEA</title>
<meta name="robots" content="index, follow, max-snippet:-1, max-image-preview:large, max-video-preview:-1" />
<link rel="canonical" href="https://alice.ch/it/event/giornata-della-qualita-2024/" />
<meta property="og:locale" content="it_IT" />
<meta property="og:type" content="article" />
<meta property="og:title" content="Giornata della qualità 2024 - FSEA" />
<meta property="og:description" content="Le misure di risparmio e di riduzione dei costi, sia nel settore pubblico sia in quello privato, fanno sì che [&hellip;]" />
<meta property="og:url" content="https://alice.ch/it/event/giornata-della-qualita-2024/" />
<meta property="og:site_name" content="SVEB" />
<meta property="article:modified_time" content="2024-10-07T18:32:45+00:00" />
<meta property="og:image" content="https://alice.ch/app/uploads/2024/04/agenda-giornata-qualita-2024.jpg" />
	<meta property="og:image:width" content="493" />
	<meta property="og:image:height" content="247" />
	<meta property="og:image:type" content="image/jpeg" />
<meta name="twitter:card" content="summary_large_image" />
<script type="application/ld+json" class="yoast-schema-graph">{"@context":"https:\/\/schema.org","@graph":[{"@type":"WebPage","@id":"https:\/\/alice.ch\/it\/event\/giornata-della-qualita-2024\/","url":"https:\/\/alice.ch\/it\/event\/giornata-della-qualita-2024\/","name":"Giornata della qualità 2024 - FSEA","isPartOf":{"@id":"https:\/\/alice.ch\/it\/#website"},"primaryImageOfPage":{"@id":"https:\/\/alice.ch\/it\/event\/giornata-della-qualita-2024\/#primaryimage"},"image":{"@id":"https:\/\/alice.ch\/it\/event\/giornata-della-qualita-2024\/#primaryimage"},"thumbnailUrl":"https:\/\/alice.ch\/app\/uploads\/2024\/04\/agenda-giornata-qualita-2024.jpg","datePublished":"2024-04-08T13:50:55+00:00","dateModified":"2024-10-07T18:32:45+00:00","breadcrumb":{"@id":"https:\/\/alice.ch\/it\/event\/giornata-della-qualita-2024\/#breadcrumb"},"inLanguage":"it-IT","potentialAction":[{"@type":"ReadAction","target":["https:\/\/alice.ch\/it\/event\/giornata-della-qualita-2024\/"]}]},{"@type":"ImageObject","inLanguage":"it-IT","@id":"https:\/\/alice.ch\/it\/event\/giornata-della-qualita-2024\/#primaryimage","url":"https:\/\/alice.ch\/app\/uploads\/2024\/04\/agenda-giornata-qualita-2024.jpg","contentUrl":"https:\/\/alice.ch\/app\/uploads\/2024\/04\/agenda-giornata-qualita-2024.jpg","width":493,"height":247},{"@type":"BreadcrumbList","@id":"https:\/\/alice.ch\/it\/event\/giornata-della-qualita-2024\/#breadcrumb","itemListElement":[{"@type":"ListItem","position":1,"name":"Pagina iniziale","item":"https:\/\/alice.ch\/it\/"},{"@type":"ListItem","position":2,"name":"Events","item":"https:\/\/alice.ch\/it\/event\/"},{"@type":"ListItem","position":3,"name":"Giornata della qualità 2024"}]},{"@type":"WebSite","@id":"https:\/\/alice.ch\/it\/#website","url":"https:\/\/alice.ch\/it\/","name":"alice.ch (Adult Learning Information Center) ist das Portal der Weiterbildung in der Schweiz.","description":"Schweizerischer Verband für Weiterbildung","publisher":{"@id":"https:\/\/alice.ch\/it\/#organization"},"potentialAction":[{"@type":"SearchAction","target":{"@type":"EntryPoint","urlTemplate":"https:\/\/alice.ch\/it\/?s={search_term_string}"},"query-input":{"@type":"PropertyValueSpecification","valueRequired":true,"valueName":"search_term_string"}}],"inLanguage":"it-IT"},{"@type":"Organization","@id":"https:\/\/alice.ch\/it\/#organization","name":"FSEA Federazione svizzera per la formazione continua","url":"https:\/\/alice.ch\/it\/","logo":{"@type":"ImageObject","inLanguage":"it-IT","@id":"https:\/\/alice.ch\/it\/#\/schema\/logo\/image\/","url":"https:\/\/alice.ch\/app\/uploads\/2022\/07\/logo-sveb.png","contentUrl":"https:\/\/alice.ch\/app\/uploads\/2022\/07\/logo-sveb.png","width":145,"height":64,"caption":"FSEA Federazione svizzera per la formazione continua"},"image":{"@id":"https:\/\/alice.ch\/it\/#\/schema\/logo\/image\/"},"sameAs":["https:\/\/www.linkedin.com\/company\/schweizerischer-verband-fr-weiterbildung-sveb\/"]}]}</script>
<!-- / Yoast SEO plugin. -->

Giornata della qualità 2024 - FSEA

Le misure di risparmio e di riduzione dei costi, sia nel settore pubblico sia in quello privato, fanno sì che [&hellip;]

Schweizerischer Verband für Weiterbildung
