{"id":71624,"date":"2025-10-28T15:39:24","date_gmt":"2025-10-28T14:39:24","guid":{"rendered":"https:\/\/alice.ch\/?post_type=event&#038;p=71624"},"modified":"2025-10-29T09:26:53","modified_gmt":"2025-10-29T08:26:53","slug":"competenze-di-base-in-ticino-digito-dunque-sono","status":"publish","type":"event","link":"https:\/\/alice.ch\/it\/event\/competenze-di-base-in-ticino-digito-dunque-sono\/","title":{"rendered":"Competenze di base in Ticino: Digito, dunque sono? Uso del digitale per le competenze di base, ricerca DORA e spunti di riflessione"},"content":{"rendered":"\n<p>Il mondo digitale \u00e8 sempre pi\u00f9 centrale e influenza la costruzione dell\u2019identit\u00e0 personale e sociale delle persone con ricadute anche sulla formazione e sulla didattica. Con la domanda \u201cDigito dunque sono?\u201d il Forum Competenze di Base vuole avviare una riflessione sull\u2019impatto e sul contributo che l\u2019integrazione di strumenti digitali pu\u00f2 avere nel recupero e nel miglioramento delle competenze di base.<\/p>\n\n\n\n<p>Durante l\u2019incontro saranno presentati e discussi i risultati della ricerca-azione \u201cD\u00e9fis et opportunit\u00e9s du num\u00e9rique en formation de base des adultes (DORA)\u201d dell\u2019Universit\u00e0 di Ginevra e, nella seconda parte, le persone presenti potranno partecipare a tre tavoli di discussione su esperienze concrete nell\u2019utilizzo del digitale nell\u2019ambito delle competenze di base.<\/p>\n\n\n\n<p><\/p>\n\n\n\n<div class=\"wp-block-buttons is-layout-flex wp-block-buttons-is-layout-flex\">\n<div class=\"wp-block-button is-style-minimal\"><a class=\"wp-block-button__link wp-element-button\" href=\"https:\/\/www.conferenzacfc.ch\/attivita\">Maggiori informazioni e programma<\/a><\/div>\n<\/div>\n\n\n\n<div class=\"wp-block-buttons is-layout-flex wp-block-buttons-is-layout-flex\">\n<div class=\"wp-block-button is-style-minimal\"><a class=\"wp-block-button__link wp-element-button\" href=\"https:\/\/www.eventbrite.ch\/e\/biglietti-fcb-digito-dunque-sono-1606624841149?aff=ebdssbdestsearch\">Iscrizione<\/a><\/div>\n<\/div>\n\n\n\n<p><\/p>\n","protected":false},"excerpt":{"rendered":"<p>Il mondo digitale \u00e8 sempre pi\u00f9 centrale e influenza la costruzione dell\u2019identit\u00e0 personale e sociale delle persone con ricadute anche [&hellip;]<\/p>\n","protected":false},"author":5,"featured_media":65290,"template":"","meta":{"_acf_changed":false,"inline_featured_image":false,"footnotes":""},"event-category":[104],"event-tag":[373,351],"event-status":[209],"event-language":[212],"global-category":[],"class_list":["post-71624","event","type-event","status-publish","has-post-thumbnail","hentry","event-category-eventi-fsea-ed-in-cooperazione","event-tag-2025-3","event-tag-aktuell","event-status-archivio","event-language-italiano"],"acf":[],"yoast_head":"<!-- This site is optimized with the Yoast SEO plugin v27.3 - https:\/\/yoast.com\/product\/yoast-seo-wordpress\/ -->\n<title>Competenze di base in Ticino: Digito, dunque sono? Uso del digitale per le competenze di base, ricerca DORA e spunti di riflessione - FSEA<\/title>\n<meta name=\"robots\" content=\"index, follow, max-snippet:-1, max-image-preview:large, max-video-preview:-1\" \/>\n<link rel=\"canonical\" href=\"https:\/\/alice.ch\/it\/event\/competenze-di-base-in-ticino-digito-dunque-sono\/\" \/>\n<meta property=\"og:locale\" content=\"it_IT\" \/>\n<meta property=\"og:type\" content=\"article\" \/>\n<meta property=\"og:title\" content=\"Competenze di base in Ticino: Digito, dunque sono? Uso del digitale per le competenze di base, ricerca DORA e spunti di riflessione - FSEA\" \/>\n<meta property=\"og:description\" content=\"Il mondo digitale \u00e8 sempre pi\u00f9 centrale e influenza la costruzione dell\u2019identit\u00e0 personale e sociale delle persone con ricadute anche [&hellip;]\" \/>\n<meta property=\"og:url\" content=\"https:\/\/alice.ch\/it\/event\/competenze-di-base-in-ticino-digito-dunque-sono\/\" \/>\n<meta property=\"og:site_name\" content=\"SVEB\" \/>\n<meta property=\"article:modified_time\" content=\"2025-10-29T08:26:53+00:00\" \/>\n<meta property=\"og:image\" content=\"https:\/\/alice.ch\/app\/uploads\/2025\/01\/competenze-di-base-ticino-25.png\" \/>\n\t<meta property=\"og:image:width\" content=\"1041\" \/>\n\t<meta property=\"og:image:height\" content=\"1075\" \/>\n\t<meta property=\"og:image:type\" content=\"image\/png\" \/>\n<meta name=\"twitter:card\" content=\"summary_large_image\" \/>\n<meta name=\"twitter:label1\" content=\"Tempo di lettura stimato\" \/>\n\t<meta name=\"twitter:data1\" content=\"1 minuto\" \/>\n<script type=\"application\/ld+json\" class=\"yoast-schema-graph\">{\"@context\":\"https:\\\/\\\/schema.org\",\"@graph\":[{\"@type\":\"WebPage\",\"@id\":\"https:\\\/\\\/alice.ch\\\/it\\\/event\\\/competenze-di-base-in-ticino-digito-dunque-sono\\\/\",\"url\":\"https:\\\/\\\/alice.ch\\\/it\\\/event\\\/competenze-di-base-in-ticino-digito-dunque-sono\\\/\",\"name\":\"Competenze di base in Ticino: Digito, dunque sono? Uso del digitale per le competenze di base, ricerca DORA e spunti di riflessione - FSEA\",\"isPartOf\":{\"@id\":\"https:\\\/\\\/alice.ch\\\/it\\\/#website\"},\"primaryImageOfPage\":{\"@id\":\"https:\\\/\\\/alice.ch\\\/it\\\/event\\\/competenze-di-base-in-ticino-digito-dunque-sono\\\/#primaryimage\"},\"image\":{\"@id\":\"https:\\\/\\\/alice.ch\\\/it\\\/event\\\/competenze-di-base-in-ticino-digito-dunque-sono\\\/#primaryimage\"},\"thumbnailUrl\":\"https:\\\/\\\/alice.ch\\\/app\\\/uploads\\\/2025\\\/01\\\/competenze-di-base-ticino-25.png\",\"datePublished\":\"2025-10-28T14:39:24+00:00\",\"dateModified\":\"2025-10-29T08:26:53+00:00\",\"breadcrumb\":{\"@id\":\"https:\\\/\\\/alice.ch\\\/it\\\/event\\\/competenze-di-base-in-ticino-digito-dunque-sono\\\/#breadcrumb\"},\"inLanguage\":\"it-IT\",\"potentialAction\":[{\"@type\":\"ReadAction\",\"target\":[\"https:\\\/\\\/alice.ch\\\/it\\\/event\\\/competenze-di-base-in-ticino-digito-dunque-sono\\\/\"]}]},{\"@type\":\"ImageObject\",\"inLanguage\":\"it-IT\",\"@id\":\"https:\\\/\\\/alice.ch\\\/it\\\/event\\\/competenze-di-base-in-ticino-digito-dunque-sono\\\/#primaryimage\",\"url\":\"https:\\\/\\\/alice.ch\\\/app\\\/uploads\\\/2025\\\/01\\\/competenze-di-base-ticino-25.png\",\"contentUrl\":\"https:\\\/\\\/alice.ch\\\/app\\\/uploads\\\/2025\\\/01\\\/competenze-di-base-ticino-25.png\",\"width\":1041,\"height\":1075},{\"@type\":\"BreadcrumbList\",\"@id\":\"https:\\\/\\\/alice.ch\\\/it\\\/event\\\/competenze-di-base-in-ticino-digito-dunque-sono\\\/#breadcrumb\",\"itemListElement\":[{\"@type\":\"ListItem\",\"position\":1,\"name\":\"Pagina iniziale\",\"item\":\"https:\\\/\\\/alice.ch\\\/it\\\/\"},{\"@type\":\"ListItem\",\"position\":2,\"name\":\"Events\",\"item\":\"https:\\\/\\\/alice.ch\\\/it\\\/event\\\/\"},{\"@type\":\"ListItem\",\"position\":3,\"name\":\"Competenze di base in Ticino: Digito, dunque sono? Uso del digitale per le competenze di base, ricerca DORA e spunti di riflessione\"}]},{\"@type\":\"WebSite\",\"@id\":\"https:\\\/\\\/alice.ch\\\/it\\\/#website\",\"url\":\"https:\\\/\\\/alice.ch\\\/it\\\/\",\"name\":\"alice.ch (Adult Learning Information Center) ist das Portal der Weiterbildung in der Schweiz.\",\"description\":\"Schweizerischer Verband f\u00fcr Weiterbildung\",\"publisher\":{\"@id\":\"https:\\\/\\\/alice.ch\\\/it\\\/#organization\"},\"potentialAction\":[{\"@type\":\"SearchAction\",\"target\":{\"@type\":\"EntryPoint\",\"urlTemplate\":\"https:\\\/\\\/alice.ch\\\/it\\\/?s={search_term_string}\"},\"query-input\":{\"@type\":\"PropertyValueSpecification\",\"valueRequired\":true,\"valueName\":\"search_term_string\"}}],\"inLanguage\":\"it-IT\"},{\"@type\":\"Organization\",\"@id\":\"https:\\\/\\\/alice.ch\\\/it\\\/#organization\",\"name\":\"FSEA Federazione svizzera per la formazione continua\",\"url\":\"https:\\\/\\\/alice.ch\\\/it\\\/\",\"logo\":{\"@type\":\"ImageObject\",\"inLanguage\":\"it-IT\",\"@id\":\"https:\\\/\\\/alice.ch\\\/it\\\/#\\\/schema\\\/logo\\\/image\\\/\",\"url\":\"https:\\\/\\\/alice.ch\\\/app\\\/uploads\\\/2022\\\/07\\\/logo-sveb.png\",\"contentUrl\":\"https:\\\/\\\/alice.ch\\\/app\\\/uploads\\\/2022\\\/07\\\/logo-sveb.png\",\"width\":145,\"height\":64,\"caption\":\"FSEA Federazione svizzera per la formazione continua\"},\"image\":{\"@id\":\"https:\\\/\\\/alice.ch\\\/it\\\/#\\\/schema\\\/logo\\\/image\\\/\"},\"sameAs\":[\"https:\\\/\\\/www.linkedin.com\\\/company\\\/schweizerischer-verband-fr-weiterbildung-sveb\\\/\"]}]}<\/script>\n<!-- \/ Yoast SEO plugin. -->","yoast_head_json":{"title":"Competenze di base in Ticino: Digito, dunque sono? Uso del digitale per le competenze di base, ricerca DORA e spunti di riflessione - FSEA","robots":{"index":"index","follow":"follow","max-snippet":"max-snippet:-1","max-image-preview":"max-image-preview:large","max-video-preview":"max-video-preview:-1"},"canonical":"https:\/\/alice.ch\/it\/event\/competenze-di-base-in-ticino-digito-dunque-sono\/","og_locale":"it_IT","og_type":"article","og_title":"Competenze di base in Ticino: Digito, dunque sono? Uso del digitale per le competenze di base, ricerca DORA e spunti di riflessione - FSEA","og_description":"Il mondo digitale \u00e8 sempre pi\u00f9 centrale e influenza la costruzione dell\u2019identit\u00e0 personale e sociale delle persone con ricadute anche [&hellip;]","og_url":"https:\/\/alice.ch\/it\/event\/competenze-di-base-in-ticino-digito-dunque-sono\/","og_site_name":"SVEB","article_modified_time":"2025-10-29T08:26:53+00:00","og_image":[{"width":1041,"height":1075,"url":"https:\/\/alice.ch\/app\/uploads\/2025\/01\/competenze-di-base-ticino-25.png","type":"image\/png"}],"twitter_card":"summary_large_image","twitter_misc":{"Tempo di lettura stimato":"1 minuto"},"schema":{"@context":"https:\/\/schema.org","@graph":[{"@type":"WebPage","@id":"https:\/\/alice.ch\/it\/event\/competenze-di-base-in-ticino-digito-dunque-sono\/","url":"https:\/\/alice.ch\/it\/event\/competenze-di-base-in-ticino-digito-dunque-sono\/","name":"Competenze di base in Ticino: Digito, dunque sono? Uso del digitale per le competenze di base, ricerca DORA e spunti di riflessione - FSEA","isPartOf":{"@id":"https:\/\/alice.ch\/it\/#website"},"primaryImageOfPage":{"@id":"https:\/\/alice.ch\/it\/event\/competenze-di-base-in-ticino-digito-dunque-sono\/#primaryimage"},"image":{"@id":"https:\/\/alice.ch\/it\/event\/competenze-di-base-in-ticino-digito-dunque-sono\/#primaryimage"},"thumbnailUrl":"https:\/\/alice.ch\/app\/uploads\/2025\/01\/competenze-di-base-ticino-25.png","datePublished":"2025-10-28T14:39:24+00:00","dateModified":"2025-10-29T08:26:53+00:00","breadcrumb":{"@id":"https:\/\/alice.ch\/it\/event\/competenze-di-base-in-ticino-digito-dunque-sono\/#breadcrumb"},"inLanguage":"it-IT","potentialAction":[{"@type":"ReadAction","target":["https:\/\/alice.ch\/it\/event\/competenze-di-base-in-ticino-digito-dunque-sono\/"]}]},{"@type":"ImageObject","inLanguage":"it-IT","@id":"https:\/\/alice.ch\/it\/event\/competenze-di-base-in-ticino-digito-dunque-sono\/#primaryimage","url":"https:\/\/alice.ch\/app\/uploads\/2025\/01\/competenze-di-base-ticino-25.png","contentUrl":"https:\/\/alice.ch\/app\/uploads\/2025\/01\/competenze-di-base-ticino-25.png","width":1041,"height":1075},{"@type":"BreadcrumbList","@id":"https:\/\/alice.ch\/it\/event\/competenze-di-base-in-ticino-digito-dunque-sono\/#breadcrumb","itemListElement":[{"@type":"ListItem","position":1,"name":"Pagina iniziale","item":"https:\/\/alice.ch\/it\/"},{"@type":"ListItem","position":2,"name":"Events","item":"https:\/\/alice.ch\/it\/event\/"},{"@type":"ListItem","position":3,"name":"Competenze di base in Ticino: Digito, dunque sono? Uso del digitale per le competenze di base, ricerca DORA e spunti di riflessione"}]},{"@type":"WebSite","@id":"https:\/\/alice.ch\/it\/#website","url":"https:\/\/alice.ch\/it\/","name":"alice.ch (Adult Learning Information Center) ist das Portal der Weiterbildung in der Schweiz.","description":"Schweizerischer Verband f\u00fcr Weiterbildung","publisher":{"@id":"https:\/\/alice.ch\/it\/#organization"},"potentialAction":[{"@type":"SearchAction","target":{"@type":"EntryPoint","urlTemplate":"https:\/\/alice.ch\/it\/?s={search_term_string}"},"query-input":{"@type":"PropertyValueSpecification","valueRequired":true,"valueName":"search_term_string"}}],"inLanguage":"it-IT"},{"@type":"Organization","@id":"https:\/\/alice.ch\/it\/#organization","name":"FSEA Federazione svizzera per la formazione continua","url":"https:\/\/alice.ch\/it\/","logo":{"@type":"ImageObject","inLanguage":"it-IT","@id":"https:\/\/alice.ch\/it\/#\/schema\/logo\/image\/","url":"https:\/\/alice.ch\/app\/uploads\/2022\/07\/logo-sveb.png","contentUrl":"https:\/\/alice.ch\/app\/uploads\/2022\/07\/logo-sveb.png","width":145,"height":64,"caption":"FSEA Federazione svizzera per la formazione continua"},"image":{"@id":"https:\/\/alice.ch\/it\/#\/schema\/logo\/image\/"},"sameAs":["https:\/\/www.linkedin.com\/company\/schweizerischer-verband-fr-weiterbildung-sveb\/"]}]}},"_links":{"self":[{"href":"https:\/\/alice.ch\/it\/wp-json\/wp\/v2\/event\/71624","targetHints":{"allow":["GET"]}}],"collection":[{"href":"https:\/\/alice.ch\/it\/wp-json\/wp\/v2\/event"}],"about":[{"href":"https:\/\/alice.ch\/it\/wp-json\/wp\/v2\/types\/event"}],"author":[{"embeddable":true,"href":"https:\/\/alice.ch\/it\/wp-json\/wp\/v2\/users\/5"}],"version-history":[{"count":4,"href":"https:\/\/alice.ch\/it\/wp-json\/wp\/v2\/event\/71624\/revisions"}],"predecessor-version":[{"id":71636,"href":"https:\/\/alice.ch\/it\/wp-json\/wp\/v2\/event\/71624\/revisions\/71636"}],"wp:featuredmedia":[{"embeddable":true,"href":"https:\/\/alice.ch\/it\/wp-json\/wp\/v2\/media\/65290"}],"wp:attachment":[{"href":"https:\/\/alice.ch\/it\/wp-json\/wp\/v2\/media?parent=71624"}],"wp:term":[{"taxonomy":"event-category","embeddable":true,"href":"https:\/\/alice.ch\/it\/wp-json\/wp\/v2\/event-category?post=71624"},{"taxonomy":"event-tag","embeddable":true,"href":"https:\/\/alice.ch\/it\/wp-json\/wp\/v2\/event-tag?post=71624"},{"taxonomy":"event-status","embeddable":true,"href":"https:\/\/alice.ch\/it\/wp-json\/wp\/v2\/event-status?post=71624"},{"taxonomy":"event-language","embeddable":true,"href":"https:\/\/alice.ch\/it\/wp-json\/wp\/v2\/event-language?post=71624"},{"taxonomy":"global-category","embeddable":true,"href":"https:\/\/alice.ch\/it\/wp-json\/wp\/v2\/global-category?post=71624"}],"curies":[{"name":"wp","href":"https:\/\/api.w.org\/{rel}","templated":true}]}}

<p>Il mondo digitale è sempre più centrale e influenza la costruzione dell’identità personale e sociale delle persone con ricadute anche sulla formazione e sulla didattica. Con la domanda “Digito dunque sono?” il Forum Competenze di Base vuole avviare una riflessione sull’impatto e sul contributo che l’integrazione di strumenti digitali può avere nel recupero e nel miglioramento delle competenze di base.</p>



<p>Durante l’incontro saranno presentati e discussi i risultati della ricerca-azione “Défis et opportunités du numérique en formation de base des adultes (DORA)” dell’Università di Ginevra e, nella seconda parte, le persone presenti potranno partecipare a tre tavoli di discussione su esperienze concrete nell’utilizzo del digitale nell’ambito delle competenze di base.</p>



<p></p>



<div class="wp-block-buttons is-layout-flex wp-block-buttons-is-layout-flex">
<div class="wp-block-button is-style-minimal"><a class="wp-block-button__link wp-element-button" href="https://www.conferenzacfc.ch/attivita">Maggiori informazioni e programma</a></div>
</div>



<div class="wp-block-buttons is-layout-flex wp-block-buttons-is-layout-flex">
<div class="wp-block-button is-style-minimal"><a class="wp-block-button__link wp-element-button" href="https://www.eventbrite.ch/e/biglietti-fcb-digito-dunque-sono-1606624841149?aff=ebdssbdestsearch">Iscrizione</a></div>
</div>



<p></p>

<p>Il mondo digitale è sempre più centrale e influenza la costruzione dell’identità personale e sociale delle persone con ricadute anche [&hellip;]</p>

<!-- This site is optimized with the Yoast SEO plugin v27.3 - https://yoast.com/product/yoast-seo-wordpress/ -->
<title>Competenze di base in Ticino: Digito, dunque sono? Uso del digitale per le competenze di base, ricerca DORA e spunti di riflessione - FSEA</title>
<meta name="robots" content="index, follow, max-snippet:-1, max-image-preview:large, max-video-preview:-1" />
<link rel="canonical" href="https://alice.ch/it/event/competenze-di-base-in-ticino-digito-dunque-sono/" />
<meta property="og:locale" content="it_IT" />
<meta property="og:type" content="article" />
<meta property="og:title" content="Competenze di base in Ticino: Digito, dunque sono? Uso del digitale per le competenze di base, ricerca DORA e spunti di riflessione - FSEA" />
<meta property="og:description" content="Il mondo digitale è sempre più centrale e influenza la costruzione dell’identità personale e sociale delle persone con ricadute anche [&hellip;]" />
<meta property="og:url" content="https://alice.ch/it/event/competenze-di-base-in-ticino-digito-dunque-sono/" />
<meta property="og:site_name" content="SVEB" />
<meta property="article:modified_time" content="2025-10-29T08:26:53+00:00" />
<meta property="og:image" content="https://alice.ch/app/uploads/2025/01/competenze-di-base-ticino-25.png" />
	<meta property="og:image:width" content="1041" />
	<meta property="og:image:height" content="1075" />
	<meta property="og:image:type" content="image/png" />
<meta name="twitter:card" content="summary_large_image" />
<meta name="twitter:label1" content="Tempo di lettura stimato" />
	<meta name="twitter:data1" content="1 minuto" />
<script type="application/ld+json" class="yoast-schema-graph">{"@context":"https:\/\/schema.org","@graph":[{"@type":"WebPage","@id":"https:\/\/alice.ch\/it\/event\/competenze-di-base-in-ticino-digito-dunque-sono\/","url":"https:\/\/alice.ch\/it\/event\/competenze-di-base-in-ticino-digito-dunque-sono\/","name":"Competenze di base in Ticino: Digito, dunque sono? Uso del digitale per le competenze di base, ricerca DORA e spunti di riflessione - FSEA","isPartOf":{"@id":"https:\/\/alice.ch\/it\/#website"},"primaryImageOfPage":{"@id":"https:\/\/alice.ch\/it\/event\/competenze-di-base-in-ticino-digito-dunque-sono\/#primaryimage"},"image":{"@id":"https:\/\/alice.ch\/it\/event\/competenze-di-base-in-ticino-digito-dunque-sono\/#primaryimage"},"thumbnailUrl":"https:\/\/alice.ch\/app\/uploads\/2025\/01\/competenze-di-base-ticino-25.png","datePublished":"2025-10-28T14:39:24+00:00","dateModified":"2025-10-29T08:26:53+00:00","breadcrumb":{"@id":"https:\/\/alice.ch\/it\/event\/competenze-di-base-in-ticino-digito-dunque-sono\/#breadcrumb"},"inLanguage":"it-IT","potentialAction":[{"@type":"ReadAction","target":["https:\/\/alice.ch\/it\/event\/competenze-di-base-in-ticino-digito-dunque-sono\/"]}]},{"@type":"ImageObject","inLanguage":"it-IT","@id":"https:\/\/alice.ch\/it\/event\/competenze-di-base-in-ticino-digito-dunque-sono\/#primaryimage","url":"https:\/\/alice.ch\/app\/uploads\/2025\/01\/competenze-di-base-ticino-25.png","contentUrl":"https:\/\/alice.ch\/app\/uploads\/2025\/01\/competenze-di-base-ticino-25.png","width":1041,"height":1075},{"@type":"BreadcrumbList","@id":"https:\/\/alice.ch\/it\/event\/competenze-di-base-in-ticino-digito-dunque-sono\/#breadcrumb","itemListElement":[{"@type":"ListItem","position":1,"name":"Pagina iniziale","item":"https:\/\/alice.ch\/it\/"},{"@type":"ListItem","position":2,"name":"Events","item":"https:\/\/alice.ch\/it\/event\/"},{"@type":"ListItem","position":3,"name":"Competenze di base in Ticino: Digito, dunque sono? Uso del digitale per le competenze di base, ricerca DORA e spunti di riflessione"}]},{"@type":"WebSite","@id":"https:\/\/alice.ch\/it\/#website","url":"https:\/\/alice.ch\/it\/","name":"alice.ch (Adult Learning Information Center) ist das Portal der Weiterbildung in der Schweiz.","description":"Schweizerischer Verband für Weiterbildung","publisher":{"@id":"https:\/\/alice.ch\/it\/#organization"},"potentialAction":[{"@type":"SearchAction","target":{"@type":"EntryPoint","urlTemplate":"https:\/\/alice.ch\/it\/?s={search_term_string}"},"query-input":{"@type":"PropertyValueSpecification","valueRequired":true,"valueName":"search_term_string"}}],"inLanguage":"it-IT"},{"@type":"Organization","@id":"https:\/\/alice.ch\/it\/#organization","name":"FSEA Federazione svizzera per la formazione continua","url":"https:\/\/alice.ch\/it\/","logo":{"@type":"ImageObject","inLanguage":"it-IT","@id":"https:\/\/alice.ch\/it\/#\/schema\/logo\/image\/","url":"https:\/\/alice.ch\/app\/uploads\/2022\/07\/logo-sveb.png","contentUrl":"https:\/\/alice.ch\/app\/uploads\/2022\/07\/logo-sveb.png","width":145,"height":64,"caption":"FSEA Federazione svizzera per la formazione continua"},"image":{"@id":"https:\/\/alice.ch\/it\/#\/schema\/logo\/image\/"},"sameAs":["https:\/\/www.linkedin.com\/company\/schweizerischer-verband-fr-weiterbildung-sveb\/"]}]}</script>
<!-- / Yoast SEO plugin. -->

Il mondo digitale è sempre più centrale e influenza la costruzione dell’identità personale e sociale delle persone con ricadute anche [&hellip;]

Schweizerischer Verband für Weiterbildung
